{"id":14362,"date":"2022-07-11T16:49:22","date_gmt":"2022-07-11T16:49:22","guid":{"rendered":"http:\/\/race01.wp\/resources\/cuba-el-impacto-del-11j-en-los-derechos-humanos\/"},"modified":"2022-07-11T16:34:50","modified_gmt":"2022-07-11T16:34:50","slug":"cuba-el-impacto-del-11j-en-los-derechos-humanos","status":"publish","type":"resources","link":"https:\/\/raceandequality.org\/es\/resources\/cuba-el-impacto-del-11j-en-los-derechos-humanos\/","title":{"rendered":"Cuba: El impacto del 11J en los derechos humanos"},"content":{"rendered":"<p style=\"text-align: justify;\"><strong>Washington D.C., 11 de julio de 2022<\/strong> &#8211; A un a\u00f1o de las protestas pac\u00edficas que se desarrollaron masivamente el 11 de julio en m\u00e1s de 50 localidades de Cuba, la sociedad cubana contin\u00faa padeciendo un contexto de profunda crisis econ\u00f3mica, caracterizado por graves limitaciones en el acceso a alimentos, medicamentos y productos de primera necesidad. Estos factores, que un a\u00f1o atr\u00e1s desataron la necesidad de cubanas y cubanos de levantar sus voces y hacer o\u00edr sus reclamos, hoy en d\u00eda contin\u00faan impactando sus vidas, incluso con mayor intensidad. Las violaciones a los derechos humanos despu\u00e9s de las manifestaciones conocidas como 11J, persisten en la Isla, y se agravan.<\/p>\n<p style=\"text-align: justify;\"><strong>Contin\u00faa la represi\u00f3n<\/strong><\/p>\n<p style=\"text-align: justify;\">La situaci\u00f3n de represi\u00f3n y el silenciamiento de las voces del disenso no ha culminado despu\u00e9s del 11J. Activistas, personas defensoras de derechos humanos, artistas y periodistas independientes se enfrentan diariamente a constantes hostigamientos por parte de las autoridades y de las fuerzas de la Seguridad del Estado. La propia Comisi\u00f3n Interamericana de Derechos Humanos (CIDH) expres\u00f3 su preocupaci\u00f3n por la agudizaci\u00f3n de la represi\u00f3n y otras violaciones a los derechos desde las protestas de julio de 2021, en especial, contra quienes participaron en las manifestaciones ocurridas el d\u00eda 11 de ese mes<a href=\"#_ftn1\" name=\"_ftnref1\">[1]<\/a>.<\/p>\n<p style=\"text-align: justify;\">En noviembre de 2021, diversos grupos de activistas intentaron nuevamente convocar a la realizaci\u00f3n de una protesta pac\u00edfica y se enfrentaron, una vez m\u00e1s, con centenares de detenciones arbitrarias, cortes selectivos en el servicio de Internet, interrogatorios y vigilancias individualizadas en sus domicilios. Durante el 15N, como se le llam\u00f3 a esas manifestaciones, estaba prevista la realizaci\u00f3n de la <em>Marcha C\u00edvica por el Cambio<\/em>; sin embargo, las personas que hicieron p\u00fablico su deseo para participar en este evento fueron impedidas de ejercer su derecho a la protesta pac\u00edfica.<\/p>\n<p style=\"text-align: justify;\">Luego de esta iniciativa, se agrav\u00f3 el uso de la represi\u00f3n judicial con car\u00e1cter ejemplarizante, se registr\u00f3 un aceleramiento en los procesos judiciales seguidos contra los manifestantes del 11J y se presentaron peticiones fiscales solicitando sanciones de hasta 30 a\u00f1os de privaci\u00f3n de libertad. Asimismo, los familiares de las personas activistas detenidas y\/o enjuiciadas padecieron -y contin\u00faan padeciendo- el acoso y la persecuci\u00f3n por parte de la Seguridad del Estado, cada vez que intentan ejercer su derecho de protesta pac\u00edfica ante la cruel situaci\u00f3n en la que se encuentran sus seres queridos.<\/p>\n<p style=\"text-align: justify;\"><strong>\u00c9xodos masivos<\/strong><\/p>\n<p style=\"text-align: justify;\">El contexto de crisis que domina Cuba ha generado que un creciente n\u00famero de cubanos y cubanas decidan abandonar la Isla y establecerse en otros pa\u00edses. Existe gran preocupaci\u00f3n por la elevada cantidad de personas que intentan cruzar fronteras exponi\u00e9ndose a situaciones sumamente riesgosas.<\/p>\n<p style=\"text-align: justify;\">Como consecuencia de las dificultades que enfrentan las y los cubanos\/as para obtener visas de tr\u00e1nsito en numerosos pa\u00edses, la mayor\u00eda de las personas optan por la migraci\u00f3n irregular a trav\u00e9s de rutas que las exponen a ser v\u00edctimas de redes criminales, riesgos en su salud, e incluso al peligro de perder la vida.\u00a0 Muchas personas llegan a los puestos fronterizos y permanecen por meses bajo custodia de las autoridades migratorias sin certeza sobre su situaci\u00f3n.<\/p>\n<p style=\"text-align: justify;\">Paralelamente, el gobierno cubano ha intensificado las restricciones al ejercicio del derecho a la libre circulaci\u00f3n, tanto al interior como al exterior del pa\u00eds. Las autoridades de la Isla han utilizado las t\u00e1cticas de exilio forzado y de prohibici\u00f3n de entrada al territorio de personas de nacionalidad cubana con residencia vigente, para silenciar aquellas voces cr\u00edticas que adquieren mayor visibilidad. Resulta de especial preocupaci\u00f3n que, adem\u00e1s de las condiciones socio econ\u00f3micas que expulsan a miles de cubanas y cubanos del pa\u00eds, exista un hostigamiento sistem\u00e1tico y permanente contra activistas, artistas y periodistas, quienes son presionados para salir del pa\u00eds en condiciones infrahumanas. Esta situaci\u00f3n est\u00e1 impidiendo que muchas personas puedan gozar de su nacionalidad de manera efectiva y, asimismo, les impide gozar de otros derechos fundamentales como el derecho a la familia y a la libre elecci\u00f3n de su residencia.<\/p>\n<p style=\"text-align: justify;\"><strong>Reformas legislativas<\/strong><\/p>\n<p style=\"text-align: justify;\">El 14 de mayo de 2022, la Asamblea Nacional del Poder Popular aprob\u00f3 el nuevo C\u00f3digo Penal. Si bien el texto oficial definitivo no se encuentra publicado a\u00fan, el anteproyecto genera preocupaci\u00f3n puesto que mantiene un lenguaje amplio y ambiguo para tipificar aquellos delitos que se han utilizado arbitrariamente para perseguir las actividades de las personas defensoras de derechos humanos, juristas, activistas y periodistas independientes. Preocupa especialmente el aumento de las penas relativas a los \u201cDelitos contra la Seguridad Interior del Estado\u201d, entre los que se encuentran los delitos contra el orden constitucional, la sedici\u00f3n y la propaganda contra el orden constitucional, que se han utilizado frecuentemente para reprimir y criminalizar el ejercicio leg\u00edtimo de los derechos humanos a la libertad de expresi\u00f3n, asociaci\u00f3n y reuni\u00f3n.<\/p>\n<p style=\"text-align: justify;\">Las represi\u00f3n y criminalizaci\u00f3n hist\u00f3rica en Cuba persiste amparada en una legislaci\u00f3n interna que limita el ejercicio de derechos humanos como la libertad de expresi\u00f3n y asociaci\u00f3n. Ejemplo de ello es el uso de figuras penales como la sedici\u00f3n y el desorden p\u00fablico para criminalizar a quienes decidieron ejercer su derecho a la protesta pac\u00edfica el 11J y el 15N. Tambi\u00e9n llaman la atenci\u00f3n otras pr\u00e1cticas que el Estado ha adoptado para responder a las marchas del 2021, entre las que destacan la inobservancia del principio del inter\u00e9s superior del ni\u00f1o\/a y del cuidado especial que requieren; la coacci\u00f3n psicol\u00f3gica para obligar a las personas a abandonar la Isla y el asedio a la prensa nacional e internacional. Aunque estas pr\u00e1cticas no son nuevas, dejan ver una pol\u00edtica estatal basada en sembrar el miedo en la poblaci\u00f3n y el inter\u00e9s de deshacerse de cualquier tipo de expresi\u00f3n popular cr\u00edtica a la pol\u00edtica del Estado.<\/p>\n<p style=\"text-align: justify;\"><strong>A un a\u00f1o del 11J, desde el Instituto Internacional sobre Raza, Igualdad y Derechos Humanos hacemos un llamado al Estado cubano para que ponga fin a las pr\u00e1cticas represivas contra aquellas personas que se manifiestan y organizan pac\u00edficamente y en reclamo de sus derechos humanos. El Instituto continuar\u00e1 monitoreando la situaci\u00f3n, documentando los abusos perpetrados por el gobierno y denunciando las violaciones de derechos humanos ante la comunidad internacional.<\/strong><\/p>\n<p>&nbsp;<\/p>\n<p style=\"text-align: justify;\"><a href=\"#_ftnref1\" name=\"_ftn1\">[1]<\/a> CIDH, Comunicado de prensa 295\/21, <em>La CIDH expresa preocupaci\u00f3n por la agudizaci\u00f3n de la represi\u00f3n y otras violaciones a los derechos humanos desde las protestas de julio en Cuba<\/em>, 5 de noviembre de 2021.<\/p>\n","protected":false},"excerpt":{"rendered":"<p>Washington D.C., 11 de julio de 2022 &#8211; A un a\u00f1o de las protestas pac\u00edficas que se desarrollaron masivamente el 11 de julio en m\u00e1s de 50 localidades de Cuba, [&hellip;]<\/p>\n","protected":false},"author":15,"featured_media":11041,"parent":0,"menu_order":0,"template":"","format":"standard","categories":[1123],"resources_country":[1193],"resources_language":[],"resources_audience":[],"resources_format":[],"resources_topic":[1109],"resources_year":[],"class_list":["post-14362","resources","type-resources","status-publish","format-standard","has-post-thumbnail","hentry","category-cuba","resources_country-cuba-es","resources_topic-raza-e-igualdad"],"acf":[],"aioseo_notices":[],"_links":{"self":[{"href":"https:\/\/raceandequality.org\/es\/wp-json\/wp\/v2\/resources\/14362","targetHints":{"allow":["GET"]}}],"collection":[{"href":"https:\/\/raceandequality.org\/es\/wp-json\/wp\/v2\/resources"}],"about":[{"href":"https:\/\/raceandequality.org\/es\/wp-json\/wp\/v2\/types\/resources"}],"author":[{"embeddable":true,"href":"https:\/\/raceandequality.org\/es\/wp-json\/wp\/v2\/users\/15"}],"wp:featuredmedia":[{"embeddable":true,"href":"https:\/\/raceandequality.org\/es\/wp-json\/wp\/v2\/media\/11041"}],"wp:attachment":[{"href":"https:\/\/raceandequality.org\/es\/wp-json\/wp\/v2\/media?parent=14362"}],"wp:term":[{"taxonomy":"category","embeddable":true,"href":"https:\/\/raceandequality.org\/es\/wp-json\/wp\/v2\/categories?post=14362"},{"taxonomy":"resources_country","embeddable":true,"href":"https:\/\/raceandequality.org\/es\/wp-json\/wp\/v2\/resources_country?post=14362"},{"taxonomy":"resources_language","embeddable":true,"href":"https:\/\/raceandequality.org\/es\/wp-json\/wp\/v2\/resources_language?post=14362"},{"taxonomy":"resources_audience","embeddable":true,"href":"https:\/\/raceandequality.org\/es\/wp-json\/wp\/v2\/resources_audience?post=14362"},{"taxonomy":"resources_format","embeddable":true,"href":"https:\/\/raceandequality.org\/es\/wp-json\/wp\/v2\/resources_format?post=14362"},{"taxonomy":"resources_topic","embeddable":true,"href":"https:\/\/raceandequality.org\/es\/wp-json\/wp\/v2\/resources_topic?post=14362"},{"taxonomy":"resources_year","embeddable":true,"href":"https:\/\/raceandequality.org\/es\/wp-json\/wp\/v2\/resources_year?post=14362"}],"curies":[{"name":"wp","href":"https:\/\/api.w.org\/{rel}","templated":true}]}}

<p style="text-align: justify;"><strong>Washington D.C., 11 de julio de 2022</strong> &#8211; A un año de las protestas pacíficas que se desarrollaron masivamente el 11 de julio en más de 50 localidades de Cuba, la sociedad cubana continúa padeciendo un contexto de profunda crisis económica, caracterizado por graves limitaciones en el acceso a alimentos, medicamentos y productos de primera necesidad. Estos factores, que un año atrás desataron la necesidad de cubanas y cubanos de levantar sus voces y hacer oír sus reclamos, hoy en día continúan impactando sus vidas, incluso con mayor intensidad. Las violaciones a los derechos humanos después de las manifestaciones conocidas como 11J, persisten en la Isla, y se agravan.</p>
<p style="text-align: justify;"><strong>Continúa la represión</strong></p>
<p style="text-align: justify;">La situación de represión y el silenciamiento de las voces del disenso no ha culminado después del 11J. Activistas, personas defensoras de derechos humanos, artistas y periodistas independientes se enfrentan diariamente a constantes hostigamientos por parte de las autoridades y de las fuerzas de la Seguridad del Estado. La propia Comisión Interamericana de Derechos Humanos (CIDH) expresó su preocupación por la agudización de la represión y otras violaciones a los derechos desde las protestas de julio de 2021, en especial, contra quienes participaron en las manifestaciones ocurridas el día 11 de ese mes<a href="#_ftn1" name="_ftnref1">[1]</a>.</p>
<p style="text-align: justify;">En noviembre de 2021, diversos grupos de activistas intentaron nuevamente convocar a la realización de una protesta pacífica y se enfrentaron, una vez más, con centenares de detenciones arbitrarias, cortes selectivos en el servicio de Internet, interrogatorios y vigilancias individualizadas en sus domicilios. Durante el 15N, como se le llamó a esas manifestaciones, estaba prevista la realización de la <em>Marcha Cívica por el Cambio</em>; sin embargo, las personas que hicieron público su deseo para participar en este evento fueron impedidas de ejercer su derecho a la protesta pacífica.</p>
<p style="text-align: justify;">Luego de esta iniciativa, se agravó el uso de la represión judicial con carácter ejemplarizante, se registró un aceleramiento en los procesos judiciales seguidos contra los manifestantes del 11J y se presentaron peticiones fiscales solicitando sanciones de hasta 30 años de privación de libertad. Asimismo, los familiares de las personas activistas detenidas y/o enjuiciadas padecieron -y continúan padeciendo- el acoso y la persecución por parte de la Seguridad del Estado, cada vez que intentan ejercer su derecho de protesta pacífica ante la cruel situación en la que se encuentran sus seres queridos.</p>
<p style="text-align: justify;"><strong>Éxodos masivos</strong></p>
<p style="text-align: justify;">El contexto de crisis que domina Cuba ha generado que un creciente número de cubanos y cubanas decidan abandonar la Isla y establecerse en otros países. Existe gran preocupación por la elevada cantidad de personas que intentan cruzar fronteras exponiéndose a situaciones sumamente riesgosas.</p>
<p style="text-align: justify;">Como consecuencia de las dificultades que enfrentan las y los cubanos/as para obtener visas de tránsito en numerosos países, la mayoría de las personas optan por la migración irregular a través de rutas que las exponen a ser víctimas de redes criminales, riesgos en su salud, e incluso al peligro de perder la vida.  Muchas personas llegan a los puestos fronterizos y permanecen por meses bajo custodia de las autoridades migratorias sin certeza sobre su situación.</p>
<p style="text-align: justify;">Paralelamente, el gobierno cubano ha intensificado las restricciones al ejercicio del derecho a la libre circulación, tanto al interior como al exterior del país. Las autoridades de la Isla han utilizado las tácticas de exilio forzado y de prohibición de entrada al territorio de personas de nacionalidad cubana con residencia vigente, para silenciar aquellas voces críticas que adquieren mayor visibilidad. Resulta de especial preocupación que, además de las condiciones socio económicas que expulsan a miles de cubanas y cubanos del país, exista un hostigamiento sistemático y permanente contra activistas, artistas y periodistas, quienes son presionados para salir del país en condiciones infrahumanas. Esta situación está impidiendo que muchas personas puedan gozar de su nacionalidad de manera efectiva y, asimismo, les impide gozar de otros derechos fundamentales como el derecho a la familia y a la libre elección de su residencia.</p>
<p style="text-align: justify;"><strong>Reformas legislativas</strong></p>
<p style="text-align: justify;">El 14 de mayo de 2022, la Asamblea Nacional del Poder Popular aprobó el nuevo Código Penal. Si bien el texto oficial definitivo no se encuentra publicado aún, el anteproyecto genera preocupación puesto que mantiene un lenguaje amplio y ambiguo para tipificar aquellos delitos que se han utilizado arbitrariamente para perseguir las actividades de las personas defensoras de derechos humanos, juristas, activistas y periodistas independientes. Preocupa especialmente el aumento de las penas relativas a los “Delitos contra la Seguridad Interior del Estado”, entre los que se encuentran los delitos contra el orden constitucional, la sedición y la propaganda contra el orden constitucional, que se han utilizado frecuentemente para reprimir y criminalizar el ejercicio legítimo de los derechos humanos a la libertad de expresión, asociación y reunión.</p>
<p style="text-align: justify;">Las represión y criminalización histórica en Cuba persiste amparada en una legislación interna que limita el ejercicio de derechos humanos como la libertad de expresión y asociación. Ejemplo de ello es el uso de figuras penales como la sedición y el desorden público para criminalizar a quienes decidieron ejercer su derecho a la protesta pacífica el 11J y el 15N. También llaman la atención otras prácticas que el Estado ha adoptado para responder a las marchas del 2021, entre las que destacan la inobservancia del principio del interés superior del niño/a y del cuidado especial que requieren; la coacción psicológica para obligar a las personas a abandonar la Isla y el asedio a la prensa nacional e internacional. Aunque estas prácticas no son nuevas, dejan ver una política estatal basada en sembrar el miedo en la población y el interés de deshacerse de cualquier tipo de expresión popular crítica a la política del Estado.</p>
<p style="text-align: justify;"><strong>A un año del 11J, desde el Instituto Internacional sobre Raza, Igualdad y Derechos Humanos hacemos un llamado al Estado cubano para que ponga fin a las prácticas represivas contra aquellas personas que se manifiestan y organizan pacíficamente y en reclamo de sus derechos humanos. El Instituto continuará monitoreando la situación, documentando los abusos perpetrados por el gobierno y denunciando las violaciones de derechos humanos ante la comunidad internacional.</strong></p>
<p>&nbsp;</p>
<p style="text-align: justify;"><a href="#_ftnref1" name="_ftn1">[1]</a> CIDH, Comunicado de prensa 295/21, <em>La CIDH expresa preocupación por la agudización de la represión y otras violaciones a los derechos humanos desde las protestas de julio en Cuba</em>, 5 de noviembre de 2021.</p>

<p>Washington D.C., 11 de julio de 2022 &#8211; A un año de las protestas pacíficas que se desarrollaron masivamente el 11 de julio en más de 50 localidades de Cuba, [&hellip;]</p>
