{"id":14374,"date":"2022-07-18T22:12:05","date_gmt":"2022-07-18T22:12:05","guid":{"rendered":"http:\/\/race01.wp\/resources\/estado-de-nicaragua-se-ausenta-a-la-revision-del-cat-y-la-califica-como-una-provocacion\/"},"modified":"2023-05-10T11:32:54","modified_gmt":"2023-05-10T11:32:54","slug":"estado-de-nicaragua-se-ausenta-a-la-revision-del-cat-y-la-califica-como-una-provocacion","status":"publish","type":"resources","link":"https:\/\/raceandequality.org\/es\/resources\/estado-de-nicaragua-se-ausenta-a-la-revision-del-cat-y-la-califica-como-una-provocacion\/","title":{"rendered":"Estado de Nicaragua se ausenta a la revisi\u00f3n del CAT y la califica como una \u201cprovocaci\u00f3n\u201d"},"content":{"rendered":"<p style=\"text-align: justify;\"><b>Washington D.C. \/ Ginebra, 18 de julio de 2022-<\/b><span style=\"font-weight: 400;\">. El <\/span><b>Comit\u00e9 contra la Tortura<\/b><span style=\"font-weight: 400;\"> (CAT, por sus siglas en ingl\u00e9s), <\/span><b>convoc\u00f3 al Estado de Nicaragua a una <a href=\"https:\/\/raceandequality.org\/1438\">revisi\u00f3n en el marco de la Convenci\u00f3n contra la tortura<\/a><\/b> <b>y otros tratos o penas crueles, inhumanas o degradantes<\/b><span style=\"font-weight: 400;\">, este jueves 14 de julio. La delegaci\u00f3n nicarag\u00fcense no asisti\u00f3 y, a trav\u00e9s de una carta, el <\/span><b>Ministro de Relaciones Exteriores, <\/b><span style=\"font-weight: 400;\">Denis Moncada, <\/span><b>calific\u00f3 el examen como una \u201cnueva provocaci\u00f3n\u201d y asegur\u00f3 que el CAT no tiene \u201clegitimidad alguna<\/b><span style=\"font-weight: 400;\"> para cuestionar\u201d sus informes \u201cni transgredir\u201d sus leyes, constituci\u00f3n y normas.\u00a0<\/span><\/p>\n<p style=\"text-align: justify;\"><span style=\"font-weight: 400;\">Dada la ausencia del Estado y que \u201cNicaragua se encuentra en un punto cr\u00edtico de su historia, que afecta evidentemente la vigencia de los derechos humanos de su poblaci\u00f3n\u201d, el Presidente del Comit\u00e9, Claude Heller comunic\u00f3 que el grupo de personas expertas <\/span><b>realizar\u00edan el examen bas\u00e1ndose en la informaci\u00f3n proporcionada por la Oficina de la Alta Comisionada de las Naciones Unidas para los Derechos Humanos <\/b><span style=\"font-weight: 400;\">(OACNUDH), sus informes anuales, la resoluci\u00f3n 49\/3 adoptada por el Consejo de Derechos Humanos el 31 de marzo de 2022, la m\u00e1s reciente actualizaci\u00f3n oral sobre la situaci\u00f3n en Nicaragua (16 de junio, 2022), y lo presentado por las organizaciones de la sociedad civil.\u00a0<\/span><\/p>\n<p style=\"text-align: justify;\"><span style=\"font-weight: 400;\">Durante la sesi\u00f3n, Heller afirm\u00f3 que <\/span><b>el Estado de Nicaragua \u201cha violado sistem\u00e1ticamente los derechos humanos\u201d y la Convenci\u00f3n contra la Tortura.<\/b><span style=\"font-weight: 400;\"> \u201cEl hecho de que el Estado parte (Nicaragua) siga sin garantizar la rendici\u00f3n de cuentas por las violaciones de los derechos humanos cometidas desde abril de 2018 sigue siendo motivo de gran preocupaci\u00f3n\u201d, agreg\u00f3 Erdo\u011fan \u0130\u015fcan, Experto del Comit\u00e9 y Co-Relator de Pa\u00eds para Nicaragua.\u00a0<\/span><\/p>\n<p style=\"text-align: justify;\"><span style=\"font-weight: 400;\">Desde abril del a\u00f1o 2018, Nicaragua se encuentra sumergida en una grave crisis sociopol\u00edtica y de derechos humanos. El<\/span><b> uso indiscriminado de la fuerza por parte de grupos estatales y parapoliciales durante las manifestaciones pac\u00edficas <\/b><span style=\"font-weight: 400;\">ha resultado en al menos 355 v\u00edctimas fatales, m\u00e1s de 1600 personas heridas y, hasta mayo de 2020, 1614 fueron detenidas arbitrariamente. Tras la liberaci\u00f3n de varias personas detenidas por motivos pol\u00edticos en 2019, se documentaron <\/span><b>casos de torturas en el marco de la custodia estatal.<\/b><span style=\"font-weight: 400;\"> Actualmente, m\u00e1s de 190 personas se encuentran privadas de libertad por motivos pol\u00edticos, y<\/span><b> existen<\/b> <b>denuncias de casos de torturas en centros estatales y clandestinos.<\/b><\/p>\n<p style=\"text-align: justify;\"><span style=\"font-weight: 400;\">Seg\u00fan la informaci\u00f3n recibida por el Comit\u00e9, el <\/span><b>97 % de las torturas denunciadas se produjeron en centros de detenci\u00f3n policiales,<\/b><span style=\"font-weight: 400;\"> donde las personas arrestadas fueron arbitrariamente privadas de libertad sin que se formulara previamente una acusaci\u00f3n ni se celebrase un juicio con las garant\u00edas procesales correspondientes. Adem\u00e1s, hay una <\/span><b>\u201cflagrante violaci\u00f3n\u201d <\/b><span style=\"font-weight: 400;\">de las Reglas M\u00ednimas de las Naciones Unidas para el Tratamiento de las Personas Reclusas (<\/span><b>Reglas Nelson Mandela<\/b><span style=\"font-weight: 400;\">) y las Reglas de las Naciones Unidas para el tratamiento de las reclusas y medidas no privativas de la libertad para las mujeres delincuentes (<\/span><b>Reglas de Bangkok<\/b><span style=\"font-weight: 400;\">) en estos centros.\u00a0<\/span><\/p>\n<p style=\"text-align: justify;\"><span style=\"font-weight: 400;\">El Comit\u00e9 inform\u00f3 que, si bien el Estado ha expuesto que no existe una pol\u00edtica gubernamental de perseguir, amenazar, hostigar o asesinar a las y los defensores de derechos humanos, o impedir el ejercicio de sus labores; \u201c<\/span><b>la informaci\u00f3n disponible demuestra lo contrario a partir del conjunto de leyes<\/b><span style=\"font-weight: 400;\"> (Ley de Regulaci\u00f3n de Agentes Extranjeros, Ley Especial de Ciberdelitos, y Ley de defensa de los derechos del pueblo a la independencia, la soberan\u00eda y la determinaci\u00f3n para la paz)\u201d.\u00a0<\/span><\/p>\n<p style=\"text-align: justify;\"><span style=\"font-weight: 400;\">La OACNUDH registr\u00f3 al menos 40 casos de amenazas, intimidaci\u00f3n, criminalizaci\u00f3n y campa\u00f1as de desprestigio, la detenci\u00f3n arbitraria de 5 periodistas, y el allanamiento de 2 medios de comunicaci\u00f3n durante el a\u00f1o 2021. En ese mismo periodo, la Oficina document\u00f3 26 casos de detenci\u00f3n y al menos 4 casos de detenci\u00f3n arbitraria de personas defensoras de derechos humanos. <\/span><b>\u201cLas represalias, con el apoyo de grupos estatales y simpatizantes del gobierno, institucionalizan la violencia contra defensores\u201d<\/b><span style=\"font-weight: 400;\">, dijo el Presidente.<\/span><\/p>\n<p style=\"text-align: justify;\"><span style=\"font-weight: 400;\">Asimismo, el Estado de Nicaragua comunic\u00f3 que \u201cno existen actos de violencia en contra de las ONG\u201d pero que algunas de ellas han utilizado su organizaci\u00f3n para \u201calterar el orden p\u00fablico\u201d y realizar acciones para \u201cdesestabilizar el pa\u00eds\u201d y derrocar el gobierno, violando la Ley General sobre Personas Jur\u00eddicas sin Fines de Lucro (Ley 147); y por ello el Ministerio de Gobernaci\u00f3n ha cancelado sus personalidades jur\u00eddicas. Por su parte, el CAT consider\u00f3 que la <\/span><b>creciente tendencia de cancelaciones \u201cha llevado a una dr\u00e1stica reducci\u00f3n del espacio c\u00edvico\u201d.<\/b><\/p>\n<p style=\"text-align: justify;\"><span style=\"font-weight: 400;\">Por otro lado, sobre la violencia contra pueblos ind\u00edgenas y afrodescendientes, <\/span><b>el CAT pidi\u00f3 al Estado dar referencias sobre las investigaciones en torno a la masacre de personas ind\u00edgenas m\u00edskitus y mayangnas <\/b><span style=\"font-weight: 400;\">el pasado 23 de agosto de 2021, as\u00ed como los ataques de colonos perpetrados en octubre del a\u00f1o pasado. El Comit\u00e9 manifest\u00f3 la reticencia de las autoridades nicarag\u00fcenses para brindar informaci\u00f3n al respecto y sus intentos de criminalizar a las personas ind\u00edgenas por estos casos. Igualmente, denunci\u00f3 la cancelaci\u00f3n de la personalidad jur\u00eddica del Centro por la Justicia y los Derechos Humanos de la Costa Atl\u00e1ntica de Nicaragua (CEJUDHCAN), una organizaci\u00f3n de suma importancia para estos pueblos y comunidades, que hist\u00f3ricamente han sido olvidadas por los gobiernos de turno.<\/span><\/p>\n<p style=\"text-align: justify;\"><span style=\"font-weight: 400;\">Finalmente, el Comit\u00e9 urgi\u00f3 a las autoridades nicarag\u00fcenses a sancionar a las personas responsables de los abusos denunciados y a reanudar el di\u00e1logo con la Oficina de las Naciones Unidas para los Derechos Humanos.<\/span><\/p>\n<p style=\"text-align: justify;\"><b>El Comit\u00e9 emitir\u00e1 un documento con sus observaciones finales sobre Nicaragua el pr\u00f3ximo 29 de julio, y <\/b><b>se lo har\u00e1 llegar al Estado.\u00a0<\/b><\/p>\n<p style=\"text-align: justify;\"><b>Pronunciamiento<\/b><\/p>\n<p style=\"text-align: justify;\"><span style=\"font-weight: 400;\">Las organizaciones de la sociedad civil firmantes <\/span><b>reprobamos la reacci\u00f3n de rechazo del Estado de Nicaragua ante el Comit\u00e9 contra la Tortura.<\/b><span style=\"font-weight: 400;\"> Esto no tiene precedentes y, como mencion\u00f3 el Presidente Claude Heller, \u201ccuestiona la integridad del Comit\u00e9, de sus miembros y de los mecanismos internacionales de derechos humanos\u201d, adem\u00e1s expresa un profundo desconocimiento y desprecio de la Convenci\u00f3n y sus m\u00e9todos de trabajo.<\/span><\/p>\n<p style=\"text-align: justify;\"><b>Recordamos que la firma y ratificaci\u00f3n de la Convenci\u00f3n contra la Tortura fue una acci\u00f3n voluntaria del Estado nicarag\u00fcense<\/b><span style=\"font-weight: 400;\"> y que, por tanto, debe cumplir con sus obligaciones internacionales en la materia, espec\u00edficamente con las recomendaciones brindadas por el Comit\u00e9.<\/span><\/p>\n<p style=\"text-align: justify;\"><span style=\"font-weight: 400;\">Entre otras cuestiones,<\/span><b> demandamos al Estado de Nicaragua: <\/b><span style=\"font-weight: 400;\">Cesar de inmediato los ataques contra personas, organizaciones y comunidades defensoras de derechos humanos; derogar el marco legal que permite criminalizar por su trabajo a\u00a0 organizaciones, periodistas y comunicadores sociales y personas defensoras de derechos humanos, entre otros actores considerados como opositores; e investigar con la debida diligencia los ataques perpetrados contra pueblos ind\u00edgenas y afrodescendientes, para juzgar y sancionar a los responsables.<\/span><\/p>\n<p style=\"text-align: justify;\"><span style=\"font-weight: 400;\">Finalmente, <\/span><b>llamamos a la comunidad internacional a responder contundentemente para que Nicaragua rinda cuentas<\/b><span style=\"font-weight: 400;\"> por las violaciones de los derechos humanos cometidas desde abril de 2018. <\/span><b>\u00a1No m\u00e1s impunidad!<\/b><\/p>\n<p style=\"text-align: justify;\"><b>Firman<\/b><\/p>\n<p style=\"text-align: justify;\"><span style=\"font-weight: 400;\">Centro Nicarag\u00fcense de Derechos Humanos (CENIDH)<\/span><\/p>\n<p style=\"text-align: justify;\"><span style=\"font-weight: 400;\">Centro para los Derechos Civiles y Pol\u00edticos (CCPR-Centre)<\/span><\/p>\n<p style=\"text-align: justify;\"><span style=\"font-weight: 400;\">Centro por la Justicia y el Derecho Internacional (CEJIL)<\/span><\/p>\n<p style=\"text-align: justify;\"><span style=\"font-weight: 400;\">Colectivo de Derechos Humanos Nicaragua Nunca +<\/span><\/p>\n<p style=\"text-align: justify;\"><span style=\"font-weight: 400;\">Iniciativa Mesoamericana de Defensoras (IM-Defensoras)<\/span><\/p>\n<p style=\"text-align: justify;\"><span style=\"font-weight: 400;\">Instituto sobre Raza, Igualdad y Derechos Humanos (Raza e Igualdad)<\/span><\/p>\n<p style=\"text-align: justify;\"><span style=\"font-weight: 400;\">Movimiento Aut\u00f3nomo de Mujeres (MAM)<\/span><\/p>\n<p style=\"text-align: justify;\"><span style=\"font-weight: 400;\">Organizaci\u00f3n Mundial Contra la Tortura (OMCT)<\/span><\/p>\n<p style=\"text-align: justify;\"><span style=\"font-weight: 400;\">Unidad de Defensa Jur\u00eddica (UDJ)<\/span><\/p>\n<p style=\"text-align: justify;\"><span style=\"font-weight: 400;\">Unidad de Registro (UDR)<\/span><\/p>\n","protected":false},"excerpt":{"rendered":"<p>Washington D.C. \/ Ginebra, 18 de julio de 2022-. El Comit\u00e9 contra la Tortura (CAT, por sus siglas en ingl\u00e9s), convoc\u00f3 al Estado de Nicaragua a una revisi\u00f3n en el [&hellip;]<\/p>\n","protected":false},"author":15,"featured_media":11045,"parent":0,"menu_order":0,"template":"","format":"standard","categories":[1169],"resources_country":[1199],"resources_language":[],"resources_audience":[],"resources_format":[],"resources_topic":[],"resources_year":[],"class_list":["post-14374","resources","type-resources","status-publish","format-standard","has-post-thumbnail","hentry","category-nicaragua","resources_country-nicaragua-es"],"acf":[],"aioseo_notices":[],"_links":{"self":[{"href":"https:\/\/raceandequality.org\/es\/wp-json\/wp\/v2\/resources\/14374","targetHints":{"allow":["GET"]}}],"collection":[{"href":"https:\/\/raceandequality.org\/es\/wp-json\/wp\/v2\/resources"}],"about":[{"href":"https:\/\/raceandequality.org\/es\/wp-json\/wp\/v2\/types\/resources"}],"author":[{"embeddable":true,"href":"https:\/\/raceandequality.org\/es\/wp-json\/wp\/v2\/users\/15"}],"wp:featuredmedia":[{"embeddable":true,"href":"https:\/\/raceandequality.org\/es\/wp-json\/wp\/v2\/media\/11045"}],"wp:attachment":[{"href":"https:\/\/raceandequality.org\/es\/wp-json\/wp\/v2\/media?parent=14374"}],"wp:term":[{"taxonomy":"category","embeddable":true,"href":"https:\/\/raceandequality.org\/es\/wp-json\/wp\/v2\/categories?post=14374"},{"taxonomy":"resources_country","embeddable":true,"href":"https:\/\/raceandequality.org\/es\/wp-json\/wp\/v2\/resources_country?post=14374"},{"taxonomy":"resources_language","embeddable":true,"href":"https:\/\/raceandequality.org\/es\/wp-json\/wp\/v2\/resources_language?post=14374"},{"taxonomy":"resources_audience","embeddable":true,"href":"https:\/\/raceandequality.org\/es\/wp-json\/wp\/v2\/resources_audience?post=14374"},{"taxonomy":"resources_format","embeddable":true,"href":"https:\/\/raceandequality.org\/es\/wp-json\/wp\/v2\/resources_format?post=14374"},{"taxonomy":"resources_topic","embeddable":true,"href":"https:\/\/raceandequality.org\/es\/wp-json\/wp\/v2\/resources_topic?post=14374"},{"taxonomy":"resources_year","embeddable":true,"href":"https:\/\/raceandequality.org\/es\/wp-json\/wp\/v2\/resources_year?post=14374"}],"curies":[{"name":"wp","href":"https:\/\/api.w.org\/{rel}","templated":true}]}}

Estado de Nicaragua se ausenta a la revisión del CAT y la califica como una “provocación”

<p style="text-align: justify;"><b>Washington D.C. / Ginebra, 18 de julio de 2022-</b><span style="font-weight: 400;">. El </span><b>Comité contra la Tortura</b><span style="font-weight: 400;"> (CAT, por sus siglas en inglés), </span><b>convocó al Estado de Nicaragua a una <a href="https://raceandequality.org/1438">revisión en el marco de la Convención contra la tortura</a></b> <b>y otros tratos o penas crueles, inhumanas o degradantes</b><span style="font-weight: 400;">, este jueves 14 de julio. La delegación nicaragüense no asistió y, a través de una carta, el </span><b>Ministro de Relaciones Exteriores, </b><span style="font-weight: 400;">Denis Moncada, </span><b>calificó el examen como una “nueva provocación” y aseguró que el CAT no tiene “legitimidad alguna</b><span style="font-weight: 400;"> para cuestionar” sus informes “ni transgredir” sus leyes, constitución y normas. </span></p>
<p style="text-align: justify;"><span style="font-weight: 400;">Dada la ausencia del Estado y que “Nicaragua se encuentra en un punto crítico de su historia, que afecta evidentemente la vigencia de los derechos humanos de su población”, el Presidente del Comité, Claude Heller comunicó que el grupo de personas expertas </span><b>realizarían el examen basándose en la información proporcionada por la Oficina de la Alta Comisionada de las Naciones Unidas para los Derechos Humanos </b><span style="font-weight: 400;">(OACNUDH), sus informes anuales, la resolución 49/3 adoptada por el Consejo de Derechos Humanos el 31 de marzo de 2022, la más reciente actualización oral sobre la situación en Nicaragua (16 de junio, 2022), y lo presentado por las organizaciones de la sociedad civil. </span></p>
<p style="text-align: justify;"><span style="font-weight: 400;">Durante la sesión, Heller afirmó que </span><b>el Estado de Nicaragua “ha violado sistemáticamente los derechos humanos” y la Convención contra la Tortura.</b><span style="font-weight: 400;"> “El hecho de que el Estado parte (Nicaragua) siga sin garantizar la rendición de cuentas por las violaciones de los derechos humanos cometidas desde abril de 2018 sigue siendo motivo de gran preocupación”, agregó Erdoğan İşcan, Experto del Comité y Co-Relator de País para Nicaragua. </span></p>
<p style="text-align: justify;"><span style="font-weight: 400;">Desde abril del año 2018, Nicaragua se encuentra sumergida en una grave crisis sociopolítica y de derechos humanos. El</span><b> uso indiscriminado de la fuerza por parte de grupos estatales y parapoliciales durante las manifestaciones pacíficas </b><span style="font-weight: 400;">ha resultado en al menos 355 víctimas fatales, más de 1600 personas heridas y, hasta mayo de 2020, 1614 fueron detenidas arbitrariamente. Tras la liberación de varias personas detenidas por motivos políticos en 2019, se documentaron </span><b>casos de torturas en el marco de la custodia estatal.</b><span style="font-weight: 400;"> Actualmente, más de 190 personas se encuentran privadas de libertad por motivos políticos, y</span><b> existen</b> <b>denuncias de casos de torturas en centros estatales y clandestinos.</b></p>
<p style="text-align: justify;"><span style="font-weight: 400;">Según la información recibida por el Comité, el </span><b>97 % de las torturas denunciadas se produjeron en centros de detención policiales,</b><span style="font-weight: 400;"> donde las personas arrestadas fueron arbitrariamente privadas de libertad sin que se formulara previamente una acusación ni se celebrase un juicio con las garantías procesales correspondientes. Además, hay una </span><b>“flagrante violación” </b><span style="font-weight: 400;">de las Reglas Mínimas de las Naciones Unidas para el Tratamiento de las Personas Reclusas (</span><b>Reglas Nelson Mandela</b><span style="font-weight: 400;">) y las Reglas de las Naciones Unidas para el tratamiento de las reclusas y medidas no privativas de la libertad para las mujeres delincuentes (</span><b>Reglas de Bangkok</b><span style="font-weight: 400;">) en estos centros. </span></p>
<p style="text-align: justify;"><span style="font-weight: 400;">El Comité informó que, si bien el Estado ha expuesto que no existe una política gubernamental de perseguir, amenazar, hostigar o asesinar a las y los defensores de derechos humanos, o impedir el ejercicio de sus labores; “</span><b>la información disponible demuestra lo contrario a partir del conjunto de leyes</b><span style="font-weight: 400;"> (Ley de Regulación de Agentes Extranjeros, Ley Especial de Ciberdelitos, y Ley de defensa de los derechos del pueblo a la independencia, la soberanía y la determinación para la paz)”. </span></p>
<p style="text-align: justify;"><span style="font-weight: 400;">La OACNUDH registró al menos 40 casos de amenazas, intimidación, criminalización y campañas de desprestigio, la detención arbitraria de 5 periodistas, y el allanamiento de 2 medios de comunicación durante el año 2021. En ese mismo periodo, la Oficina documentó 26 casos de detención y al menos 4 casos de detención arbitraria de personas defensoras de derechos humanos. </span><b>“Las represalias, con el apoyo de grupos estatales y simpatizantes del gobierno, institucionalizan la violencia contra defensores”</b><span style="font-weight: 400;">, dijo el Presidente.</span></p>
<p style="text-align: justify;"><span style="font-weight: 400;">Asimismo, el Estado de Nicaragua comunicó que “no existen actos de violencia en contra de las ONG” pero que algunas de ellas han utilizado su organización para “alterar el orden público” y realizar acciones para “desestabilizar el país” y derrocar el gobierno, violando la Ley General sobre Personas Jurídicas sin Fines de Lucro (Ley 147); y por ello el Ministerio de Gobernación ha cancelado sus personalidades jurídicas. Por su parte, el CAT consideró que la </span><b>creciente tendencia de cancelaciones “ha llevado a una drástica reducción del espacio cívico”.</b></p>
<p style="text-align: justify;"><span style="font-weight: 400;">Por otro lado, sobre la violencia contra pueblos indígenas y afrodescendientes, </span><b>el CAT pidió al Estado dar referencias sobre las investigaciones en torno a la masacre de personas indígenas mískitus y mayangnas </b><span style="font-weight: 400;">el pasado 23 de agosto de 2021, así como los ataques de colonos perpetrados en octubre del año pasado. El Comité manifestó la reticencia de las autoridades nicaragüenses para brindar información al respecto y sus intentos de criminalizar a las personas indígenas por estos casos. Igualmente, denunció la cancelación de la personalidad jurídica del Centro por la Justicia y los Derechos Humanos de la Costa Atlántica de Nicaragua (CEJUDHCAN), una organización de suma importancia para estos pueblos y comunidades, que históricamente han sido olvidadas por los gobiernos de turno.</span></p>
<p style="text-align: justify;"><span style="font-weight: 400;">Finalmente, el Comité urgió a las autoridades nicaragüenses a sancionar a las personas responsables de los abusos denunciados y a reanudar el diálogo con la Oficina de las Naciones Unidas para los Derechos Humanos.</span></p>
<p style="text-align: justify;"><b>El Comité emitirá un documento con sus observaciones finales sobre Nicaragua el próximo 29 de julio, y </b><b>se lo hará llegar al Estado. </b></p>
<p style="text-align: justify;"><b>Pronunciamiento</b></p>
<p style="text-align: justify;"><span style="font-weight: 400;">Las organizaciones de la sociedad civil firmantes </span><b>reprobamos la reacción de rechazo del Estado de Nicaragua ante el Comité contra la Tortura.</b><span style="font-weight: 400;"> Esto no tiene precedentes y, como mencionó el Presidente Claude Heller, “cuestiona la integridad del Comité, de sus miembros y de los mecanismos internacionales de derechos humanos”, además expresa un profundo desconocimiento y desprecio de la Convención y sus métodos de trabajo.</span></p>
<p style="text-align: justify;"><b>Recordamos que la firma y ratificación de la Convención contra la Tortura fue una acción voluntaria del Estado nicaragüense</b><span style="font-weight: 400;"> y que, por tanto, debe cumplir con sus obligaciones internacionales en la materia, específicamente con las recomendaciones brindadas por el Comité.</span></p>
<p style="text-align: justify;"><span style="font-weight: 400;">Entre otras cuestiones,</span><b> demandamos al Estado de Nicaragua: </b><span style="font-weight: 400;">Cesar de inmediato los ataques contra personas, organizaciones y comunidades defensoras de derechos humanos; derogar el marco legal que permite criminalizar por su trabajo a  organizaciones, periodistas y comunicadores sociales y personas defensoras de derechos humanos, entre otros actores considerados como opositores; e investigar con la debida diligencia los ataques perpetrados contra pueblos indígenas y afrodescendientes, para juzgar y sancionar a los responsables.</span></p>
<p style="text-align: justify;"><span style="font-weight: 400;">Finalmente, </span><b>llamamos a la comunidad internacional a responder contundentemente para que Nicaragua rinda cuentas</b><span style="font-weight: 400;"> por las violaciones de los derechos humanos cometidas desde abril de 2018. </span><b>¡No más impunidad!</b></p>
<p style="text-align: justify;"><b>Firman</b></p>
<p style="text-align: justify;"><span style="font-weight: 400;">Centro Nicaragüense de Derechos Humanos (CENIDH)</span></p>
<p style="text-align: justify;"><span style="font-weight: 400;">Centro para los Derechos Civiles y Políticos (CCPR-Centre)</span></p>
<p style="text-align: justify;"><span style="font-weight: 400;">Centro por la Justicia y el Derecho Internacional (CEJIL)</span></p>
<p style="text-align: justify;"><span style="font-weight: 400;">Colectivo de Derechos Humanos Nicaragua Nunca +</span></p>
<p style="text-align: justify;"><span style="font-weight: 400;">Iniciativa Mesoamericana de Defensoras (IM-Defensoras)</span></p>
<p style="text-align: justify;"><span style="font-weight: 400;">Instituto sobre Raza, Igualdad y Derechos Humanos (Raza e Igualdad)</span></p>
<p style="text-align: justify;"><span style="font-weight: 400;">Movimiento Autónomo de Mujeres (MAM)</span></p>
<p style="text-align: justify;"><span style="font-weight: 400;">Organización Mundial Contra la Tortura (OMCT)</span></p>
<p style="text-align: justify;"><span style="font-weight: 400;">Unidad de Defensa Jurídica (UDJ)</span></p>
<p style="text-align: justify;"><span style="font-weight: 400;">Unidad de Registro (UDR)</span></p>

<p>Washington D.C. / Ginebra, 18 de julio de 2022-. El Comité contra la Tortura (CAT, por sus siglas en inglés), convocó al Estado de Nicaragua a una revisión en el [&hellip;]</p>
