{"id":14378,"date":"2022-07-28T16:33:42","date_gmt":"2022-07-28T16:33:42","guid":{"rendered":"http:\/\/race01.wp\/resources\/cidh-denuncia-que-cuba-ha-enfrentado-seis-olas-represivas-en-el-ultimo-ano\/"},"modified":"2023-05-15T04:43:39","modified_gmt":"2023-05-15T04:43:39","slug":"cidh-denuncia-que-cuba-ha-enfrentado-seis-olas-represivas-en-el-ultimo-ano","status":"publish","type":"resources","link":"https:\/\/raceandequality.org\/es\/resources\/cidh-denuncia-que-cuba-ha-enfrentado-seis-olas-represivas-en-el-ultimo-ano\/","title":{"rendered":"CIDH denuncia que Cuba ha enfrentado seis olas represivas en el \u00faltimo a\u00f1o"},"content":{"rendered":"<p style=\"text-align: justify;\"><strong><em>Washington D.C., 28 de julio de 2022 \u2013<\/em><\/strong> El Comisionado Edgar Stuardo Ral\u00f3n, Relator para Cuba y sobre los Derechos de las Personas Privadas de Libertad y para la Prevenci\u00f3n y Combate a la Tortura de la Comisi\u00f3n Interamericana de Derechos Humanos (CIDH), y Primer Vicepresidente de este organismo, asegur\u00f3 que en la Isla se han registrado seis olas represivas en los \u00faltimos 12 meses. Las declaraciones fueron hechas en el evento \u2018Cuba: Un a\u00f1o despu\u00e9s del 11J\u2019, que se celebr\u00f3 el pasado 18 de julio de 2022 en Washington D.C., y fue copatrocinado por el Instituto Internacional sobre Raza, Igualdad y Derechos Humanos (Raza e Igualdad) y la CIDH, con el apoyo de las organizaciones Artists at Risk Connection, de PEN Am\u00e9rica; PEN International; PEN Cuban Writers in Exile; y Civil Rights Defenders.<\/p>\n<p style=\"text-align: justify;\">\u201cLa primera ola trat\u00f3 sobre el uso de la fuerza y las campa\u00f1as de intimidaci\u00f3n y estigmatizaci\u00f3n. La segunda, detenciones arbitrarias, malos tratos y condiciones deplorables de detenci\u00f3n. La tercera consisti\u00f3 en la criminalizaci\u00f3n de manifestantes, persecuci\u00f3n judicial y violaciones al debido proceso. La cuarta, cierre de espacios democr\u00e1ticos a trav\u00e9s de estrategias represivas e intimidatorias dirigidas a desalentar nuevas manifestaciones sociales. La quinta ola se evidenci\u00f3 por la continuidad de la privaci\u00f3n de libertad, y los juicios sin garant\u00edas del debido proceso. Y la sexta son las propuestas legislativas dirigidas a limitar, vigilar y punir expresiones disidentes y cr\u00edticas al gobierno, as\u00ed como criminalizar el actuar de organizaciones de la sociedad civil independiente\u201d, afirm\u00f3 el Comisionado durante el evento con el que se conmemor\u00f3 un a\u00f1o de las protestas pac\u00edficas del 11 y 12 de julio de 2021, tambi\u00e9n conocidas como 11J.<\/p>\n<p style=\"text-align: justify;\">Cada uno de estos momentos, de acuerdo con el Relator para Cuba, se han registrado luego de que se llevaran a cabo las manifestaciones \u201cm\u00e1s multitudinarias de la historia reciente de la Isla\u201d, que d<strong>ejaron 1.484 personas detenidas, incluidos 57 ni\u00f1os, ni\u00f1as y adolescentes entre los 12 y 17 a\u00f1os. Aunque ha pasado un a\u00f1o desde las marchas, todav\u00eda existe un n\u00famero superior a 600 personas que permanecen privadas de libertad por haber ejercido su derecho a la libre expresi\u00f3n<\/strong>, seg\u00fan lo relat\u00f3 la directora de Cubalex, Laritza Diversent, quien tambi\u00e9n particip\u00f3 en el evento conmemorativo y ha recopilado, junto con el Movimiento Justicia 11J, estad\u00edsticas sobre las violaciones de derechos humanos que se han evidenciado desde aquel entonces.<\/p>\n<p style=\"text-align: justify;\">El Comisionado Ral\u00f3n tambi\u00e9n recalc\u00f3 que la CIDH ha condenado la represi\u00f3n estatal en contra de las personas que participaron o apoyaron las protestas pac\u00edficas en Cuba, y asegur\u00f3 que el organismo ha mostrado su preocupaci\u00f3n por las detenciones, los juicios con penas que van de 5 a 30 a\u00f1os de prisi\u00f3n, los casos de represi\u00f3n que han denunciado activistas, artistas y periodistas independientes; y las propuestas legislativas dirigidas a limitar, vigilar y castigar expresiones cr\u00edticas al gobierno.<\/p>\n<p style=\"text-align: justify;\">\u201cLa Comisi\u00f3n observa que los primeros resultados de la sexta ola, por ejemplo, empezaron con las nuevas regulaciones en las telecomunicaciones y la ciberseguridad (Decreto Ley 35 de telecomunicaciones y la Resoluci\u00f3n 105 de respuesta a incidentes de ciberseguridad, del 17 de agosto de 2021), y culminaron con la aprobaci\u00f3n de un nuevo C\u00f3digo Penal (15 de mayo de 2022), que establece categor\u00edas amplias e imprecisas que dar\u00edan margen a una aplicaci\u00f3n arbitraria y discrecional por parte del Estado\u201d, afirm\u00f3 el Relator para Cuba.<\/p>\n<p style=\"text-align: justify;\"><strong><em>Voces que revelan las violaciones a los derechos humanos<\/em><\/strong><\/p>\n<p style=\"text-align: justify;\">Las olas que han surgido tras las protestas del 11J, se han registrado en medio de la escasez de medicamentos y alimentos, la grave crisis econ\u00f3mica, y los recurrentes apagones que afectan a miles de familias en la Isla. <strong>\u201cA\u00fan vemos que persisten las causas que motivaron las movilizaciones. El balance no es alentador y no hay soluciones estructurales [\u2026]. Desde la Relator\u00eda Especial sobre los Derechos Econ\u00f3micos, Sociales, Culturales y Ambientales (REDESCA), observamos un aumento generalizado en la pobreza\u201d, dijo Soledad Garc\u00eda Mu\u00f1oz, Relatora Especial sobre los Derechos Econ\u00f3micos, Sociales, Culturales y Ambientales (DESCA)<\/strong>, quien tambi\u00e9n form\u00f3 parte del panel en este evento.<\/p>\n<div id=\"attachment_13970\" style=\"width: 410px\" class=\"wp-caption alignleft\"><img decoding=\"async\" aria-describedby=\"caption-attachment-13970\" class=\"wp-image-13970 lazyload\" data-src=\"https:\/\/raceandequality.org\/wp-content\/uploads\/2023\/04\/52229169263_ba8774c42a_c.jpg\" alt=\"\" width=\"400\" height=\"267\" src=\"data:image\/svg+xml;base64,PHN2ZyB3aWR0aD0iMSIgaGVpZ2h0PSIxIiB4bWxucz0iaHR0cDovL3d3dy53My5vcmcvMjAwMC9zdmciPjwvc3ZnPg==\" style=\"--smush-placeholder-width: 400px; --smush-placeholder-aspect-ratio: 400\/267;\" \/><p id=\"caption-attachment-13970\" class=\"wp-caption-text\">Mariana Tejeida, Oficial de Programas para Am\u00e9rica Latina de Raza e Igualdad; Saily Gonz\u00e1lez, activista cubana; Orelvys Cabrera, periodista independiente; Laritza Diversent, directora de Cubalex; e Iris Ruiz, integrante del Movimiento San Isidro.<\/p><\/div>\n<p style=\"text-align: justify;\">El periodista independiente cubano Orelvys Cabrera, uno de los panelistas del encuentro que se realiz\u00f3 el pasado 18 de julio, es una de las m\u00e1s de mil personas que han experimentado las olas represivas destacadas por el Comisionado Ral\u00f3n. A \u00e9l lo detuvieron durante las manifestaciones pac\u00edficas de julio de 2021. \u201cYo estuve encarcelado en un hueco bajo tierra. El moho cubr\u00eda las paredes y ten\u00edamos solamente tres horas de agua al d\u00eda en un espacio de dos metros de largo por cuatro metros de ancho. Ah\u00ed viv\u00edamos 12 hombres, y nuestro \u00fanico delito fue haber salido a exigir un cambio de sistema\u201d, revel\u00f3.<\/p>\n<p style=\"text-align: justify;\">Orelvys, junto con la activista cubana Saily Gonz\u00e1lez y la artista Iris Ruiz, integrante del Movimiento San Isidro, quienes tambi\u00e9n formaron parte del panel, son otras voces de la represi\u00f3n y hostigamiento por parte de la Seguridad del Estado cubano. En el evento tambi\u00e9n particip\u00f3 de manera virtual Osvaldo Navarro, miembro del Comit\u00e9 Ciudadanos por la Integraci\u00f3n Racial resaltando que las protestas del 11J han afectado de forma diferenciada a mujeres y personas afrodescendientes.<\/p>\n<p style=\"text-align: justify;\">A las seis olas represivas que se han registrado en Cuba en el \u00faltimo a\u00f1o, el director de Estrategia del Observatorio Cubano de Derechos Humanos, Yaxis Cires, le a\u00f1ade una m\u00e1s. \u201cUna s\u00e9ptima ola podr\u00eda ser el vaciamiento de la oposici\u00f3n que se est\u00e1 llevando en la Isla. Es una forma de cerrar las puertas a un cambio democr\u00e1tico donde participen diferentes actores pol\u00edticos\u201d, afirm\u00f3 durante su intervenci\u00f3n en el evento, y asegur\u00f3 que un ejemplo de esto es el caso de la activista cubana Anamely Ramos, a quien las autoridades de este pa\u00eds le prohibieron volver a Cuba. Ella, quien tambi\u00e9n particip\u00f3 en el conversatorio, permanece en Estados Unidos en espera de poder volver a la Isla.<\/p>\n<p style=\"text-align: justify;\">Despu\u00e9s de un a\u00f1o de las protestas pac\u00edficas del 11J en Cuba, <strong>reiteramos a las autoridades cubanas el pedido de cesar la violencia en contra de las personas que se manifiestan y organizan pac\u00edficamente para exigir sus derechos. Solicitamos que se respeten, garanticen y protejan los derechos humanos de cada una de las personas que residen en la Isla, quienes pese a todo lo vivido en los \u00faltimos 12 meses, aguardan por una Cuba libre.<\/strong><\/p>\n<p><iframe title=\"YouTube video player\" data-src=\"https:\/\/www.youtube.com\/embed\/w65El8JwYS0\" width=\"560\" height=\"315\" frameborder=\"0\" allowfullscreen=\"allowfullscreen\" src=\"data:image\/svg+xml;base64,PHN2ZyB3aWR0aD0iMSIgaGVpZ2h0PSIxIiB4bWxucz0iaHR0cDovL3d3dy53My5vcmcvMjAwMC9zdmciPjwvc3ZnPg==\" class=\"lazyload\" data-load-mode=\"1\"><\/iframe><\/p>\n","protected":false},"excerpt":{"rendered":"<p>Washington D.C., 28 de julio de 2022 \u2013 El Comisionado Edgar Stuardo Ral\u00f3n, Relator para Cuba y sobre los Derechos de las Personas Privadas de Libertad y para la Prevenci\u00f3n [&hellip;]<\/p>\n","protected":false},"author":15,"featured_media":11053,"parent":0,"menu_order":0,"template":"","format":"standard","categories":[1123],"resources_country":[1193],"resources_language":[],"resources_audience":[],"resources_format":[],"resources_topic":[],"resources_year":[],"class_list":["post-14378","resources","type-resources","status-publish","format-standard","has-post-thumbnail","hentry","category-cuba","resources_country-cuba-es"],"acf":[],"aioseo_notices":[],"_links":{"self":[{"href":"https:\/\/raceandequality.org\/es\/wp-json\/wp\/v2\/resources\/14378","targetHints":{"allow":["GET"]}}],"collection":[{"href":"https:\/\/raceandequality.org\/es\/wp-json\/wp\/v2\/resources"}],"about":[{"href":"https:\/\/raceandequality.org\/es\/wp-json\/wp\/v2\/types\/resources"}],"author":[{"embeddable":true,"href":"https:\/\/raceandequality.org\/es\/wp-json\/wp\/v2\/users\/15"}],"wp:featuredmedia":[{"embeddable":true,"href":"https:\/\/raceandequality.org\/es\/wp-json\/wp\/v2\/media\/11053"}],"wp:attachment":[{"href":"https:\/\/raceandequality.org\/es\/wp-json\/wp\/v2\/media?parent=14378"}],"wp:term":[{"taxonomy":"category","embeddable":true,"href":"https:\/\/raceandequality.org\/es\/wp-json\/wp\/v2\/categories?post=14378"},{"taxonomy":"resources_country","embeddable":true,"href":"https:\/\/raceandequality.org\/es\/wp-json\/wp\/v2\/resources_country?post=14378"},{"taxonomy":"resources_language","embeddable":true,"href":"https:\/\/raceandequality.org\/es\/wp-json\/wp\/v2\/resources_language?post=14378"},{"taxonomy":"resources_audience","embeddable":true,"href":"https:\/\/raceandequality.org\/es\/wp-json\/wp\/v2\/resources_audience?post=14378"},{"taxonomy":"resources_format","embeddable":true,"href":"https:\/\/raceandequality.org\/es\/wp-json\/wp\/v2\/resources_format?post=14378"},{"taxonomy":"resources_topic","embeddable":true,"href":"https:\/\/raceandequality.org\/es\/wp-json\/wp\/v2\/resources_topic?post=14378"},{"taxonomy":"resources_year","embeddable":true,"href":"https:\/\/raceandequality.org\/es\/wp-json\/wp\/v2\/resources_year?post=14378"}],"curies":[{"name":"wp","href":"https:\/\/api.w.org\/{rel}","templated":true}]}}

CIDH denuncia que Cuba ha enfrentado seis olas represivas en el último año

<p style="text-align: justify;"><strong><em>Washington D.C., 28 de julio de 2022 –</em></strong> El Comisionado Edgar Stuardo Ralón, Relator para Cuba y sobre los Derechos de las Personas Privadas de Libertad y para la Prevención y Combate a la Tortura de la Comisión Interamericana de Derechos Humanos (CIDH), y Primer Vicepresidente de este organismo, aseguró que en la Isla se han registrado seis olas represivas en los últimos 12 meses. Las declaraciones fueron hechas en el evento ‘Cuba: Un año después del 11J’, que se celebró el pasado 18 de julio de 2022 en Washington D.C., y fue copatrocinado por el Instituto Internacional sobre Raza, Igualdad y Derechos Humanos (Raza e Igualdad) y la CIDH, con el apoyo de las organizaciones Artists at Risk Connection, de PEN América; PEN International; PEN Cuban Writers in Exile; y Civil Rights Defenders.</p>
<p style="text-align: justify;">“La primera ola trató sobre el uso de la fuerza y las campañas de intimidación y estigmatización. La segunda, detenciones arbitrarias, malos tratos y condiciones deplorables de detención. La tercera consistió en la criminalización de manifestantes, persecución judicial y violaciones al debido proceso. La cuarta, cierre de espacios democráticos a través de estrategias represivas e intimidatorias dirigidas a desalentar nuevas manifestaciones sociales. La quinta ola se evidenció por la continuidad de la privación de libertad, y los juicios sin garantías del debido proceso. Y la sexta son las propuestas legislativas dirigidas a limitar, vigilar y punir expresiones disidentes y críticas al gobierno, así como criminalizar el actuar de organizaciones de la sociedad civil independiente”, afirmó el Comisionado durante el evento con el que se conmemoró un año de las protestas pacíficas del 11 y 12 de julio de 2021, también conocidas como 11J.</p>
<p style="text-align: justify;">Cada uno de estos momentos, de acuerdo con el Relator para Cuba, se han registrado luego de que se llevaran a cabo las manifestaciones “más multitudinarias de la historia reciente de la Isla”, que d<strong>ejaron 1.484 personas detenidas, incluidos 57 niños, niñas y adolescentes entre los 12 y 17 años. Aunque ha pasado un año desde las marchas, todavía existe un número superior a 600 personas que permanecen privadas de libertad por haber ejercido su derecho a la libre expresión</strong>, según lo relató la directora de Cubalex, Laritza Diversent, quien también participó en el evento conmemorativo y ha recopilado, junto con el Movimiento Justicia 11J, estadísticas sobre las violaciones de derechos humanos que se han evidenciado desde aquel entonces.</p>
<p style="text-align: justify;">El Comisionado Ralón también recalcó que la CIDH ha condenado la represión estatal en contra de las personas que participaron o apoyaron las protestas pacíficas en Cuba, y aseguró que el organismo ha mostrado su preocupación por las detenciones, los juicios con penas que van de 5 a 30 años de prisión, los casos de represión que han denunciado activistas, artistas y periodistas independientes; y las propuestas legislativas dirigidas a limitar, vigilar y castigar expresiones críticas al gobierno.</p>
<p style="text-align: justify;">“La Comisión observa que los primeros resultados de la sexta ola, por ejemplo, empezaron con las nuevas regulaciones en las telecomunicaciones y la ciberseguridad (Decreto Ley 35 de telecomunicaciones y la Resolución 105 de respuesta a incidentes de ciberseguridad, del 17 de agosto de 2021), y culminaron con la aprobación de un nuevo Código Penal (15 de mayo de 2022), que establece categorías amplias e imprecisas que darían margen a una aplicación arbitraria y discrecional por parte del Estado”, afirmó el Relator para Cuba.</p>
<p style="text-align: justify;"><strong><em>Voces que revelan las violaciones a los derechos humanos</em></strong></p>
<p style="text-align: justify;">Las olas que han surgido tras las protestas del 11J, se han registrado en medio de la escasez de medicamentos y alimentos, la grave crisis económica, y los recurrentes apagones que afectan a miles de familias en la Isla. <strong>“Aún vemos que persisten las causas que motivaron las movilizaciones. El balance no es alentador y no hay soluciones estructurales […]. Desde la Relatoría Especial sobre los Derechos Económicos, Sociales, Culturales y Ambientales (REDESCA), observamos un aumento generalizado en la pobreza”, dijo Soledad García Muñoz, Relatora Especial sobre los Derechos Económicos, Sociales, Culturales y Ambientales (DESCA)</strong>, quien también formó parte del panel en este evento.</p>
<div id="attachment_13970" style="width: 410px" class="wp-caption alignleft"><img decoding="async" aria-describedby="caption-attachment-13970" class="wp-image-13970 lazyload" data-src="https://raceandequality.org/wp-content/uploads/2023/04/52229169263_ba8774c42a_c.jpg" alt="" width="400" height="267" src="data:image/svg+xml;base64,PHN2ZyB3aWR0aD0iMSIgaGVpZ2h0PSIxIiB4bWxucz0iaHR0cDovL3d3dy53My5vcmcvMjAwMC9zdmciPjwvc3ZnPg==" style="--smush-placeholder-width: 400px; --smush-placeholder-aspect-ratio: 400/267;" /><p id="caption-attachment-13970" class="wp-caption-text">Mariana Tejeida, Oficial de Programas para América Latina de Raza e Igualdad; Saily González, activista cubana; Orelvys Cabrera, periodista independiente; Laritza Diversent, directora de Cubalex; e Iris Ruiz, integrante del Movimiento San Isidro.</p></div>
<p style="text-align: justify;">El periodista independiente cubano Orelvys Cabrera, uno de los panelistas del encuentro que se realizó el pasado 18 de julio, es una de las más de mil personas que han experimentado las olas represivas destacadas por el Comisionado Ralón. A él lo detuvieron durante las manifestaciones pacíficas de julio de 2021. “Yo estuve encarcelado en un hueco bajo tierra. El moho cubría las paredes y teníamos solamente tres horas de agua al día en un espacio de dos metros de largo por cuatro metros de ancho. Ahí vivíamos 12 hombres, y nuestro único delito fue haber salido a exigir un cambio de sistema”, reveló.</p>
<p style="text-align: justify;">Orelvys, junto con la activista cubana Saily González y la artista Iris Ruiz, integrante del Movimiento San Isidro, quienes también formaron parte del panel, son otras voces de la represión y hostigamiento por parte de la Seguridad del Estado cubano. En el evento también participó de manera virtual Osvaldo Navarro, miembro del Comité Ciudadanos por la Integración Racial resaltando que las protestas del 11J han afectado de forma diferenciada a mujeres y personas afrodescendientes.</p>
<p style="text-align: justify;">A las seis olas represivas que se han registrado en Cuba en el último año, el director de Estrategia del Observatorio Cubano de Derechos Humanos, Yaxis Cires, le añade una más. “Una séptima ola podría ser el vaciamiento de la oposición que se está llevando en la Isla. Es una forma de cerrar las puertas a un cambio democrático donde participen diferentes actores políticos”, afirmó durante su intervención en el evento, y aseguró que un ejemplo de esto es el caso de la activista cubana Anamely Ramos, a quien las autoridades de este país le prohibieron volver a Cuba. Ella, quien también participó en el conversatorio, permanece en Estados Unidos en espera de poder volver a la Isla.</p>
<p style="text-align: justify;">Después de un año de las protestas pacíficas del 11J en Cuba, <strong>reiteramos a las autoridades cubanas el pedido de cesar la violencia en contra de las personas que se manifiestan y organizan pacíficamente para exigir sus derechos. Solicitamos que se respeten, garanticen y protejan los derechos humanos de cada una de las personas que residen en la Isla, quienes pese a todo lo vivido en los últimos 12 meses, aguardan por una Cuba libre.</strong></p>
<p><iframe title="YouTube video player" data-src="https://www.youtube.com/embed/w65El8JwYS0" width="560" height="315" frameborder="0" allowfullscreen="allowfullscreen" src="data:image/svg+xml;base64,PHN2ZyB3aWR0aD0iMSIgaGVpZ2h0PSIxIiB4bWxucz0iaHR0cDovL3d3dy53My5vcmcvMjAwMC9zdmciPjwvc3ZnPg==" class="lazyload" data-load-mode="1"></iframe></p>

<p>Washington D.C., 28 de julio de 2022 – El Comisionado Edgar Stuardo Ralón, Relator para Cuba y sobre los Derechos de las Personas Privadas de Libertad y para la Prevención [&hellip;]</p>
