{"id":14397,"date":"2022-08-09T17:43:06","date_gmt":"2022-08-09T17:43:06","guid":{"rendered":"http:\/\/race01.wp\/resources\/un-llamado-a-acatar-e-implementar-los-estandares-internacionales-contra-el-racismo-y-la-discriminacion\/"},"modified":"2023-05-15T04:36:29","modified_gmt":"2023-05-15T04:36:29","slug":"un-llamado-a-acatar-e-implementar-los-estandares-internacionales-contra-el-racismo-y-la-discriminacion","status":"publish","type":"resources","link":"https:\/\/raceandequality.org\/es\/resources\/un-llamado-a-acatar-e-implementar-los-estandares-internacionales-contra-el-racismo-y-la-discriminacion\/","title":{"rendered":"Un llamado a acatar e implementar los est\u00e1ndares internacionales contra el racismo y  la discriminaci\u00f3n"},"content":{"rendered":"<p style=\"text-align: justify;\"><strong>Colombia, 9 de agosto del 2022.<\/strong>&#8211; El Instituto sobre Raza, Igualdad y Derechos Humanos (Raza e Igualdad) rechaza los hechos registrados el viernes 5 de agosto en Cali, en el barrio Llano Verde, en contra de un joven afrodescendiente por parte de la Polic\u00eda<a href=\"#_ftn1\" name=\"_ftnref1\">[1]<\/a>. El joven fue v\u00edctima de violencia policial racista: cuatro integrantes de la polic\u00eda lo detuvieron y uno de ellos puso su rodilla en su cabeza cuando estaba inmovilizado en el suelo, haciendo uso desproporcionado de la fuerza<a href=\"#_ftn2\" name=\"_ftnref2\">[2]<\/a>.<\/p>\n<p style=\"text-align: justify;\">As\u00ed mismo, rechazamos lo ocurrido el 3 de agosto contra la periodista y activista por los derechos de las comunidades afrodescendientes Edna Liliana Valencia Murillo, quien fue v\u00edctima de perfilamiento racial en el Aeropuerto Alfonso Bonilla Arag\u00f3n, en Palmira, por parte de un integrante de la Polic\u00eda<a href=\"#_ftn3\" name=\"_ftnref3\">[3]<\/a> que le solicit\u00f3 una requisa en su cabello. \u00ab<em>(\u2026) todo ocurri\u00f3 porque este patrullero consider\u00f3 que mi cabello afro me convert\u00eda en sospechosa de tr\u00e1fico de drogas. Me dijo que deb\u00eda tocar mi cabello y por supuesto yo me negu\u00e9 (\u2026)<a href=\"#_ftn4\" name=\"_ftnref4\">[4]\u00bb<\/a><\/em>, declar\u00f3 Valencia.<\/p>\n<p style=\"text-align: justify;\">La poblaci\u00f3n afrodescendiente hist\u00f3ricamente ha sido v\u00edctima de pr\u00e1cticas racistas por parte de la Fuerza P\u00fablica con actos como el perfilamiento racial, violencia f\u00edsica, lenguaje racista, pr\u00e1cticas mis\u00f3ginas, homof\u00f3bicas y transf\u00f3bicas contra mujeres y personas afrodescendientes con OSIGD<a href=\"#_ftn5\" name=\"_ftnref5\">[5]<\/a> (orientaci\u00f3n sexual e identidad de g\u00e9nero diversa); al igual que el uso desproporcionado de la fuerza en territorios donde residen principalmente personas afrodescendientes y la negaci\u00f3n sistem\u00e1tica del racismo.<\/p>\n<p style=\"text-align: justify;\">La violencia policial racista es muestra de las pr\u00e1cticas globales institucionalizadas de discriminaci\u00f3n racial contra personas afrodescendientes que se reproducen cotidianamente. Desde Raza e Igualdad, hacemos un llamado al Estado a acatar e implementar los est\u00e1ndares internacionales contra el racismo y discriminaci\u00f3n, como son la Convenci\u00f3n Interamericana contra el Racismo, la Discriminaci\u00f3n Racial y formas conexas de Intolerancia (CIRDI), la Convenci\u00f3n Internacional sobre la Eliminaci\u00f3n de todas las Formas de Discriminaci\u00f3n Racial (CERD) y su recomendaci\u00f3n 36 de 2020 contra el perfilamiento racial, y el Programa de Acci\u00f3n de Durban. Asimismo, es importante la adopci\u00f3n e implementaci\u00f3n de los est\u00e1ndares que se han desarrollado contra el uso desproporcionado de la fuerza contra personas afrodescendientes por parte de la Fuerza P\u00fablica, como el de la Oficina del Alto Comisionado de las Naciones Unidas (ACNUDH): Resoluci\u00f3n 43\/1, Resoluci\u00f3n 47\/21 y la implementaci\u00f3n de la Agenda hacia un cambio transformador para la justicia e igualdad racial.<\/p>\n<p style=\"text-align: justify;\">Finalmente, resaltamos la importancia de implementar una reforma policial que vaya en contra de la reproducci\u00f3n de pr\u00e1cticas racistas y discriminatorias por raz\u00f3n de la OSIGD y en todo el sistema de justicia.<\/p>\n<p style=\"text-align: justify;\">\n<p>&nbsp;<\/p>\n<p><a href=\"#_ftnref1\" name=\"_ftn1\">[1]<\/a> Afrodes Colombia. (5 de agosto de 2022). Twitter. Consultado en: <a href=\"https:\/\/raceandequality.org\/1442\">https:\/\/twitter.com\/AfrodesColombia\/status\/1555724781495910400?s=20&amp;t=waNHHrltBxH_SjRx-7OuzA<\/a><\/p>\n<p><a href=\"#_ftnref2\" name=\"_ftn2\">[2]<\/a> El tiempo. Video: denuncian abuso policial contra un joven en Llano Verde, oriente de Cali. (2022). Consultado en:https:\/\/www.eltiempo.com\/colombia\/cali\/cali-denuncian-abuso-de-autoridad-en-procedimiento-policial-692815<\/p>\n<p><a href=\"#_ftnref3\" name=\"_ftn3\">[3]<\/a> https:\/\/www.infobae.com\/america\/colombia\/2022\/08\/04\/periodista-denuncio-caso-de-racismo-en-el-aeropuerto-de-cali\/<\/p>\n<p><a href=\"#_ftnref4\" name=\"_ftn4\">[4]<\/a> Edna Liliana Valencia Murillo. (3 de agosto de 2022). Instagram. Consultado en: <a href=\"https:\/\/raceandequality.org\/1443\">https:\/\/www.instagram.com\/reel\/Cg0a-bOI1dT\/?igshid=YmMyMTA2M2Y=<\/a><\/p>\n<p><a href=\"#_ftnref5\" name=\"_ftn5\">[5]<\/a> Sigla utilizada para enunciar a las personas con orientaci\u00f3n sexual e identidad de g\u00e9nero diversas.<\/p>\n","protected":false},"excerpt":{"rendered":"<p>Colombia, 9 de agosto del 2022.&#8211; El Instituto sobre Raza, Igualdad y Derechos Humanos (Raza e Igualdad) rechaza los hechos registrados el viernes 5 de agosto en Cali, en el [&hellip;]<\/p>\n","protected":false},"author":15,"featured_media":14398,"parent":0,"menu_order":0,"template":"","format":"standard","categories":[1122,1154],"resources_country":[1191],"resources_language":[],"resources_audience":[],"resources_format":[],"resources_topic":[],"resources_year":[],"class_list":["post-14397","resources","type-resources","status-publish","format-standard","has-post-thumbnail","hentry","category-colombia","category-espanol","resources_country-colombia-es"],"acf":[],"aioseo_notices":[],"_links":{"self":[{"href":"https:\/\/raceandequality.org\/es\/wp-json\/wp\/v2\/resources\/14397","targetHints":{"allow":["GET"]}}],"collection":[{"href":"https:\/\/raceandequality.org\/es\/wp-json\/wp\/v2\/resources"}],"about":[{"href":"https:\/\/raceandequality.org\/es\/wp-json\/wp\/v2\/types\/resources"}],"author":[{"embeddable":true,"href":"https:\/\/raceandequality.org\/es\/wp-json\/wp\/v2\/users\/15"}],"wp:featuredmedia":[{"embeddable":true,"href":"https:\/\/raceandequality.org\/es\/wp-json\/wp\/v2\/media\/14398"}],"wp:attachment":[{"href":"https:\/\/raceandequality.org\/es\/wp-json\/wp\/v2\/media?parent=14397"}],"wp:term":[{"taxonomy":"category","embeddable":true,"href":"https:\/\/raceandequality.org\/es\/wp-json\/wp\/v2\/categories?post=14397"},{"taxonomy":"resources_country","embeddable":true,"href":"https:\/\/raceandequality.org\/es\/wp-json\/wp\/v2\/resources_country?post=14397"},{"taxonomy":"resources_language","embeddable":true,"href":"https:\/\/raceandequality.org\/es\/wp-json\/wp\/v2\/resources_language?post=14397"},{"taxonomy":"resources_audience","embeddable":true,"href":"https:\/\/raceandequality.org\/es\/wp-json\/wp\/v2\/resources_audience?post=14397"},{"taxonomy":"resources_format","embeddable":true,"href":"https:\/\/raceandequality.org\/es\/wp-json\/wp\/v2\/resources_format?post=14397"},{"taxonomy":"resources_topic","embeddable":true,"href":"https:\/\/raceandequality.org\/es\/wp-json\/wp\/v2\/resources_topic?post=14397"},{"taxonomy":"resources_year","embeddable":true,"href":"https:\/\/raceandequality.org\/es\/wp-json\/wp\/v2\/resources_year?post=14397"}],"curies":[{"name":"wp","href":"https:\/\/api.w.org\/{rel}","templated":true}]}}

Un llamado a acatar e implementar los estándares internacionales contra el racismo y  la discriminación

<p style="text-align: justify;"><strong>Colombia, 9 de agosto del 2022.</strong>&#8211; El Instituto sobre Raza, Igualdad y Derechos Humanos (Raza e Igualdad) rechaza los hechos registrados el viernes 5 de agosto en Cali, en el barrio Llano Verde, en contra de un joven afrodescendiente por parte de la Policía<a href="#_ftn1" name="_ftnref1">[1]</a>. El joven fue víctima de violencia policial racista: cuatro integrantes de la policía lo detuvieron y uno de ellos puso su rodilla en su cabeza cuando estaba inmovilizado en el suelo, haciendo uso desproporcionado de la fuerza<a href="#_ftn2" name="_ftnref2">[2]</a>.</p>
<p style="text-align: justify;">Así mismo, rechazamos lo ocurrido el 3 de agosto contra la periodista y activista por los derechos de las comunidades afrodescendientes Edna Liliana Valencia Murillo, quien fue víctima de perfilamiento racial en el Aeropuerto Alfonso Bonilla Aragón, en Palmira, por parte de un integrante de la Policía<a href="#_ftn3" name="_ftnref3">[3]</a> que le solicitó una requisa en su cabello. «<em>(…) todo ocurrió porque este patrullero consideró que mi cabello afro me convertía en sospechosa de tráfico de drogas. Me dijo que debía tocar mi cabello y por supuesto yo me negué (…)<a href="#_ftn4" name="_ftnref4">[4]»</a></em>, declaró Valencia.</p>
<p style="text-align: justify;">La población afrodescendiente históricamente ha sido víctima de prácticas racistas por parte de la Fuerza Pública con actos como el perfilamiento racial, violencia física, lenguaje racista, prácticas misóginas, homofóbicas y transfóbicas contra mujeres y personas afrodescendientes con OSIGD<a href="#_ftn5" name="_ftnref5">[5]</a> (orientación sexual e identidad de género diversa); al igual que el uso desproporcionado de la fuerza en territorios donde residen principalmente personas afrodescendientes y la negación sistemática del racismo.</p>
<p style="text-align: justify;">La violencia policial racista es muestra de las prácticas globales institucionalizadas de discriminación racial contra personas afrodescendientes que se reproducen cotidianamente. Desde Raza e Igualdad, hacemos un llamado al Estado a acatar e implementar los estándares internacionales contra el racismo y discriminación, como son la Convención Interamericana contra el Racismo, la Discriminación Racial y formas conexas de Intolerancia (CIRDI), la Convención Internacional sobre la Eliminación de todas las Formas de Discriminación Racial (CERD) y su recomendación 36 de 2020 contra el perfilamiento racial, y el Programa de Acción de Durban. Asimismo, es importante la adopción e implementación de los estándares que se han desarrollado contra el uso desproporcionado de la fuerza contra personas afrodescendientes por parte de la Fuerza Pública, como el de la Oficina del Alto Comisionado de las Naciones Unidas (ACNUDH): Resolución 43/1, Resolución 47/21 y la implementación de la Agenda hacia un cambio transformador para la justicia e igualdad racial.</p>
<p style="text-align: justify;">Finalmente, resaltamos la importancia de implementar una reforma policial que vaya en contra de la reproducción de prácticas racistas y discriminatorias por razón de la OSIGD y en todo el sistema de justicia.</p>
<p style="text-align: justify;">
<p>&nbsp;</p>
<p><a href="#_ftnref1" name="_ftn1">[1]</a> Afrodes Colombia. (5 de agosto de 2022). Twitter. Consultado en: <a href="https://raceandequality.org/1442">https://twitter.com/AfrodesColombia/status/1555724781495910400?s=20&amp;t=waNHHrltBxH_SjRx-7OuzA</a></p>
<p><a href="#_ftnref2" name="_ftn2">[2]</a> El tiempo. Video: denuncian abuso policial contra un joven en Llano Verde, oriente de Cali. (2022). Consultado en:https://www.eltiempo.com/colombia/cali/cali-denuncian-abuso-de-autoridad-en-procedimiento-policial-692815</p>
<p><a href="#_ftnref3" name="_ftn3">[3]</a> https://www.infobae.com/america/colombia/2022/08/04/periodista-denuncio-caso-de-racismo-en-el-aeropuerto-de-cali/</p>
<p><a href="#_ftnref4" name="_ftn4">[4]</a> Edna Liliana Valencia Murillo. (3 de agosto de 2022). Instagram. Consultado en: <a href="https://raceandequality.org/1443">https://www.instagram.com/reel/Cg0a-bOI1dT/?igshid=YmMyMTA2M2Y=</a></p>
<p><a href="#_ftnref5" name="_ftn5">[5]</a> Sigla utilizada para enunciar a las personas con orientación sexual e identidad de género diversas.</p>
