{"id":14451,"date":"2022-09-07T18:42:13","date_gmt":"2022-09-07T18:42:13","guid":{"rendered":"http:\/\/race01.wp\/resources\/relator-especial-de-la-onu-sobre-el-derecho-a-la-libertad-de-reunion-pacifica-y-de-asociacion-preocupado-por-cierre-de-espacios-en-nicaragua-guatemala-el-salvador-y-honduras\/"},"modified":"2023-05-10T11:35:10","modified_gmt":"2023-05-10T11:35:10","slug":"relator-especial-de-la-onu-sobre-el-derecho-a-la-libertad-de-reunion-pacifica-y-de-asociacion-preocupado-por-cierre-de-espacios-en-nicaragua-guatemala-el-salvador-y-honduras","status":"publish","type":"resources","link":"https:\/\/raceandequality.org\/es\/resources\/relator-especial-de-la-onu-sobre-el-derecho-a-la-libertad-de-reunion-pacifica-y-de-asociacion-preocupado-por-cierre-de-espacios-en-nicaragua-guatemala-el-salvador-y-honduras\/","title":{"rendered":"Relator Especial de la ONU sobre el derecho a la libertad de reuni\u00f3n pac\u00edfica y de asociaci\u00f3n preocupado por cierre de espacios en Nicaragua, Guatemala, El Salvador y Honduras"},"content":{"rendered":"<p><b>San Jos\u00e9, 7 de septiembre de 2022.-<\/b><span style=\"font-weight: 400;\"> Centroam\u00e9rica atraviesa un per\u00edodo de graves retrocesos en el respeto y garant\u00eda de las libertades que integran el espacio c\u00edvico, entre ellas la de expresi\u00f3n y la de reuni\u00f3n y asociaci\u00f3n pac\u00edficas, particularmente en pa\u00edses como Nicaragua, El Salvador, Honduras y Guatemala, situaci\u00f3n que representa una importante amenaza para las sociedades pac\u00edficas e inclusivas en la regi\u00f3n.\u00a0<\/span><span style=\"font-weight: 400;\">\u00a0<\/span><\/p>\n<p><span style=\"font-weight: 400;\">Ante este contexto el Relator Especial de las Naciones Unidas sobre el derecho a la libertad de reuni\u00f3n pac\u00edfica y de asociaci\u00f3n, Cl\u00e9ment Nyaletsossi Voule, realiz\u00f3 una gira acad\u00e9mica en Costa Rica, con el objetivo de exponer algunos de los principales aportes de la Relator\u00eda para promover y proteger tales derechos en la regi\u00f3n.\u00a0<\/span><\/p>\n<p><span style=\"font-weight: 400;\">Durante la gira, que tuvo lugar entre el 29 de agosto y el 2 de septiembre, el Relator tuvo la oportunidad de reunirse con representantes de la Corte Interamericana de Derechos Humanos, del Colegio de Abogados y Abogadas de Costa Rica, de la Universidad para la Paz de las Naciones Unidas entre otros.\u00a0<\/span><\/p>\n<p><span style=\"font-weight: 400;\">El d\u00eda 1 de septiembre, en la sede de la <\/span><b>Universidad para la Paz<\/b><span style=\"font-weight: 400;\">, tuvo lugar un conversatorio con estudiantes de la mencionada casa de estudios, en el que participaron el Decano de la UPAZ, <\/span><b>Juan Carlos Sainz-Borgo<\/b><span style=\"font-weight: 400;\">, y el se\u00f1or <\/span><b>Mihir Kanade,<\/b><span style=\"font-weight: 400;\"> Director del Centro de Derechos Humanos de la UPAZ, Coordinador Acad\u00e9mico de UPAZ y Presidente del Mecanismo de Expertos de la ONU sobre el Derecho al Desarrollo.<\/span><\/p>\n<p><span style=\"font-weight: 400;\">Durante la misma gira acad\u00e9mica, el relator Voule particip\u00f3 en un conversatorio en la Academia Diplom\u00e1tica \u201cManuel Mar\u00eda de Peralta\u201d de San Jos\u00e9, junto con la Embajadora Carmen Claramunt, Directora Adjunta de la Academia Diplom\u00e1tica.\u00a0<\/span><\/p>\n<p><b>Nicaragua<\/b><\/p>\n<p><span style=\"font-weight: 400;\">\u201cEn Nicaragua, una de nuestras principales preocupaciones son las herramientas que se han adoptado en 2020 y 2022, una es la aprobaci\u00f3n de la Ley de Agentes Extranjeros y la otra es la Ley de Regulaci\u00f3n y control de <\/span><span style=\"font-weight: 400;\">Organismos sin Fines de Lucro<\/span><span style=\"font-weight: 400;\">\u201d, dijo Voule durante su presentaci\u00f3n en la UPAZ.<\/span><\/p>\n<p><span style=\"font-weight: 400;\">\u201cEstas dos leyes permitieron a las autoridades nicarag\u00fcenses suprimir el espacio c\u00edvico criminalizando a los defensores de derechos humanos y l\u00edderes de oposici\u00f3n y disolviendo centenares de organizaciones de la sociedad civil\u201d, agreg\u00f3.<\/span><\/p>\n<p><span style=\"font-weight: 400;\">La exposici\u00f3n hizo especial \u00e9nfasis en la gravedad de la situaci\u00f3n que atraviesa Nicaragua\u00a0 desde el a\u00f1o 2018. La crisis pol\u00edtico-social que comenz\u00f3 hace ya m\u00e1s de 4 a\u00f1os ha derivado en el cierre absoluto del espacio c\u00edvico, el cercenamiento de la libertad de asociaci\u00f3n y la represi\u00f3n de toda manifestaci\u00f3n pac\u00edfica adversa al Gobierno.<\/span><\/p>\n<p><span style=\"font-weight: 400;\">El Relator record\u00f3 que con la aprobaci\u00f3n de leyes se han cerrado m\u00e1s de 1600 organizaciones no gubernamentales en el pa\u00eds, seg\u00fan la informaci\u00f3n que ha recibido.<\/span><\/p>\n<p><span style=\"font-weight: 400;\">\u201cLa situaci\u00f3n es tensa, incluso para nosotros. No podemos entrar al pa\u00eds. Incluso con las personas que he ha hablado, sus propiedades fueron confiscadas y se est\u00e1 volviendo una situaci\u00f3n tan dif\u00edcil que otros pa\u00edses est\u00e1n intentando imitar. Y mi mandato quiere prevenir eso. por ello es que vine a Centroam\u00e9rica\u201d, dijo el relator.<\/span><\/p>\n<p><span style=\"font-weight: 400;\">El cierre de estos espacios se agrav\u00f3 desde la aprobaci\u00f3n de la Ley de Regulaci\u00f3n de Agentes Extranjeros aprobada por el Parlamento nicarag\u00fcense en septiembre de 2020 y que fue utilizada como pretexto para cerrar organizaciones de la sociedad civil en el pa\u00eds.<\/span><\/p>\n<p><a href=\"https:\/\/raceandequality.org\/1451\"><span style=\"font-weight: 400;\">Ese mismo mes, la Relator\u00eda envi\u00f3 una comunicaci\u00f3n al Estado de Nicaragua<\/span><\/a><span style=\"font-weight: 400;\"> mostrando su preocupaci\u00f3n por la incompatibilidad de Ley de Agentes Extranjeros y la Ley de Ciberdelitos con las obligaciones internacionales del pa\u00eds, especialmente con los derechos humanos. En ese entonces, la Relator\u00eda manifest\u00f3 que el \u00e1mbito de aplicaci\u00f3n de la Ley era muy amplio y no quedaba claro su alcance. Esta legislaci\u00f3n proh\u00edbe a quienes son clasificados como \u201cagentes extranjeros\u201d intervenir en asuntos, temas pol\u00edticos o actividades internas de Nicaragua, sin que estos t\u00e9rminos est\u00e9n definidos.<\/span><\/p>\n<p><b>El Salvador<\/b><\/p>\n<p><span style=\"font-weight: 400;\">De igual forma, en la regi\u00f3n, El Salvador se encuentra en medio de la discusi\u00f3n de una Ley similar desde 2021 que ha generado preocupaci\u00f3n en diferentes sectores, pues temen que se genere una situaci\u00f3n parecida a la de Nicaragua que conlleve el cierre de cientos de organizaciones no gubernamentales.<\/span><\/p>\n<p><span style=\"font-weight: 400;\">Entre otras cosas, el Relator tambi\u00e9n expres\u00f3 su preocupaci\u00f3n por las disposiciones que se\u00f1alan la creaci\u00f3n de un registro de agentes extranjeros que limita severamente el acceso a fondos de fuentes externas. El Relator especial mencion\u00f3 que se alegr\u00f3 de recibir una respuesta del gobierno indicando que se suspend\u00eda la consideraci\u00f3n de esta ley.<\/span><\/p>\n<p><b>Guatemala<\/b><\/p>\n<p><span style=\"font-weight: 400;\">En Guatemala, mencion\u00f3 el relator, la preocupaci\u00f3n est\u00e1 enfocada en el abuso de las medidas de emergencia para prohibir y suprimir las protestas pac\u00edficas, adem\u00e1s del incremento de la militarizaci\u00f3n y politizaci\u00f3n de las protestas c\u00edvicas. Estas preocupaciones fueron convocadas a las autoridades a trav\u00e9s de un canal de comunicaci\u00f3n.<\/span><\/p>\n<p><b>Honduras<\/b><\/p>\n<p><span style=\"font-weight: 400;\">Honduras, tambi\u00e9n es uno de los pa\u00edses de la regi\u00f3n que merece especial atenci\u00f3n de la relator\u00eda que Voule representa, El se\u00f1or Voule ha compartido su preocupaci\u00f3n a trav\u00e9s de canales oficiales con el Gobierno sobre la criminalizaci\u00f3n de, as\u00ed como los ataques y el acoso judicial contra l\u00edderes de la sociedad civil que, han provocado varias muertes.\u00a0<\/span><\/p>\n<p><b>Sobre el mandato del Relator<\/b><\/p>\n<p><span style=\"font-weight: 400;\">El se\u00f1or Cl\u00e9ment Nyaletsossi Voulle fue nombrado Relator Especial sobre el derecho a la libertad de reuni\u00f3n pac\u00edfica y de asociaci\u00f3n y asumi\u00f3 sus funciones en abril de 2018.<\/span><\/p>\n<p><span style=\"font-weight: 400;\">La Relator\u00eda que representa debe presentar informes anuales al Consejo de Derechos Humanos y a la Asamblea General de las Naciones Unidas, as\u00ed como realizar visitas oficiales a los pa\u00edses para evaluar la situaci\u00f3n de los derechos de libertad de asociaci\u00f3n pac\u00edfica y asociaci\u00f3n y presentar recomendaciones.<\/span><\/p>\n<p><span style=\"font-weight: 400;\">Tambi\u00e9n debe <\/span><a href=\"https:\/\/raceandequality.org\/1452\"><span style=\"font-weight: 400;\">transmitir llamamientos urgentes, otras cartas y cartas de alegaci\u00f3n a los Estados<\/span><\/a><span style=\"font-weight: 400;\"> Miembros sobre presuntas violaciones a los derechos de libertad de asociaci\u00f3n y reuni\u00f3n pac\u00edfica.\u00a0<\/span><\/p>\n<p><span style=\"font-weight: 400;\">En junio de 2022, el Relator present\u00f3 ante el Consejo de Derechos Humanos su informe tem\u00e1tico m\u00e1s reciente sobre el \u00abAcceso a los recursos\u00bb, as\u00ed como el informe: <\/span><a href=\"https:\/\/raceandequality.org\/1453\"><span style=\"font-weight: 400;\">\u201cProtecci\u00f3n de los derechos humanos en el contexto de las manifestaciones pac\u00edficas durante situaciones de crisis<\/span><\/a><span style=\"font-weight: 400;\">.<\/span><\/p>\n","protected":false},"excerpt":{"rendered":"<p>San Jos\u00e9, 7 de septiembre de 2022.- Centroam\u00e9rica atraviesa un per\u00edodo de graves retrocesos en el respeto y garant\u00eda de las libertades que integran el espacio c\u00edvico, entre ellas la [&hellip;]<\/p>\n","protected":false},"author":15,"featured_media":11077,"parent":0,"menu_order":0,"template":"","format":"standard","categories":[1169],"resources_country":[1199],"resources_language":[],"resources_audience":[],"resources_format":[],"resources_topic":[1109],"resources_year":[],"class_list":["post-14451","resources","type-resources","status-publish","format-standard","has-post-thumbnail","hentry","category-nicaragua","resources_country-nicaragua-es","resources_topic-raza-e-igualdad"],"acf":[],"aioseo_notices":[],"_links":{"self":[{"href":"https:\/\/raceandequality.org\/es\/wp-json\/wp\/v2\/resources\/14451","targetHints":{"allow":["GET"]}}],"collection":[{"href":"https:\/\/raceandequality.org\/es\/wp-json\/wp\/v2\/resources"}],"about":[{"href":"https:\/\/raceandequality.org\/es\/wp-json\/wp\/v2\/types\/resources"}],"author":[{"embeddable":true,"href":"https:\/\/raceandequality.org\/es\/wp-json\/wp\/v2\/users\/15"}],"wp:featuredmedia":[{"embeddable":true,"href":"https:\/\/raceandequality.org\/es\/wp-json\/wp\/v2\/media\/11077"}],"wp:attachment":[{"href":"https:\/\/raceandequality.org\/es\/wp-json\/wp\/v2\/media?parent=14451"}],"wp:term":[{"taxonomy":"category","embeddable":true,"href":"https:\/\/raceandequality.org\/es\/wp-json\/wp\/v2\/categories?post=14451"},{"taxonomy":"resources_country","embeddable":true,"href":"https:\/\/raceandequality.org\/es\/wp-json\/wp\/v2\/resources_country?post=14451"},{"taxonomy":"resources_language","embeddable":true,"href":"https:\/\/raceandequality.org\/es\/wp-json\/wp\/v2\/resources_language?post=14451"},{"taxonomy":"resources_audience","embeddable":true,"href":"https:\/\/raceandequality.org\/es\/wp-json\/wp\/v2\/resources_audience?post=14451"},{"taxonomy":"resources_format","embeddable":true,"href":"https:\/\/raceandequality.org\/es\/wp-json\/wp\/v2\/resources_format?post=14451"},{"taxonomy":"resources_topic","embeddable":true,"href":"https:\/\/raceandequality.org\/es\/wp-json\/wp\/v2\/resources_topic?post=14451"},{"taxonomy":"resources_year","embeddable":true,"href":"https:\/\/raceandequality.org\/es\/wp-json\/wp\/v2\/resources_year?post=14451"}],"curies":[{"name":"wp","href":"https:\/\/api.w.org\/{rel}","templated":true}]}}

Relator Especial de la ONU sobre el derecho a la libertad de reunión pacífica y de asociación preocupado por cierre de espacios en Nicaragua, Guatemala, El Salvador y Honduras

<p><b>San José, 7 de septiembre de 2022.-</b><span style="font-weight: 400;"> Centroamérica atraviesa un período de graves retrocesos en el respeto y garantía de las libertades que integran el espacio cívico, entre ellas la de expresión y la de reunión y asociación pacíficas, particularmente en países como Nicaragua, El Salvador, Honduras y Guatemala, situación que representa una importante amenaza para las sociedades pacíficas e inclusivas en la región. </span><span style="font-weight: 400;"> </span></p>
<p><span style="font-weight: 400;">Ante este contexto el Relator Especial de las Naciones Unidas sobre el derecho a la libertad de reunión pacífica y de asociación, Clément Nyaletsossi Voule, realizó una gira académica en Costa Rica, con el objetivo de exponer algunos de los principales aportes de la Relatoría para promover y proteger tales derechos en la región. </span></p>
<p><span style="font-weight: 400;">Durante la gira, que tuvo lugar entre el 29 de agosto y el 2 de septiembre, el Relator tuvo la oportunidad de reunirse con representantes de la Corte Interamericana de Derechos Humanos, del Colegio de Abogados y Abogadas de Costa Rica, de la Universidad para la Paz de las Naciones Unidas entre otros. </span></p>
<p><span style="font-weight: 400;">El día 1 de septiembre, en la sede de la </span><b>Universidad para la Paz</b><span style="font-weight: 400;">, tuvo lugar un conversatorio con estudiantes de la mencionada casa de estudios, en el que participaron el Decano de la UPAZ, </span><b>Juan Carlos Sainz-Borgo</b><span style="font-weight: 400;">, y el señor </span><b>Mihir Kanade,</b><span style="font-weight: 400;"> Director del Centro de Derechos Humanos de la UPAZ, Coordinador Académico de UPAZ y Presidente del Mecanismo de Expertos de la ONU sobre el Derecho al Desarrollo.</span></p>
<p><span style="font-weight: 400;">Durante la misma gira académica, el relator Voule participó en un conversatorio en la Academia Diplomática “Manuel María de Peralta” de San José, junto con la Embajadora Carmen Claramunt, Directora Adjunta de la Academia Diplomática. </span></p>
<p><b>Nicaragua</b></p>
<p><span style="font-weight: 400;">“En Nicaragua, una de nuestras principales preocupaciones son las herramientas que se han adoptado en 2020 y 2022, una es la aprobación de la Ley de Agentes Extranjeros y la otra es la Ley de Regulación y control de </span><span style="font-weight: 400;">Organismos sin Fines de Lucro</span><span style="font-weight: 400;">”, dijo Voule durante su presentación en la UPAZ.</span></p>
<p><span style="font-weight: 400;">“Estas dos leyes permitieron a las autoridades nicaragüenses suprimir el espacio cívico criminalizando a los defensores de derechos humanos y líderes de oposición y disolviendo centenares de organizaciones de la sociedad civil”, agregó.</span></p>
<p><span style="font-weight: 400;">La exposición hizo especial énfasis en la gravedad de la situación que atraviesa Nicaragua  desde el año 2018. La crisis político-social que comenzó hace ya más de 4 años ha derivado en el cierre absoluto del espacio cívico, el cercenamiento de la libertad de asociación y la represión de toda manifestación pacífica adversa al Gobierno.</span></p>
<p><span style="font-weight: 400;">El Relator recordó que con la aprobación de leyes se han cerrado más de 1600 organizaciones no gubernamentales en el país, según la información que ha recibido.</span></p>
<p><span style="font-weight: 400;">“La situación es tensa, incluso para nosotros. No podemos entrar al país. Incluso con las personas que he ha hablado, sus propiedades fueron confiscadas y se está volviendo una situación tan difícil que otros países están intentando imitar. Y mi mandato quiere prevenir eso. por ello es que vine a Centroamérica”, dijo el relator.</span></p>
<p><span style="font-weight: 400;">El cierre de estos espacios se agravó desde la aprobación de la Ley de Regulación de Agentes Extranjeros aprobada por el Parlamento nicaragüense en septiembre de 2020 y que fue utilizada como pretexto para cerrar organizaciones de la sociedad civil en el país.</span></p>
<p><a href="https://raceandequality.org/1451"><span style="font-weight: 400;">Ese mismo mes, la Relatoría envió una comunicación al Estado de Nicaragua</span></a><span style="font-weight: 400;"> mostrando su preocupación por la incompatibilidad de Ley de Agentes Extranjeros y la Ley de Ciberdelitos con las obligaciones internacionales del país, especialmente con los derechos humanos. En ese entonces, la Relatoría manifestó que el ámbito de aplicación de la Ley era muy amplio y no quedaba claro su alcance. Esta legislación prohíbe a quienes son clasificados como “agentes extranjeros” intervenir en asuntos, temas políticos o actividades internas de Nicaragua, sin que estos términos estén definidos.</span></p>
<p><b>El Salvador</b></p>
<p><span style="font-weight: 400;">De igual forma, en la región, El Salvador se encuentra en medio de la discusión de una Ley similar desde 2021 que ha generado preocupación en diferentes sectores, pues temen que se genere una situación parecida a la de Nicaragua que conlleve el cierre de cientos de organizaciones no gubernamentales.</span></p>
<p><span style="font-weight: 400;">Entre otras cosas, el Relator también expresó su preocupación por las disposiciones que señalan la creación de un registro de agentes extranjeros que limita severamente el acceso a fondos de fuentes externas. El Relator especial mencionó que se alegró de recibir una respuesta del gobierno indicando que se suspendía la consideración de esta ley.</span></p>
<p><b>Guatemala</b></p>
<p><span style="font-weight: 400;">En Guatemala, mencionó el relator, la preocupación está enfocada en el abuso de las medidas de emergencia para prohibir y suprimir las protestas pacíficas, además del incremento de la militarización y politización de las protestas cívicas. Estas preocupaciones fueron convocadas a las autoridades a través de un canal de comunicación.</span></p>
<p><b>Honduras</b></p>
<p><span style="font-weight: 400;">Honduras, también es uno de los países de la región que merece especial atención de la relatoría que Voule representa, El señor Voule ha compartido su preocupación a través de canales oficiales con el Gobierno sobre la criminalización de, así como los ataques y el acoso judicial contra líderes de la sociedad civil que, han provocado varias muertes. </span></p>
<p><b>Sobre el mandato del Relator</b></p>
<p><span style="font-weight: 400;">El señor Clément Nyaletsossi Voulle fue nombrado Relator Especial sobre el derecho a la libertad de reunión pacífica y de asociación y asumió sus funciones en abril de 2018.</span></p>
<p><span style="font-weight: 400;">La Relatoría que representa debe presentar informes anuales al Consejo de Derechos Humanos y a la Asamblea General de las Naciones Unidas, así como realizar visitas oficiales a los países para evaluar la situación de los derechos de libertad de asociación pacífica y asociación y presentar recomendaciones.</span></p>
<p><span style="font-weight: 400;">También debe </span><a href="https://raceandequality.org/1452"><span style="font-weight: 400;">transmitir llamamientos urgentes, otras cartas y cartas de alegación a los Estados</span></a><span style="font-weight: 400;"> Miembros sobre presuntas violaciones a los derechos de libertad de asociación y reunión pacífica. </span></p>
<p><span style="font-weight: 400;">En junio de 2022, el Relator presentó ante el Consejo de Derechos Humanos su informe temático más reciente sobre el «Acceso a los recursos», así como el informe: </span><a href="https://raceandequality.org/1453"><span style="font-weight: 400;">“Protección de los derechos humanos en el contexto de las manifestaciones pacíficas durante situaciones de crisis</span></a><span style="font-weight: 400;">.</span></p>

<p>San José, 7 de septiembre de 2022.- Centroamérica atraviesa un período de graves retrocesos en el respeto y garantía de las libertades que integran el espacio cívico, entre ellas la [&hellip;]</p>
