{"id":14527,"date":"2022-10-17T22:08:50","date_gmt":"2022-10-17T22:08:50","guid":{"rendered":"http:\/\/race01.wp\/resources\/cierre-de-espacios-civicos-es-una-amenaza-para-la-democracia-en-las-americas-concordaron-defensores-en-el-marco-de-la-52-asamblea-general-oea\/"},"modified":"2023-10-18T17:22:00","modified_gmt":"2023-10-18T17:22:00","slug":"cierre-de-espacios-civicos-es-una-amenaza-para-la-democracia-en-las-americas-concordaron-defensores-en-el-marco-de-la-52-asamblea-general-oea","status":"publish","type":"resources","link":"https:\/\/raceandequality.org\/es\/resources\/cierre-de-espacios-civicos-es-una-amenaza-para-la-democracia-en-las-americas-concordaron-defensores-en-el-marco-de-la-52-asamblea-general-oea\/","title":{"rendered":"Cierre de espacios c\u00edvicos es una amenaza para la democracia en las Am\u00e9ricas, concordaron defensores en el marco de la 52 Asamblea General OEA"},"content":{"rendered":"<p style=\"text-align: justify;\"><b>Washington D.C., 17 de Octubre de 2022<\/b><span style=\"font-weight: 400;\">.- \u201cLa sumatoria de muchos actos represivos termina derivando en un cierre del espacio c\u00edvico, en perder la confianza en el ejercicio de libertades\u201d, expres\u00f3 el Relator Especial para la Libertad de Expresi\u00f3n de la Comisi\u00f3n Interamericana de Derechos Humanos (CIDH), Pedro Vaca Villarreal, en el evento\u00a0<\/span><i><span style=\"font-weight: 400;\">\u201cCierre de espacios c\u00edvicos: tendencias regionales y acciones para fortalecer la participaci\u00f3n ciudadana\u201d<\/span><\/i><span style=\"font-weight: 400;\">, celebrado en el marco de la 52 Asamblea General de la Organizaci\u00f3n de Estados Americanos (OEA), en Lima, Per\u00fa.<\/span><\/p>\n<p style=\"text-align: justify;\"><span style=\"font-weight: 400;\">Pedro Vaca y personas defensoras de derechos humanos de Brasil, Guatemala, Nicaragua y Venezuela, convocadas por el Consorcio Latioamericano de Derechos Humanos -iniciativa conformada por Freedom House, la Fundaci\u00f3n Panamericana para el Desarrollo (PADF) y liderada por el Instituto sobre Raza, Igualdad y Derechos Humanos-, denunciaron el alarmante cierre de los espacios c\u00edvicos en sus pa\u00edses, los patrones represivos comunes y sus ideas para contrarrestarlos.<\/span><\/p>\n<p style=\"text-align: justify;\"><span style=\"font-weight: 400;\">Juan Carlos Arce, abogado del Colectivo de Derechos <\/span><i><span style=\"font-weight: 400;\">Nicaragua Nunca +<\/span><\/i><span style=\"font-weight: 400;\">, expuso la dram\u00e1tica situaci\u00f3n que vive la sociedad civil nicarag\u00fcense que, desde el a\u00f1o 2018 -cuando inici\u00f3 la crisis sociopol\u00edtica y de derechos humanos- vive<\/span><i><span style=\"font-weight: 400;\"> \u201cel mayor ataque a la libertad de asociaci\u00f3n\u201d<\/span><\/i><span style=\"font-weight: 400;\"> en su historia. Seg\u00fan los registros de su organizaci\u00f3n, el r\u00e9gimen de Daniel Ortega y Rosario Murillo, haciendo uso de leyes como la Ley de Regulaci\u00f3n de Agentes Extranjeros y la Ley General de Regulaci\u00f3n y Control de Organismos Sin Fines de Lucro, ha despojado de sus personalidades jur\u00eddicas a m\u00e1s 2250 organizaciones hasta el a\u00f1o 2022. \u201c<\/span><i><span style=\"font-weight: 400;\">Ha habido d\u00edas en los que han ilegalizado 200&#8243;<\/span><\/i><span style=\"font-weight: 400;\">, lament\u00f3.<\/span><\/p>\n<p style=\"text-align: justify;\"><span style=\"font-weight: 400;\">La Coordinadora General de <\/span><i><span style=\"font-weight: 400;\">CRIOLA (Brasil)<\/span><\/i><span style=\"font-weight: 400;\">, L\u00facia Xavier, denunci\u00f3 que el Estado brasile\u00f1o ha actuado con violencia para controlar manifestaciones p\u00fablicas en el marco de las elecciones presidenciales. <\/span><i><span style=\"font-weight: 400;\">\u00abEn Brasil, en estas elecciones, 42 manifestaciones contra el gobierno fueron rechazadas. Defensores de los derechos humanos est\u00e1n siendo amenazados\u00bb.<\/span><\/i><\/p>\n<p style=\"text-align: justify;\"><span style=\"font-weight: 400;\">Arturo Jord\u00e1n Rodas Andrade, Ex Procurador de Derechos Humanos de Guatemala, record\u00f3 que el cierre de los espacios c\u00edvicos es un <\/span><i><span style=\"font-weight: 400;\">\u201cproblema regional que se est\u00e1 expandiendo\u201d <\/span><\/i><span style=\"font-weight: 400;\">con patrones comunes como: la corrupci\u00f3n, la persecuci\u00f3n a la prensa independiente, la parcialidad de los operadores de justicia, entre otros.\u00a0<\/span><\/p>\n<p style=\"text-align: justify;\"><span style=\"font-weight: 400;\">Adem\u00e1s, para Rodas, es de extrema preocupaci\u00f3n c\u00f3mo se reprime con <\/span><i><span style=\"font-weight: 400;\">\u201ctrato diferencial\u201d <\/span><\/i><span style=\"font-weight: 400;\">a las y los estudiantes y sociedad civil guatemalteca. <\/span><i><span style=\"font-weight: 400;\">\u201cLa Comisi\u00f3n Interamericana de Derechos Humanos (CIDH) nos pone (a Guatemala) a la par de pa\u00edses como Venezuela, Nicaragua, Cuba, donde se est\u00e1n vulnerando permanentemente los derechos humanos<\/span><\/i><span style=\"font-weight: 400;\">\u201d, lament\u00f3.<\/span><\/p>\n<p style=\"text-align: justify;\"><span style=\"font-weight: 400;\">Por su parte, Clara Ram\u00edrez, Directora Interina de <\/span><i><span style=\"font-weight: 400;\">Fundaredes <\/span><\/i><span style=\"font-weight: 400;\">destac\u00f3 que el r\u00e9gimen venezolano utiliza mecanismos como la televisi\u00f3n p\u00fablica para emitir comentarios en contra de las organizaciones de la sociedad civil. <\/span><i><span style=\"font-weight: 400;\">\u201cSe les trata de mecanismos para que Estados Unidos tenga injerencia en Venezuela\u2026 servidores del imperio\u201d<\/span><\/i><span style=\"font-weight: 400;\">.<\/span><\/p>\n<p style=\"text-align: justify;\"><span style=\"font-weight: 400;\">Fundaredes, por m\u00e1s de 15 a\u00f1os, ha documentado ampliamente la presencia de grupos armados en Venezuela, as\u00ed como casos de graves violaciones de los derechos humanos cometidos por las fuerzas de seguridad del Estado.<\/span> <span style=\"font-weight: 400;\">Esto les ha tra\u00eddo como consecuencia al menos 11 ataques de hostigamiento contra la organizaci\u00f3n<\/span><i><span style=\"font-weight: 400;\">\u201cque se materializaron el 2 de julio de 2021, cuando detuvieron arbitrariamente a Javier Tarazona, Director de Fundaredes\u201d.\u00a0<\/span><\/i><\/p>\n<p style=\"text-align: justify;\"><b>Pedro Vaca: Ante el cierre de espacios c\u00edvicos insistamos por mayor diversidad y pluralismo<\/b><\/p>\n<p style=\"text-align: justify;\"><span style=\"font-weight: 400;\">El Relator Especial para la Libertad de Expresi\u00f3n de la Comisi\u00f3n Interamericana de Derechos Humanos (CIDH), coment\u00f3 que el 2022 \u00abapunta a ser el a\u00f1o m\u00e1s letal para la prensa en el continente, desde que existe la<\/span> <span style=\"font-weight: 400;\">Relator\u00eda (Especial para la Libertad de Expresi\u00f3n &#8211; RELE), hace 24 a\u00f1os\u00bb, as\u00ed como \u00abel a\u00f1o en el que hay m\u00e1s personas privadas de libertad por ejercer la libertad de expresi\u00f3n\u00bb<\/span><\/p>\n<p style=\"text-align: justify;\"><span style=\"font-weight: 400;\">Pese al desolador panorama para la prensa independiente, el Relator reconoci\u00f3 la resiliencia de las organizaciones y personas defensoras de derechos humanos. <\/span><i><span style=\"font-weight: 400;\">\u201cActualmente, en varios pa\u00edses de la regi\u00f3n hay m\u00e1s incentivos para dejar de ser y hacer sociedad civil, que para persistir y hacer, pero hay una constancia, hay un compromiso. Yo creo que el mejor periodismo se est\u00e1 haciendo ahora porque no solo es un periodismo que est\u00e1 aportando, es un periodismo a contracorriente\u2026 y a pesar de todos estos obst\u00e1culos hay periodismo, hay solidaridad entre periodistas\u201d<\/span><\/i><\/p>\n<p style=\"text-align: justify;\"><span style=\"font-weight: 400;\">En su ponencia, Vaca tambi\u00e9n insisti\u00f3 en que hay que llamar a las \u201cvoces oficiales\u201d a que <\/span><i><span style=\"font-weight: 400;\">\u201centiendan que son una voz importante pero no son la \u00fanica voz. Pierden todas las democracias si la voz oficial se plantea como la \u00fanica voz\u201d<\/span><\/i><span style=\"font-weight: 400;\">.\u00a0<\/span><\/p>\n<p style=\"text-align: justify;\"><span style=\"font-weight: 400;\">\u201c<\/span><i><span style=\"font-weight: 400;\">Somos sociedades diversas, la democracia es diversa, las narraciones unilaterales le hacen da\u00f1o a nuestra vida en comunidad y es muy importante que, ante este cierre de espacios c\u00edvicos insistamos por mayor diversidad y pluralismo<\/span><\/i><span style=\"font-weight: 400;\">\u201d, finaliz\u00f3.<\/span><\/p>\n<p style=\"text-align: justify;\"><b>Raza e Igualdad reitera su compromiso con la sociedad civil<\/b><\/p>\n<p style=\"text-align: justify;\"><span style=\"font-weight: 400;\">Christina Fetterhoff, Directora de Programas de Raza e Igualdad, denunci\u00f3 que algunos gobiernos de la regi\u00f3n \u201cindependientemente de su orientaci\u00f3n y l\u00f3gica\u201d emprenden acciones para restringir la libertad de asociaci\u00f3n. \u201cEl cierre de espacios c\u00edvicos en la regi\u00f3n se ha profundizado y es una amenaza seria para la democracia\u2026 Continuaremos fortaleciendo el rol de la sociedad civil en la regi\u00f3n\u00bb, recalc\u00f3.<\/span><\/p>\n<p style=\"text-align: justify;\"><i><span style=\"font-weight: 400;\">\u201cFortalecer el trabajo de las organizaciones de la sociedad civil y sus espacios de participaci\u00f3n es un tema de particular relevancia para el hemisferio en su conjunto\u201d, <\/span><\/i><span style=\"font-weight: 400;\">agreg\u00f3<\/span> <span style=\"font-weight: 400;\">David \u00c1lvarez Veloso, Coordinador del Consorcio Latinoamericano de Derechos Humanos. Es necesario compartir y discutir las estrategias utilizadas por los gobiernos, pero tambi\u00e9n <\/span><i><span style=\"font-weight: 400;\">\u201clas estrategias que las organizaciones de la regi\u00f3n est\u00e1n implementando para hacer frente a este desaf\u00edo compartido\u201d.\u00a0<\/span><\/i><\/p>\n<p style=\"text-align: justify;\"><span style=\"font-weight: 400;\">El Instituto Internacional sobre Raza, Igualdad y Derechos Humanos (Raza e Igualdad), reconociendo el preocupante deterioro del tejido y los valores democr\u00e1ticos, reitera su compromiso con la promoci\u00f3n y defensa de los derechos humanos fundamentales y las libertades p\u00fablicas.\u00a0<\/span><\/p>\n<p style=\"text-align: justify;\"><span style=\"font-weight: 400;\">El fortalecimiento de una democracia sana requiere de una sociedad civil activa que ejerza libremente su rol de vigilar las acciones de gobiernos y funcionarios p\u00fablicos, presentar propuestas, defender y promover derechos, dirigir reclamos, entre otros. Por ello, urgimos a la comunidad internacional actuar de forma coordinada para combatir los desaf\u00edos que enfrenta la sociedad civil y las consecuencias que esto puede generar para la estabilidad y la paz social de las Am\u00e9ricas.<\/span><\/p>\n","protected":false},"excerpt":{"rendered":"<p>Washington D.C., 17 de Octubre de 2022.- \u201cLa sumatoria de muchos actos represivos termina derivando en un cierre del espacio c\u00edvico, en perder la confianza en el ejercicio de libertades\u201d, [&hellip;]<\/p>\n","protected":false},"author":15,"featured_media":14528,"parent":0,"menu_order":0,"template":"","format":"standard","categories":[1160,1169,1161],"resources_country":[1189,1199],"resources_language":[],"resources_audience":[],"resources_format":[],"resources_topic":[1208,1106],"resources_year":[],"class_list":["post-14527","resources","type-resources","status-publish","format-standard","has-post-thumbnail","hentry","category-brazil-es","category-nicaragua","category-oea","resources_country-brasil","resources_country-nicaragua-es","resources_topic-consorcio-de-derechos-humanos","resources_topic-oea-es"],"acf":[],"aioseo_notices":[],"_links":{"self":[{"href":"https:\/\/raceandequality.org\/es\/wp-json\/wp\/v2\/resources\/14527","targetHints":{"allow":["GET"]}}],"collection":[{"href":"https:\/\/raceandequality.org\/es\/wp-json\/wp\/v2\/resources"}],"about":[{"href":"https:\/\/raceandequality.org\/es\/wp-json\/wp\/v2\/types\/resources"}],"author":[{"embeddable":true,"href":"https:\/\/raceandequality.org\/es\/wp-json\/wp\/v2\/users\/15"}],"wp:featuredmedia":[{"embeddable":true,"href":"https:\/\/raceandequality.org\/es\/wp-json\/wp\/v2\/media\/14528"}],"wp:attachment":[{"href":"https:\/\/raceandequality.org\/es\/wp-json\/wp\/v2\/media?parent=14527"}],"wp:term":[{"taxonomy":"category","embeddable":true,"href":"https:\/\/raceandequality.org\/es\/wp-json\/wp\/v2\/categories?post=14527"},{"taxonomy":"resources_country","embeddable":true,"href":"https:\/\/raceandequality.org\/es\/wp-json\/wp\/v2\/resources_country?post=14527"},{"taxonomy":"resources_language","embeddable":true,"href":"https:\/\/raceandequality.org\/es\/wp-json\/wp\/v2\/resources_language?post=14527"},{"taxonomy":"resources_audience","embeddable":true,"href":"https:\/\/raceandequality.org\/es\/wp-json\/wp\/v2\/resources_audience?post=14527"},{"taxonomy":"resources_format","embeddable":true,"href":"https:\/\/raceandequality.org\/es\/wp-json\/wp\/v2\/resources_format?post=14527"},{"taxonomy":"resources_topic","embeddable":true,"href":"https:\/\/raceandequality.org\/es\/wp-json\/wp\/v2\/resources_topic?post=14527"},{"taxonomy":"resources_year","embeddable":true,"href":"https:\/\/raceandequality.org\/es\/wp-json\/wp\/v2\/resources_year?post=14527"}],"curies":[{"name":"wp","href":"https:\/\/api.w.org\/{rel}","templated":true}]}}

Cierre de espacios cívicos es una amenaza para la democracia en las Américas, concordaron defensores en el marco de la 52 Asamblea General OEA

<p style="text-align: justify;"><b>Washington D.C., 17 de Octubre de 2022</b><span style="font-weight: 400;">.- “La sumatoria de muchos actos represivos termina derivando en un cierre del espacio cívico, en perder la confianza en el ejercicio de libertades”, expresó el Relator Especial para la Libertad de Expresión de la Comisión Interamericana de Derechos Humanos (CIDH), Pedro Vaca Villarreal, en el evento </span><i><span style="font-weight: 400;">“Cierre de espacios cívicos: tendencias regionales y acciones para fortalecer la participación ciudadana”</span></i><span style="font-weight: 400;">, celebrado en el marco de la 52 Asamblea General de la Organización de Estados Americanos (OEA), en Lima, Perú.</span></p>
<p style="text-align: justify;"><span style="font-weight: 400;">Pedro Vaca y personas defensoras de derechos humanos de Brasil, Guatemala, Nicaragua y Venezuela, convocadas por el Consorcio Latioamericano de Derechos Humanos -iniciativa conformada por Freedom House, la Fundación Panamericana para el Desarrollo (PADF) y liderada por el Instituto sobre Raza, Igualdad y Derechos Humanos-, denunciaron el alarmante cierre de los espacios cívicos en sus países, los patrones represivos comunes y sus ideas para contrarrestarlos.</span></p>
<p style="text-align: justify;"><span style="font-weight: 400;">Juan Carlos Arce, abogado del Colectivo de Derechos </span><i><span style="font-weight: 400;">Nicaragua Nunca +</span></i><span style="font-weight: 400;">, expuso la dramática situación que vive la sociedad civil nicaragüense que, desde el año 2018 -cuando inició la crisis sociopolítica y de derechos humanos- vive</span><i><span style="font-weight: 400;"> “el mayor ataque a la libertad de asociación”</span></i><span style="font-weight: 400;"> en su historia. Según los registros de su organización, el régimen de Daniel Ortega y Rosario Murillo, haciendo uso de leyes como la Ley de Regulación de Agentes Extranjeros y la Ley General de Regulación y Control de Organismos Sin Fines de Lucro, ha despojado de sus personalidades jurídicas a más 2250 organizaciones hasta el año 2022. “</span><i><span style="font-weight: 400;">Ha habido días en los que han ilegalizado 200&#8243;</span></i><span style="font-weight: 400;">, lamentó.</span></p>
<p style="text-align: justify;"><span style="font-weight: 400;">La Coordinadora General de </span><i><span style="font-weight: 400;">CRIOLA (Brasil)</span></i><span style="font-weight: 400;">, Lúcia Xavier, denunció que el Estado brasileño ha actuado con violencia para controlar manifestaciones públicas en el marco de las elecciones presidenciales. </span><i><span style="font-weight: 400;">«En Brasil, en estas elecciones, 42 manifestaciones contra el gobierno fueron rechazadas. Defensores de los derechos humanos están siendo amenazados».</span></i></p>
<p style="text-align: justify;"><span style="font-weight: 400;">Arturo Jordán Rodas Andrade, Ex Procurador de Derechos Humanos de Guatemala, recordó que el cierre de los espacios cívicos es un </span><i><span style="font-weight: 400;">“problema regional que se está expandiendo” </span></i><span style="font-weight: 400;">con patrones comunes como: la corrupción, la persecución a la prensa independiente, la parcialidad de los operadores de justicia, entre otros. </span></p>
<p style="text-align: justify;"><span style="font-weight: 400;">Además, para Rodas, es de extrema preocupación cómo se reprime con </span><i><span style="font-weight: 400;">“trato diferencial” </span></i><span style="font-weight: 400;">a las y los estudiantes y sociedad civil guatemalteca. </span><i><span style="font-weight: 400;">“La Comisión Interamericana de Derechos Humanos (CIDH) nos pone (a Guatemala) a la par de países como Venezuela, Nicaragua, Cuba, donde se están vulnerando permanentemente los derechos humanos</span></i><span style="font-weight: 400;">”, lamentó.</span></p>
<p style="text-align: justify;"><span style="font-weight: 400;">Por su parte, Clara Ramírez, Directora Interina de </span><i><span style="font-weight: 400;">Fundaredes </span></i><span style="font-weight: 400;">destacó que el régimen venezolano utiliza mecanismos como la televisión pública para emitir comentarios en contra de las organizaciones de la sociedad civil. </span><i><span style="font-weight: 400;">“Se les trata de mecanismos para que Estados Unidos tenga injerencia en Venezuela… servidores del imperio”</span></i><span style="font-weight: 400;">.</span></p>
<p style="text-align: justify;"><span style="font-weight: 400;">Fundaredes, por más de 15 años, ha documentado ampliamente la presencia de grupos armados en Venezuela, así como casos de graves violaciones de los derechos humanos cometidos por las fuerzas de seguridad del Estado.</span> <span style="font-weight: 400;">Esto les ha traído como consecuencia al menos 11 ataques de hostigamiento contra la organización</span><i><span style="font-weight: 400;">“que se materializaron el 2 de julio de 2021, cuando detuvieron arbitrariamente a Javier Tarazona, Director de Fundaredes”. </span></i></p>
<p style="text-align: justify;"><b>Pedro Vaca: Ante el cierre de espacios cívicos insistamos por mayor diversidad y pluralismo</b></p>
<p style="text-align: justify;"><span style="font-weight: 400;">El Relator Especial para la Libertad de Expresión de la Comisión Interamericana de Derechos Humanos (CIDH), comentó que el 2022 «apunta a ser el año más letal para la prensa en el continente, desde que existe la</span> <span style="font-weight: 400;">Relatoría (Especial para la Libertad de Expresión &#8211; RELE), hace 24 años», así como «el año en el que hay más personas privadas de libertad por ejercer la libertad de expresión»</span></p>
<p style="text-align: justify;"><span style="font-weight: 400;">Pese al desolador panorama para la prensa independiente, el Relator reconoció la resiliencia de las organizaciones y personas defensoras de derechos humanos. </span><i><span style="font-weight: 400;">“Actualmente, en varios países de la región hay más incentivos para dejar de ser y hacer sociedad civil, que para persistir y hacer, pero hay una constancia, hay un compromiso. Yo creo que el mejor periodismo se está haciendo ahora porque no solo es un periodismo que está aportando, es un periodismo a contracorriente… y a pesar de todos estos obstáculos hay periodismo, hay solidaridad entre periodistas”</span></i></p>
<p style="text-align: justify;"><span style="font-weight: 400;">En su ponencia, Vaca también insistió en que hay que llamar a las “voces oficiales” a que </span><i><span style="font-weight: 400;">“entiendan que son una voz importante pero no son la única voz. Pierden todas las democracias si la voz oficial se plantea como la única voz”</span></i><span style="font-weight: 400;">. </span></p>
<p style="text-align: justify;"><span style="font-weight: 400;">“</span><i><span style="font-weight: 400;">Somos sociedades diversas, la democracia es diversa, las narraciones unilaterales le hacen daño a nuestra vida en comunidad y es muy importante que, ante este cierre de espacios cívicos insistamos por mayor diversidad y pluralismo</span></i><span style="font-weight: 400;">”, finalizó.</span></p>
<p style="text-align: justify;"><b>Raza e Igualdad reitera su compromiso con la sociedad civil</b></p>
<p style="text-align: justify;"><span style="font-weight: 400;">Christina Fetterhoff, Directora de Programas de Raza e Igualdad, denunció que algunos gobiernos de la región “independientemente de su orientación y lógica” emprenden acciones para restringir la libertad de asociación. “El cierre de espacios cívicos en la región se ha profundizado y es una amenaza seria para la democracia… Continuaremos fortaleciendo el rol de la sociedad civil en la región», recalcó.</span></p>
<p style="text-align: justify;"><i><span style="font-weight: 400;">“Fortalecer el trabajo de las organizaciones de la sociedad civil y sus espacios de participación es un tema de particular relevancia para el hemisferio en su conjunto”, </span></i><span style="font-weight: 400;">agregó</span> <span style="font-weight: 400;">David Álvarez Veloso, Coordinador del Consorcio Latinoamericano de Derechos Humanos. Es necesario compartir y discutir las estrategias utilizadas por los gobiernos, pero también </span><i><span style="font-weight: 400;">“las estrategias que las organizaciones de la región están implementando para hacer frente a este desafío compartido”. </span></i></p>
<p style="text-align: justify;"><span style="font-weight: 400;">El Instituto Internacional sobre Raza, Igualdad y Derechos Humanos (Raza e Igualdad), reconociendo el preocupante deterioro del tejido y los valores democráticos, reitera su compromiso con la promoción y defensa de los derechos humanos fundamentales y las libertades públicas. </span></p>
<p style="text-align: justify;"><span style="font-weight: 400;">El fortalecimiento de una democracia sana requiere de una sociedad civil activa que ejerza libremente su rol de vigilar las acciones de gobiernos y funcionarios públicos, presentar propuestas, defender y promover derechos, dirigir reclamos, entre otros. Por ello, urgimos a la comunidad internacional actuar de forma coordinada para combatir los desafíos que enfrenta la sociedad civil y las consecuencias que esto puede generar para la estabilidad y la paz social de las Américas.</span></p>

<p>Washington D.C., 17 de Octubre de 2022.- “La sumatoria de muchos actos represivos termina derivando en un cierre del espacio cívico, en perder la confianza en el ejercicio de libertades”, [&hellip;]</p>
