{"id":14604,"date":"2022-11-25T16:49:31","date_gmt":"2022-11-25T16:49:31","guid":{"rendered":"http:\/\/race01.wp\/resources\/el-25n-y-los-16-dias-de-activismo-tiempo-para-reflexionar-y-actuar-contra-la-violencia-de-genero\/"},"modified":"2023-05-10T11:52:40","modified_gmt":"2023-05-10T11:52:40","slug":"el-25n-y-los-16-dias-de-activismo-tiempo-para-reflexionar-y-actuar-contra-la-violencia-de-genero","status":"publish","type":"resources","link":"https:\/\/raceandequality.org\/es\/resources\/el-25n-y-los-16-dias-de-activismo-tiempo-para-reflexionar-y-actuar-contra-la-violencia-de-genero\/","title":{"rendered":"El 25N y los 16 D\u00edas de Activismo, tiempo para reflexionar y actuar contra la violencia de g\u00e9nero"},"content":{"rendered":"<p style=\"text-align: justify;\"><strong>Washington DC, 25 de noviembre de 2022.<\/strong>&#8211; En 2021, <strong>el 56% de las mujeres asesinadas en el mundo murieron a manos de sus parejas u otros familiares<\/strong>, seg\u00fan ONU Mujeres, la organizaci\u00f3n de Naciones Unidas dedicada a la promoci\u00f3n de los derechos de las mujeres y ni\u00f1as. Dicha estad\u00edstica fue dada a conocer en v\u00edsperas del D\u00eda Internacional de la Eliminaci\u00f3n de la Violencia contra las Mujeres, que se conmemora este 25 de noviembre y marca el inicio de los 16 D\u00edas de activismo contra la violencia de g\u00e9nero.<\/p>\n<p style=\"text-align: justify;\">La organizaci\u00f3n detall\u00f3 que, cada hora, m\u00e1s de cinco mujeres o ni\u00f1as fueron asesinadas en el mundo por alg\u00fan miembro de su entorno m\u00e1s cercano en 2021. En el caso de Am\u00e9rica Latina y el Caribe, y en el contexto de la Covid-19, la problem\u00e1tica de feminicidios ha sido calificada como <strong>\u201cla otra pandemia\u201d<\/strong>. Aunque establecer con exactitud cu\u00e1ntos feminicidios ocurren en la regi\u00f3n cada a\u00f1o resulta dif\u00edcil debido a la falta de datos oficiales o al sesgo con el cual algunos pa\u00edses registran la violencia contra las mujeres, las aproximaciones hechas por organismos internacionales u organizaciones de la sociedad civil dan cuenta de una situaci\u00f3n grave.<\/p>\n<p style=\"text-align: justify;\">De acuerdo con el informe\u00a0<em>La pandemia en la sombra<\/em>, de la <strong>Comisi\u00f3n Econ\u00f3mica para Am\u00e9rica Latina y el Caribe (CEPAL)<\/strong>, al menos 4,091 mujeres fueron v\u00edctimas de feminicidio en 26 pa\u00edses (17 de Am\u00e9rica Latina y 9 del Caribe) en 2020.\u00a0Al hacer una radiograf\u00eda por pa\u00eds, nos encontramos con cifras igual de preocupantes. En M\u00e9xico, en 2021, las autoridades registraron 977 mujeres asesinadas, de las cuales el 18% eran menores de 18 a\u00f1os. En Honduras, ese a\u00f1o hubo 381 feminicidios, para una tasa de 4.7 por cada 100,000 mujeres.<\/p>\n<p style=\"text-align: justify;\">Si bien el feminicidio es la expresi\u00f3n m\u00e1s extrema de la violencia contra las mujeres, es importante tener en cuenta que <strong>existen diversas manifestaciones que vulneran sus derechos.<\/strong> Esto, lamentablemente, marca en nuestras sociedades una din\u00e1mica generalizada y en tendencia: cada d\u00eda, a cada momento, una mujer, ni\u00f1a o adolescente es v\u00edctima de violencia basada en g\u00e9nero. ONU Mujeres cifra esta realidad en que 1 de cada 3 mujeres en el mundo sufre violencia de g\u00e9nero durante su vida.<\/p>\n<p style=\"text-align: justify;\">Para el Instituto Internacional sobre Raza, Igualdad y Derechos Humanos (Raza e Igualdad), monitorear y analizar la situaci\u00f3n de violencia contra las mujeres en las Am\u00e9ricas, as\u00ed como hacer recomendaciones a los Estados para combatirla, es <strong>un eje fundamental en nuestro trabajo de promoci\u00f3n y defensa de los derechos humanos<\/strong> desde una perspectiva interseccional, pues entendemos que la violencia basada en g\u00e9nero es estructural y tiene m\u00faltiples expresiones que pueden afectar de forma desproporcionada seg\u00fan el origen nacional, la raza o etnia y la orientaci\u00f3n sexual y diversidad de g\u00e9nero de las personas.<\/p>\n<p style=\"text-align: justify;\"><strong>Una ola que crece y resiste<\/strong><\/p>\n<p style=\"text-align: justify;\">Sin duda, el <strong>movimiento que lucha contra la violencia de g\u00e9nero<\/strong> ha venido creciendo significativamente en las Am\u00e9ricas. El trabajo de registrar y denunciar las violencias que enfrentan las mujeres en diferentes espacios de la sociedad ha hecho posible que esta problem\u00e1tica constituya un eje clave en la creaci\u00f3n p\u00fablicas para la protecci\u00f3n de sus derechos y la eliminaci\u00f3n de esta llamada pandemia.<\/p>\n<p style=\"text-align: justify;\">Este D\u00eda Internacional de la Eliminaci\u00f3n de la Violencia contra las Mujeres, no solo queremos contribuir a visibilizar la problem\u00e1tica, sino que tambi\u00e9n queremos exaltar los <strong>perfiles de mujeres que hacen frente a la violencia de g\u00e9nero y buscan transformar la realidad de sus comunidades<\/strong> para garantizar una vida libre de violencia y con igualdad de oportunidades para las mujeres y ni\u00f1as.<\/p>\n<p style=\"text-align: justify;\"><strong><em>Luchando contra la violencia de g\u00e9nero sin un marco legal<\/em><\/strong><\/p>\n<p style=\"text-align: justify;\"><strong>Eroises Gonz\u00e1lez<\/strong> es una activista afrocubana que dirige la Plataforma Femenina, una organizaci\u00f3n que desde hace 12 a\u00f1os trabaja para que las mujeres identifiquen y hagan frente a las diversas manifestaciones de la violencia de g\u00e9nero. Ello pese a que Cuba no cuenta con una ley en ese sentido y es uno de los pocos pa\u00edses de la regi\u00f3n que no tipifica el delito de feminicidio. \u201cHoy las cubanas, a pesar de que nos falta mucho por lograr una vida sin violencias, est\u00e1n tratando de romper con el patriarcado impuesto por a\u00f1os\u201d, asegura.<\/p>\n<p style=\"text-align: justify;\"><strong><em>Resistiendo ante la violencia pol\u00edtica <\/em><\/strong><\/p>\n<p style=\"text-align: justify;\"><strong>Anexa Alfred Cunningham<\/strong> es una mujer ind\u00edgena m\u00edskitu nicarag\u00fcense, abogada e integrante del <a href=\"https:\/\/raceandequality.org\/693\">Mecanismo de Expertos sobre Derechos de los Pueblos Ind\u00edgenas<\/a> (EMRIP, por sus siglas en ingl\u00e9s) por Am\u00e9rica Central y del Sur. En julio de 2022, al terminar su primera misi\u00f3n oficial en la decimoquinta sesi\u00f3n del EMRIP, la experta no pudo abordar su vuelo de regreso a Nicaragua por \u00f3rdenes del r\u00e9gimen autoritario de este pa\u00eds. De este modo, qued\u00f3 en una situaci\u00f3n de exilio ilegal de su propia tierra, donde resid\u00eda y la esperaban sus familiares, incluidos sus hijos e hijas menores de edad a su cargo.<\/p>\n<p style=\"text-align: justify;\"><strong><em>Haciendo frente a la violencia vicaria<\/em><\/strong><\/p>\n<p style=\"text-align: justify;\">En Per\u00fa, <strong>Sabrina Rodr\u00edguez<\/strong> lucha contra la violencia vicaria a trav\u00e9s del Frente de Lucha Materna. Este tipo de violencia es aquella que tiene como objetivo da\u00f1ar a la mujer a trav\u00e9s de sus seres queridos y especialmente de sus hijas e hijos. Su manifestaci\u00f3n m\u00e1s extrema es el asesinato de hijos e hijas, pero tambi\u00e9n se expresa cuando los progenitores imponen condicionamientos para pensi\u00f3n de alimentos, amenazan con quitar la custodia y hostigan con denuncias judiciales, entre otras acciones, con el fin de continuar ejerciendo control, da\u00f1o, dolor, desgaste emocional y econ\u00f3mico hacia las mujeres que decidieron cortar la relaci\u00f3n.<\/p>\n<p style=\"text-align: justify;\"><strong><em>Acompa\u00f1ando a mujeres migrantes<\/em><\/strong><\/p>\n<p style=\"text-align: justify;\"><strong>Gaby Arenas<\/strong>, de Colombia, es fundadora y directora de TAAP (Taller de Aprendizaje para las Artes y la Paz), organizaci\u00f3n que desde hace 15 a\u00f1os trabaja en la construcci\u00f3n de paz, por medio del arte y la promoci\u00f3n de los derechos humanos, con especial en mujeres v\u00edctima de violencia de g\u00e9nero y mujeres migrantes. Su misi\u00f3n es transformar las realidades de las comunidades a trav\u00e9s de las artes y la innovaci\u00f3n social para que puedan vivir sin violencia y alcanzar el bienestar.<\/p>\n<p><strong>Trascendiendo escenarios para denunciar y resistir<\/strong><\/p>\n<p style=\"text-align: justify;\">En Brasil, el caso de extrema violencia pol\u00edtica llev\u00f3 a la concejala <strong>Benny Briolly<\/strong> a recurrir a organismos internacionales, como la Comisi\u00f3n Interamericana de Derechos Humanos (CIDH), para proteger su vida y ejercer su cargo pol\u00edtico sin temor. En una decisi\u00f3n hist\u00f3rica, fue la primera vez que la CIDH otorga medidas cautelares a un travesti. Mujer negra y trans, defensora de los derechos humanos y de origen perif\u00e9rico, Benny Briolly tiene una historia de vida atravesada por el racismo y la transfobia y, por tanto, encamin\u00f3 su carrera pol\u00edtica hacia la defensa de estos lineamientos, apuntando a una representaci\u00f3n institucional de la poblaci\u00f3n negra, LGBTI+ y personas de la favela.<\/p>\n<p style=\"text-align: justify;\"><strong>Comprender para actuar<\/strong><\/p>\n<p style=\"text-align: justify;\">Siguiendo el lema de este a\u00f1o de las Naciones Unidas para la conmemoraci\u00f3n del D\u00eda Internacional de la Eliminaci\u00f3n de la Violencia contra la Mujer, <strong><em>\u201c\u00a1\u00daNETE! Activismo para poner fin a la violencia contra las mujeres y las ni\u00f1as\u201d<\/em><\/strong>, y entendiendo que para lograr esto se deben abordar las diferentes formas de violencia que afectan a las mujeres, presentamos un ABC sobre temas y aspectos relevantes para la comprensi\u00f3n y prevenci\u00f3n la violencia de g\u00e9nero.<\/p>\n<p style=\"text-align: justify;\"><strong>VBG:<\/strong> Siglas utilizadas para hacer referencia a la Violencia Basada en G\u00e9nero.<\/p>\n<p style=\"text-align: justify;\"><strong>25N:<\/strong> 25 de noviembre, fecha en que se conmemora el D\u00eda Internacional para la Eliminaci\u00f3n de la Violencia de G\u00e9nero.<\/p>\n<p style=\"text-align: justify;\"><strong>Violencia de g\u00e9nero:<\/strong> Hace referencia a las diferentes formas de violencia que afectan de forma diferencial a mujeres y ni\u00f1as. Pueden ser f\u00edsicas, psicol\u00f3gicas, emocionales, econ\u00f3micas, sociales, etc.<\/p>\n<p style=\"text-align: justify;\"><strong>Feminicidio:<\/strong> El asesinato de una mujer\/ni\u00f1a a raz\u00f3n de su g\u00e9nero. Suelen ser ejecutados por personas cercanas a las v\u00edctimas y con quien se tiene alg\u00fan v\u00ednculo familiar o afectivo.<\/p>\n<p style=\"text-align: justify;\"><strong>Feminismo:<\/strong> Movimiento social que busca la equidad entre hombres, mujeres y otros g\u00e9neros.<\/p>\n<p style=\"text-align: justify;\"><strong>Machismo:<\/strong> Estructura social y de pensamiento que se basa en el presupuesto de una falsa superioridad de hombres sobre mujeres.<\/p>\n<p style=\"text-align: justify;\"><strong>Identidad de g\u00e9nero:<\/strong> Hace referencia a c\u00f3mo una persona se identifica en raz\u00f3n de su g\u00e9nero. Si el sexo biol\u00f3gico (pene o vagina) va en concordancia con lo que socialmente se asocia a ese g\u00e9nero, es una persona cisg\u00e9nero; si no se da dicha concordancia social, es una persona transg\u00e9nero.<\/p>\n<p style=\"text-align: justify;\"><strong>Feminizaci\u00f3n de la pobreza:<\/strong> Fen\u00f3meno social seg\u00fan el cual las mujeres han experimentado una serie de violencias y barreras sociales, estructurales e hist\u00f3ricas que imposibilitan la equidad en el acceso a recursos.<\/p>\n<p style=\"text-align: justify;\"><strong>Trabajo de cuidado:<\/strong> Trabajo muchas veces no remunerado que socialmente ha sido feminizado.<\/p>\n<p style=\"text-align: justify;\"><strong>Equidad de g\u00e9nero:<\/strong> Acciones que buscan la equidad en el acceso a posibilidades y recursos entre hombres y mujeres.<\/p>\n<p style=\"text-align: justify;\"><strong>Interseccionalidad:<\/strong> Concepto que hace referencia a cruces de identidades entendidas como hist\u00f3ricas y socialmente vulnerables.<\/p>\n<p style=\"text-align: justify;\">En Raza e Igualdad entendemos que los procesos de concienciaci\u00f3n y an\u00e1lisis, tanto en mujeres como en hombres, y en los diferentes niveles de la sociedad, comprenden un eje fundamental para dise\u00f1ar e implementar acciones contra la violencia de g\u00e9nero. Reconocemos que ha habido avances en ese sentido, gracias en gran medida al rol de la sociedad civil. Por ello, <strong>seguimos demandando a los Estados mayor voluntad y diligencia para formular e implementar pol\u00edticas p\u00fablicas<\/strong> dirigidas a garantizar la integridad y vida de las mujeres, y a proteger sus derechos.<\/p>\n<p style=\"text-align: justify;\">Por otro lado, es importante la creaci\u00f3n y funcionamiento efectivo de aparatajes estatales para atender la violencia de g\u00e9nero\u2014y en aquellos pa\u00edses donde ya existen\u2014estos deben operar desprovistos de sesgos y dilaciones y estar apegados a los <strong>est\u00e1ndares establecidos por los tratados internacionales<\/strong> como la Convenci\u00f3n Interamericana para Prevenir, Sancionar y Erradicar la Violencia contra la Mujer, conocida como Convenci\u00f3n de Bel\u00e9m Do Par\u00e1, y la Convenci\u00f3n sobre la Eliminaci\u00f3n de Todas las Formas de Discriminaci\u00f3n contra la Mujer.<\/p>\n","protected":false},"excerpt":{"rendered":"<p>Washington DC, 25 de noviembre de 2022.&#8211; En 2021, el 56% de las mujeres asesinadas en el mundo murieron a manos de sus parejas u otros familiares, seg\u00fan ONU Mujeres, [&hellip;]<\/p>\n","protected":false},"author":15,"featured_media":14605,"parent":0,"menu_order":0,"template":"","format":"standard","categories":[1154,1163],"resources_country":[],"resources_language":[],"resources_audience":[],"resources_format":[],"resources_topic":[1109],"resources_year":[],"class_list":["post-14604","resources","type-resources","status-publish","format-standard","has-post-thumbnail","hentry","category-espanol","category-regional","resources_topic-raza-e-igualdad"],"acf":[],"aioseo_notices":[],"_links":{"self":[{"href":"https:\/\/raceandequality.org\/es\/wp-json\/wp\/v2\/resources\/14604","targetHints":{"allow":["GET"]}}],"collection":[{"href":"https:\/\/raceandequality.org\/es\/wp-json\/wp\/v2\/resources"}],"about":[{"href":"https:\/\/raceandequality.org\/es\/wp-json\/wp\/v2\/types\/resources"}],"author":[{"embeddable":true,"href":"https:\/\/raceandequality.org\/es\/wp-json\/wp\/v2\/users\/15"}],"wp:featuredmedia":[{"embeddable":true,"href":"https:\/\/raceandequality.org\/es\/wp-json\/wp\/v2\/media\/14605"}],"wp:attachment":[{"href":"https:\/\/raceandequality.org\/es\/wp-json\/wp\/v2\/media?parent=14604"}],"wp:term":[{"taxonomy":"category","embeddable":true,"href":"https:\/\/raceandequality.org\/es\/wp-json\/wp\/v2\/categories?post=14604"},{"taxonomy":"resources_country","embeddable":true,"href":"https:\/\/raceandequality.org\/es\/wp-json\/wp\/v2\/resources_country?post=14604"},{"taxonomy":"resources_language","embeddable":true,"href":"https:\/\/raceandequality.org\/es\/wp-json\/wp\/v2\/resources_language?post=14604"},{"taxonomy":"resources_audience","embeddable":true,"href":"https:\/\/raceandequality.org\/es\/wp-json\/wp\/v2\/resources_audience?post=14604"},{"taxonomy":"resources_format","embeddable":true,"href":"https:\/\/raceandequality.org\/es\/wp-json\/wp\/v2\/resources_format?post=14604"},{"taxonomy":"resources_topic","embeddable":true,"href":"https:\/\/raceandequality.org\/es\/wp-json\/wp\/v2\/resources_topic?post=14604"},{"taxonomy":"resources_year","embeddable":true,"href":"https:\/\/raceandequality.org\/es\/wp-json\/wp\/v2\/resources_year?post=14604"}],"curies":[{"name":"wp","href":"https:\/\/api.w.org\/{rel}","templated":true}]}}

El 25N y los 16 Días de Activismo, tiempo para reflexionar y actuar contra la violencia de género

<p style="text-align: justify;"><strong>Washington DC, 25 de noviembre de 2022.</strong>&#8211; En 2021, <strong>el 56% de las mujeres asesinadas en el mundo murieron a manos de sus parejas u otros familiares</strong>, según ONU Mujeres, la organización de Naciones Unidas dedicada a la promoción de los derechos de las mujeres y niñas. Dicha estadística fue dada a conocer en vísperas del Día Internacional de la Eliminación de la Violencia contra las Mujeres, que se conmemora este 25 de noviembre y marca el inicio de los 16 Días de activismo contra la violencia de género.</p>
<p style="text-align: justify;">La organización detalló que, cada hora, más de cinco mujeres o niñas fueron asesinadas en el mundo por algún miembro de su entorno más cercano en 2021. En el caso de América Latina y el Caribe, y en el contexto de la Covid-19, la problemática de feminicidios ha sido calificada como <strong>“la otra pandemia”</strong>. Aunque establecer con exactitud cuántos feminicidios ocurren en la región cada año resulta difícil debido a la falta de datos oficiales o al sesgo con el cual algunos países registran la violencia contra las mujeres, las aproximaciones hechas por organismos internacionales u organizaciones de la sociedad civil dan cuenta de una situación grave.</p>
<p style="text-align: justify;">De acuerdo con el informe <em>La pandemia en la sombra</em>, de la <strong>Comisión Económica para América Latina y el Caribe (CEPAL)</strong>, al menos 4,091 mujeres fueron víctimas de feminicidio en 26 países (17 de América Latina y 9 del Caribe) en 2020. Al hacer una radiografía por país, nos encontramos con cifras igual de preocupantes. En México, en 2021, las autoridades registraron 977 mujeres asesinadas, de las cuales el 18% eran menores de 18 años. En Honduras, ese año hubo 381 feminicidios, para una tasa de 4.7 por cada 100,000 mujeres.</p>
<p style="text-align: justify;">Si bien el feminicidio es la expresión más extrema de la violencia contra las mujeres, es importante tener en cuenta que <strong>existen diversas manifestaciones que vulneran sus derechos.</strong> Esto, lamentablemente, marca en nuestras sociedades una dinámica generalizada y en tendencia: cada día, a cada momento, una mujer, niña o adolescente es víctima de violencia basada en género. ONU Mujeres cifra esta realidad en que 1 de cada 3 mujeres en el mundo sufre violencia de género durante su vida.</p>
<p style="text-align: justify;">Para el Instituto Internacional sobre Raza, Igualdad y Derechos Humanos (Raza e Igualdad), monitorear y analizar la situación de violencia contra las mujeres en las Américas, así como hacer recomendaciones a los Estados para combatirla, es <strong>un eje fundamental en nuestro trabajo de promoción y defensa de los derechos humanos</strong> desde una perspectiva interseccional, pues entendemos que la violencia basada en género es estructural y tiene múltiples expresiones que pueden afectar de forma desproporcionada según el origen nacional, la raza o etnia y la orientación sexual y diversidad de género de las personas.</p>
<p style="text-align: justify;"><strong>Una ola que crece y resiste</strong></p>
<p style="text-align: justify;">Sin duda, el <strong>movimiento que lucha contra la violencia de género</strong> ha venido creciendo significativamente en las Américas. El trabajo de registrar y denunciar las violencias que enfrentan las mujeres en diferentes espacios de la sociedad ha hecho posible que esta problemática constituya un eje clave en la creación públicas para la protección de sus derechos y la eliminación de esta llamada pandemia.</p>
<p style="text-align: justify;">Este Día Internacional de la Eliminación de la Violencia contra las Mujeres, no solo queremos contribuir a visibilizar la problemática, sino que también queremos exaltar los <strong>perfiles de mujeres que hacen frente a la violencia de género y buscan transformar la realidad de sus comunidades</strong> para garantizar una vida libre de violencia y con igualdad de oportunidades para las mujeres y niñas.</p>
<p style="text-align: justify;"><strong><em>Luchando contra la violencia de género sin un marco legal</em></strong></p>
<p style="text-align: justify;"><strong>Eroises González</strong> es una activista afrocubana que dirige la Plataforma Femenina, una organización que desde hace 12 años trabaja para que las mujeres identifiquen y hagan frente a las diversas manifestaciones de la violencia de género. Ello pese a que Cuba no cuenta con una ley en ese sentido y es uno de los pocos países de la región que no tipifica el delito de feminicidio. “Hoy las cubanas, a pesar de que nos falta mucho por lograr una vida sin violencias, están tratando de romper con el patriarcado impuesto por años”, asegura.</p>
<p style="text-align: justify;"><strong><em>Resistiendo ante la violencia política </em></strong></p>
<p style="text-align: justify;"><strong>Anexa Alfred Cunningham</strong> es una mujer indígena mískitu nicaragüense, abogada e integrante del <a href="https://raceandequality.org/693">Mecanismo de Expertos sobre Derechos de los Pueblos Indígenas</a> (EMRIP, por sus siglas en inglés) por América Central y del Sur. En julio de 2022, al terminar su primera misión oficial en la decimoquinta sesión del EMRIP, la experta no pudo abordar su vuelo de regreso a Nicaragua por órdenes del régimen autoritario de este país. De este modo, quedó en una situación de exilio ilegal de su propia tierra, donde residía y la esperaban sus familiares, incluidos sus hijos e hijas menores de edad a su cargo.</p>
<p style="text-align: justify;"><strong><em>Haciendo frente a la violencia vicaria</em></strong></p>
<p style="text-align: justify;">En Perú, <strong>Sabrina Rodríguez</strong> lucha contra la violencia vicaria a través del Frente de Lucha Materna. Este tipo de violencia es aquella que tiene como objetivo dañar a la mujer a través de sus seres queridos y especialmente de sus hijas e hijos. Su manifestación más extrema es el asesinato de hijos e hijas, pero también se expresa cuando los progenitores imponen condicionamientos para pensión de alimentos, amenazan con quitar la custodia y hostigan con denuncias judiciales, entre otras acciones, con el fin de continuar ejerciendo control, daño, dolor, desgaste emocional y económico hacia las mujeres que decidieron cortar la relación.</p>
<p style="text-align: justify;"><strong><em>Acompañando a mujeres migrantes</em></strong></p>
<p style="text-align: justify;"><strong>Gaby Arenas</strong>, de Colombia, es fundadora y directora de TAAP (Taller de Aprendizaje para las Artes y la Paz), organización que desde hace 15 años trabaja en la construcción de paz, por medio del arte y la promoción de los derechos humanos, con especial en mujeres víctima de violencia de género y mujeres migrantes. Su misión es transformar las realidades de las comunidades a través de las artes y la innovación social para que puedan vivir sin violencia y alcanzar el bienestar.</p>
<p><strong>Trascendiendo escenarios para denunciar y resistir</strong></p>
<p style="text-align: justify;">En Brasil, el caso de extrema violencia política llevó a la concejala <strong>Benny Briolly</strong> a recurrir a organismos internacionales, como la Comisión Interamericana de Derechos Humanos (CIDH), para proteger su vida y ejercer su cargo político sin temor. En una decisión histórica, fue la primera vez que la CIDH otorga medidas cautelares a un travesti. Mujer negra y trans, defensora de los derechos humanos y de origen periférico, Benny Briolly tiene una historia de vida atravesada por el racismo y la transfobia y, por tanto, encaminó su carrera política hacia la defensa de estos lineamientos, apuntando a una representación institucional de la población negra, LGBTI+ y personas de la favela.</p>
<p style="text-align: justify;"><strong>Comprender para actuar</strong></p>
<p style="text-align: justify;">Siguiendo el lema de este año de las Naciones Unidas para la conmemoración del Día Internacional de la Eliminación de la Violencia contra la Mujer, <strong><em>“¡ÚNETE! Activismo para poner fin a la violencia contra las mujeres y las niñas”</em></strong>, y entendiendo que para lograr esto se deben abordar las diferentes formas de violencia que afectan a las mujeres, presentamos un ABC sobre temas y aspectos relevantes para la comprensión y prevención la violencia de género.</p>
<p style="text-align: justify;"><strong>VBG:</strong> Siglas utilizadas para hacer referencia a la Violencia Basada en Género.</p>
<p style="text-align: justify;"><strong>25N:</strong> 25 de noviembre, fecha en que se conmemora el Día Internacional para la Eliminación de la Violencia de Género.</p>
<p style="text-align: justify;"><strong>Violencia de género:</strong> Hace referencia a las diferentes formas de violencia que afectan de forma diferencial a mujeres y niñas. Pueden ser físicas, psicológicas, emocionales, económicas, sociales, etc.</p>
<p style="text-align: justify;"><strong>Feminicidio:</strong> El asesinato de una mujer/niña a razón de su género. Suelen ser ejecutados por personas cercanas a las víctimas y con quien se tiene algún vínculo familiar o afectivo.</p>
<p style="text-align: justify;"><strong>Feminismo:</strong> Movimiento social que busca la equidad entre hombres, mujeres y otros géneros.</p>
<p style="text-align: justify;"><strong>Machismo:</strong> Estructura social y de pensamiento que se basa en el presupuesto de una falsa superioridad de hombres sobre mujeres.</p>
<p style="text-align: justify;"><strong>Identidad de género:</strong> Hace referencia a cómo una persona se identifica en razón de su género. Si el sexo biológico (pene o vagina) va en concordancia con lo que socialmente se asocia a ese género, es una persona cisgénero; si no se da dicha concordancia social, es una persona transgénero.</p>
<p style="text-align: justify;"><strong>Feminización de la pobreza:</strong> Fenómeno social según el cual las mujeres han experimentado una serie de violencias y barreras sociales, estructurales e históricas que imposibilitan la equidad en el acceso a recursos.</p>
<p style="text-align: justify;"><strong>Trabajo de cuidado:</strong> Trabajo muchas veces no remunerado que socialmente ha sido feminizado.</p>
<p style="text-align: justify;"><strong>Equidad de género:</strong> Acciones que buscan la equidad en el acceso a posibilidades y recursos entre hombres y mujeres.</p>
<p style="text-align: justify;"><strong>Interseccionalidad:</strong> Concepto que hace referencia a cruces de identidades entendidas como históricas y socialmente vulnerables.</p>
<p style="text-align: justify;">En Raza e Igualdad entendemos que los procesos de concienciación y análisis, tanto en mujeres como en hombres, y en los diferentes niveles de la sociedad, comprenden un eje fundamental para diseñar e implementar acciones contra la violencia de género. Reconocemos que ha habido avances en ese sentido, gracias en gran medida al rol de la sociedad civil. Por ello, <strong>seguimos demandando a los Estados mayor voluntad y diligencia para formular e implementar políticas públicas</strong> dirigidas a garantizar la integridad y vida de las mujeres, y a proteger sus derechos.</p>
<p style="text-align: justify;">Por otro lado, es importante la creación y funcionamiento efectivo de aparatajes estatales para atender la violencia de género—y en aquellos países donde ya existen—estos deben operar desprovistos de sesgos y dilaciones y estar apegados a los <strong>estándares establecidos por los tratados internacionales</strong> como la Convención Interamericana para Prevenir, Sancionar y Erradicar la Violencia contra la Mujer, conocida como Convención de Belém Do Pará, y la Convención sobre la Eliminación de Todas las Formas de Discriminación contra la Mujer.</p>

<p>Washington DC, 25 de noviembre de 2022.&#8211; En 2021, el 56% de las mujeres asesinadas en el mundo murieron a manos de sus parejas u otros familiares, según ONU Mujeres, [&hellip;]</p>
