{"id":14626,"date":"2022-12-09T23:02:53","date_gmt":"2022-12-09T23:02:53","guid":{"rendered":"http:\/\/race01.wp\/resources\/comunicado-raza-e-igualdad-rechaza-los-hechos-racistas-violencia-sexual-fisica-y-psicologica-cometidos-en-paya-boyaca\/"},"modified":"2023-05-15T04:24:14","modified_gmt":"2023-05-15T04:24:14","slug":"comunicado-raza-e-igualdad-rechaza-los-hechos-racistas-violencia-sexual-fisica-y-psicologica-cometidos-en-paya-boyaca","status":"publish","type":"resources","link":"https:\/\/raceandequality.org\/es\/resources\/comunicado-raza-e-igualdad-rechaza-los-hechos-racistas-violencia-sexual-fisica-y-psicologica-cometidos-en-paya-boyaca\/","title":{"rendered":"COMUNICADO: Raza e Igualdad rechaza los hechos racistas, violencia sexual, f\u00edsica y psicol\u00f3gica cometidos en Paya, Boyac\u00e1."},"content":{"rendered":"<p style=\"text-align: justify;\">El Instituto Raza e Igualdad rechaza enf\u00e1ticamente los hechos racistas, violencia sexual, f\u00edsica y psicol\u00f3gica cometidos en Paya, Boyac\u00e1, contra Kerin Murillo Mena y sus hijos Keiner y Keylerl. Asimismo, hacemos un llamado en contra de las pr\u00e1cticas racistas que a diario se viven en las instituciones educativas producto de la estructura racista que reproducen todas las instituciones sociales. Los espacios escolares deben ser libres de pr\u00e1cticas racistas y cualquier tipo discriminaci\u00f3n. De igual manera, exigimos acciones por parte del Gobierno nacional, para sancionar de forma efectiva cualquier acto de racismo y discriminaci\u00f3n que se cometan en instituciones educativas. A los entes de justicia para que investiguen y sancionen a los responsables intelectuales y materiales de estos hechos, y se repare de forma integral a las v\u00edctimas.<\/p>\n<p style=\"text-align: justify;\">El pasado 3 de diciembre se conoci\u00f3 la denuncia de Kerin Murillo Mena, una mujer afrocolombiana, quien trabajaba como docente de ingl\u00e9s en la Instituci\u00f3n Educativa El Rosario, ubicada en el municipio de Paya, Boyac\u00e1<a href=\"#_ftn1\" name=\"_ftnref1\">[1]<\/a>. Seg\u00fan la denuncia de Kerin, ella y sus hijos &#8211; quienes estudiaban en la misma instituci\u00f3n donde Kerin se desempe\u00f1aba como docente &#8211; fueron v\u00edctimas de hechos racistas, violencia f\u00edsica, verbal, sexual y psicol\u00f3gica en la instituci\u00f3n educativa.<\/p>\n<p style=\"text-align: justify;\">Por su parte, varias organizaciones convocaron hoy a un \u201cplant\u00f3n nacional antirracista\u201d en algunas ciudades del pa\u00eds, con el fin de expresar su inconformidad ante el creciente n\u00famero de actos de discriminaci\u00f3n y racismo en contra de las personas afrodescendientes en el territorio nacional.<\/p>\n<p style=\"text-align: justify;\">Desde Raza e Igualdad urgimos al Estado Colombiano para que realice de forma efectiva las respectivas investigaciones ante estos hechos, garantice el acceso a justicia, medidas en contra de la revictimizaci\u00f3n y reparaci\u00f3n. En ese sentido, urge que se cumpla con lo se\u00f1alado en la Ley 1482 de 2011 en Colombia, la cual tiene el objetivo de garantizar la protecci\u00f3n de los derechos de personas y comunidades que han sido v\u00edctimas de racismo y discriminaci\u00f3n. De igual manera, instamos al Estado colombiano a acatar lo estipulado en la Declaraci\u00f3n y Plan de Acci\u00f3n de Durban<a href=\"#_ftn2\" name=\"_ftnref2\">[2]<\/a>, donde se hace \u00e9nfasis en la incorporaci\u00f3n de medidas eficaces para hacerle frente a los casos de discriminaci\u00f3n basados en la pertenencia \u00e9tnico racial de las v\u00edctimas, y a la aplicaci\u00f3n de lo estipulado en la Convenci\u00f3n Internacional sobre la Eliminaci\u00f3n de todas las Formas de Discriminaci\u00f3n Racial de las Naciones Unidas.\u00a0 De igual forma, hacemos un llamado al Estado colombiano a ratificar e implementar la Convenci\u00f3n Interamericana contra el Racismo, la Discriminaci\u00f3n Racial y Formas Conexas de Intolerancia (CIRDI)<a href=\"#_ftn3\" name=\"_ftnref3\">[3]<\/a>.<\/p>\n<p>&nbsp;<\/p>\n<p><a href=\"#_ftnref1\" name=\"_ftn1\">[1]<\/a> <a href=\"https:\/\/raceandequality.org\/1523\">https:\/\/www.semana.com\/nacion\/articulo\/aterrador-este-es-un-caso-de-violencia-racista-en-boyaca-que-deberia-indignar-a-toda-colombia\/202257\/<\/a><\/p>\n<p>&nbsp;<\/p>\n<p><a href=\"#_ftnref2\" name=\"_ftn2\">[2]<\/a> <a href=\"https:\/\/raceandequality.org\/1524\">https:\/\/www.ohchr.org\/sites\/default\/files\/Documents\/Publications\/DurbanDecProgAction_sp.pdf<\/a><\/p>\n<p>&nbsp;<\/p>\n<p><a href=\"#_ftnref3\" name=\"_ftn3\">[3]<\/a> <a href=\"https:\/\/raceandequality.org\/1310\">https:\/\/cirdi2024.org\/es\/sobre-la-cirdi<\/a><\/p>\n<p>&nbsp;<\/p>\n","protected":false},"excerpt":{"rendered":"<p>El Instituto Raza e Igualdad rechaza enf\u00e1ticamente los hechos racistas, violencia sexual, f\u00edsica y psicol\u00f3gica cometidos en Paya, Boyac\u00e1, contra Kerin Murillo Mena y sus hijos Keiner y Keylerl. Asimismo, [&hellip;]<\/p>\n","protected":false},"author":15,"featured_media":14627,"parent":0,"menu_order":0,"template":"","format":"standard","categories":[1122,1154],"resources_country":[1191],"resources_language":[],"resources_audience":[],"resources_format":[],"resources_topic":[],"resources_year":[],"class_list":["post-14626","resources","type-resources","status-publish","format-standard","has-post-thumbnail","hentry","category-colombia","category-espanol","resources_country-colombia-es"],"acf":[],"aioseo_notices":[],"_links":{"self":[{"href":"https:\/\/raceandequality.org\/es\/wp-json\/wp\/v2\/resources\/14626","targetHints":{"allow":["GET"]}}],"collection":[{"href":"https:\/\/raceandequality.org\/es\/wp-json\/wp\/v2\/resources"}],"about":[{"href":"https:\/\/raceandequality.org\/es\/wp-json\/wp\/v2\/types\/resources"}],"author":[{"embeddable":true,"href":"https:\/\/raceandequality.org\/es\/wp-json\/wp\/v2\/users\/15"}],"wp:featuredmedia":[{"embeddable":true,"href":"https:\/\/raceandequality.org\/es\/wp-json\/wp\/v2\/media\/14627"}],"wp:attachment":[{"href":"https:\/\/raceandequality.org\/es\/wp-json\/wp\/v2\/media?parent=14626"}],"wp:term":[{"taxonomy":"category","embeddable":true,"href":"https:\/\/raceandequality.org\/es\/wp-json\/wp\/v2\/categories?post=14626"},{"taxonomy":"resources_country","embeddable":true,"href":"https:\/\/raceandequality.org\/es\/wp-json\/wp\/v2\/resources_country?post=14626"},{"taxonomy":"resources_language","embeddable":true,"href":"https:\/\/raceandequality.org\/es\/wp-json\/wp\/v2\/resources_language?post=14626"},{"taxonomy":"resources_audience","embeddable":true,"href":"https:\/\/raceandequality.org\/es\/wp-json\/wp\/v2\/resources_audience?post=14626"},{"taxonomy":"resources_format","embeddable":true,"href":"https:\/\/raceandequality.org\/es\/wp-json\/wp\/v2\/resources_format?post=14626"},{"taxonomy":"resources_topic","embeddable":true,"href":"https:\/\/raceandequality.org\/es\/wp-json\/wp\/v2\/resources_topic?post=14626"},{"taxonomy":"resources_year","embeddable":true,"href":"https:\/\/raceandequality.org\/es\/wp-json\/wp\/v2\/resources_year?post=14626"}],"curies":[{"name":"wp","href":"https:\/\/api.w.org\/{rel}","templated":true}]}}

COMUNICADO: Raza e Igualdad rechaza los hechos racistas, violencia sexual, física y psicológica cometidos en Paya, Boyacá.

<p style="text-align: justify;">El Instituto Raza e Igualdad rechaza enfáticamente los hechos racistas, violencia sexual, física y psicológica cometidos en Paya, Boyacá, contra Kerin Murillo Mena y sus hijos Keiner y Keylerl. Asimismo, hacemos un llamado en contra de las prácticas racistas que a diario se viven en las instituciones educativas producto de la estructura racista que reproducen todas las instituciones sociales. Los espacios escolares deben ser libres de prácticas racistas y cualquier tipo discriminación. De igual manera, exigimos acciones por parte del Gobierno nacional, para sancionar de forma efectiva cualquier acto de racismo y discriminación que se cometan en instituciones educativas. A los entes de justicia para que investiguen y sancionen a los responsables intelectuales y materiales de estos hechos, y se repare de forma integral a las víctimas.</p>
<p style="text-align: justify;">El pasado 3 de diciembre se conoció la denuncia de Kerin Murillo Mena, una mujer afrocolombiana, quien trabajaba como docente de inglés en la Institución Educativa El Rosario, ubicada en el municipio de Paya, Boyacá<a href="#_ftn1" name="_ftnref1">[1]</a>. Según la denuncia de Kerin, ella y sus hijos &#8211; quienes estudiaban en la misma institución donde Kerin se desempeñaba como docente &#8211; fueron víctimas de hechos racistas, violencia física, verbal, sexual y psicológica en la institución educativa.</p>
<p style="text-align: justify;">Por su parte, varias organizaciones convocaron hoy a un “plantón nacional antirracista” en algunas ciudades del país, con el fin de expresar su inconformidad ante el creciente número de actos de discriminación y racismo en contra de las personas afrodescendientes en el territorio nacional.</p>
<p style="text-align: justify;">Desde Raza e Igualdad urgimos al Estado Colombiano para que realice de forma efectiva las respectivas investigaciones ante estos hechos, garantice el acceso a justicia, medidas en contra de la revictimización y reparación. En ese sentido, urge que se cumpla con lo señalado en la Ley 1482 de 2011 en Colombia, la cual tiene el objetivo de garantizar la protección de los derechos de personas y comunidades que han sido víctimas de racismo y discriminación. De igual manera, instamos al Estado colombiano a acatar lo estipulado en la Declaración y Plan de Acción de Durban<a href="#_ftn2" name="_ftnref2">[2]</a>, donde se hace énfasis en la incorporación de medidas eficaces para hacerle frente a los casos de discriminación basados en la pertenencia étnico racial de las víctimas, y a la aplicación de lo estipulado en la Convención Internacional sobre la Eliminación de todas las Formas de Discriminación Racial de las Naciones Unidas.  De igual forma, hacemos un llamado al Estado colombiano a ratificar e implementar la Convención Interamericana contra el Racismo, la Discriminación Racial y Formas Conexas de Intolerancia (CIRDI)<a href="#_ftn3" name="_ftnref3">[3]</a>.</p>
<p>&nbsp;</p>
<p><a href="#_ftnref1" name="_ftn1">[1]</a> <a href="https://raceandequality.org/1523">https://www.semana.com/nacion/articulo/aterrador-este-es-un-caso-de-violencia-racista-en-boyaca-que-deberia-indignar-a-toda-colombia/202257/</a></p>
<p>&nbsp;</p>
<p><a href="#_ftnref2" name="_ftn2">[2]</a> <a href="https://raceandequality.org/1524">https://www.ohchr.org/sites/default/files/Documents/Publications/DurbanDecProgAction_sp.pdf</a></p>
<p>&nbsp;</p>
<p><a href="#_ftnref3" name="_ftn3">[3]</a> <a href="https://raceandequality.org/1310">https://cirdi2024.org/es/sobre-la-cirdi</a></p>
<p>&nbsp;</p>

<p>El Instituto Raza e Igualdad rechaza enfáticamente los hechos racistas, violencia sexual, física y psicológica cometidos en Paya, Boyacá, contra Kerin Murillo Mena y sus hijos Keiner y Keylerl. Asimismo, [&hellip;]</p>
