{"id":14742,"date":"2023-02-03T17:11:12","date_gmt":"2023-02-03T17:11:12","guid":{"rendered":"http:\/\/race01.wp\/resources\/raza-e-igualdad-promueve-taller-sobre-protocolo-para-juzgar-con-perspectiva-intercultural-con-miras-a-fortalecer-la-exigibilidad-de-derechos-de-la-poblacion-afromexicana\/"},"modified":"2023-05-10T11:28:44","modified_gmt":"2023-05-10T11:28:44","slug":"raza-e-igualdad-promueve-taller-sobre-protocolo-para-juzgar-con-perspectiva-intercultural-con-miras-a-fortalecer-la-exigibilidad-de-derechos-de-la-poblacion-afromexicana","status":"publish","type":"resources","link":"https:\/\/raceandequality.org\/es\/resources\/raza-e-igualdad-promueve-taller-sobre-protocolo-para-juzgar-con-perspectiva-intercultural-con-miras-a-fortalecer-la-exigibilidad-de-derechos-de-la-poblacion-afromexicana\/","title":{"rendered":"Raza e Igualdad promueve taller sobre Protocolo para Juzgar con Perspectiva Intercultural con miras a fortalecer la exigibilidad de derechos de la poblaci\u00f3n afromexicana"},"content":{"rendered":"<p style=\"text-align: justify;\"><strong>Ciudad de M\u00e9xico, 3 de febrero de 2023.<\/strong>&#8211; En el marco del D\u00eda Mundial de la Cultura Africana y Afrodescendiente, que se conmemora cada 24 de enero, el Instituto sobre Raza, Igualdad y Derechos Humanos (Raza e Igualdad) realiz\u00f3 el taller <strong>\u201cProtocolo para Juzgar con Perspectiva Intercultural: Personas, Pueblos y Comunidades Afrodescendientes y Afromexicanas\u201d<\/strong>, con el objetivo de promover el conocimiento y apropiaci\u00f3n de este protocolo entre organizaciones de la sociedad civil, a fin de fortalecer la exigibilidad y protecci\u00f3n de los derechos de la poblaci\u00f3n afrodescendiente y afromexicana.<\/p>\n<p style=\"text-align: justify;\">El taller fue impartido por<strong> Javier Mel\u00e9ndez, Dictaminador del Derecho Internacional de los Derechos Humanos, de la Direcci\u00f3n General de Derechos Humanos de la Suprema Corte de Justicia de la Naci\u00f3n<\/strong> (SCJN). Por parte de Raza e Igualdad, las palabras de bienvenida estuvieron a cargo de Elvia Duque, Oficial Senior sobre Raza y Etnicidad, y la conducci\u00f3n de este espacio estuvo a cargo de Miguel \u00c1ngel Alanis, consultor en M\u00e9xico.<\/p>\n<p style=\"text-align: justify;\">En su intervenci\u00f3n, Duque refiri\u00f3 que este Protocolo es <strong>una herramienta clave que responde a las demandas que por d\u00e9cadas han impulsado las organizaciones y activistas en M\u00e9xico para consolidar el efectivo reconocimiento de los derechos de la poblaci\u00f3n afromexicana<\/strong>. Destac\u00f3 en particular el apartado \u201cConstrucci\u00f3n social de la raza y la etnicidad\u201d, pues contiene precisiones conceptuales sobre el racismo y sus m\u00faltiples manifestaciones, as\u00ed como sobre los procesos de racializaci\u00f3n que impactan la vida de las personas afrodescendientes y afromexicanas. \u201cDichos conceptos los consideramos clave en el proceso de profesionalizaci\u00f3n y deben ser analizados y contemplados en todas las etapas del proceso judicial\u201d, dijo.<\/p>\n<p style=\"text-align: justify;\"><strong>Contenido e importancia del Protocolo<\/strong><\/p>\n<p style=\"text-align: justify;\">El <a href=\"https:\/\/raceandequality.org\/715\"><strong>Protocolo para Juzgar con Perspectiva Intercultural: Personas, Pueblos y Comunidades Afrodescendientes y Afromexicana<\/strong><\/a>s fue presentado oficialmente en noviembre de 2022. Su objetivo principal es que las personas juzgadoras lo utilicen como una caja de herramientas que facilite y gu\u00ede su actuaci\u00f3n a trav\u00e9s de los momentos procesales que se desarrollan dentro de un procedimiento judicial, explic\u00f3 el experto Javier Mel\u00e9ndez.<\/p>\n<p style=\"text-align: justify;\">Detall\u00f3 que el Protocolo desarrolla <strong>una perspectiva intercultural para la impartici\u00f3n de justicia<\/strong>, en la cual se tomaron en cuenta los ejes transversales de esta metodolog\u00eda: la igualdad y no discriminaci\u00f3n, la libre determinaci\u00f3n y el acceso a la justicia, bas\u00e1ndose en criterios jur\u00eddicos establecidos por la SCJN y la Corte Interamericana de Derechos Humanos.<\/p>\n<p style=\"text-align: justify;\">\u201cEste Protocolo comenz\u00f3 a elaborarse desde un punto de vista sociol\u00f3gico, antropol\u00f3gico e hist\u00f3rico hasta transitar al contenido eminentemente jur\u00eddico\u201d, se\u00f1al\u00f3 Mel\u00e9ndez, quien realiz\u00f3 su exposici\u00f3n bas\u00e1ndose en <strong>cuatro aspectos clave del Protocolo:<\/strong> los antecedentes que llevaron a su origen, la estructura de su contenido, su contenido m\u00e1s relevante y su importancia para la exigibilidad de los derechos de la poblaci\u00f3n afromexicana.<\/p>\n<p style=\"text-align: justify;\">El experto refiri\u00f3 que una de las barreras que hubo en el proceso de realizaci\u00f3n fue la <strong>falta de precedentes y criterios nacionales sobre los derechos de la poblaci\u00f3n afromexicana<\/strong>. Mel\u00e9ndez enfatiz\u00f3 que hasta el momento s\u00f3lo hay tres precedentes en la materia, cuyo abordaje fue a partir de una equiparaci\u00f3n normativa en la Constituci\u00f3n con los derechos de los pueblos ind\u00edgenas. Entre estos mencion\u00f3 la Acci\u00f3n de Constitucional 81\/2018, donde la SCJN se pronuncia por primera vez sobre los derechos de los pueblos afromexicanos ante la falta de consulta previa, libre e informada en el proceso de creaci\u00f3n de disposiciones legislativas en el Estado de Guerrero.<\/p>\n<p style=\"text-align: justify;\">Mel\u00e9ndez hizo hincapi\u00e9 en que, aunque este Protocolo est\u00e1 dirigido esencialmente a personas juzgadoras, <strong>uno de los prop\u00f3sitos es que sea apropiado por las personas que trabajan en la promoci\u00f3n y defensa de los derechos de las personas afrodescendientes y afromexicanas<\/strong>.<\/p>\n<p style=\"text-align: justify;\">Este taller form\u00f3 parte de las acciones que Raza e Igualdad, con el apoyo de la Fundaci\u00f3n W.K. Kellogg, impulsa en M\u00e9xico en el marco del proyecto <a href=\"https:\/\/raceandequality.org\/1567\"><strong>\u201cPromoci\u00f3n de una agenda antirracista para fortalecer el trabajo de las organizaciones de la sociedad civil en la lucha contra el racismo y la discriminaci\u00f3n racial en M\u00e9xico\u201d<\/strong><\/a>. Raza e Igualdad espera contribuir al conocimiento y apropiaci\u00f3n del Protocolo para Juzgar con Perspectiva Intercultural: Personas, Pueblos y Comunidades Afrodescendientes y Afromexicanas a trav\u00e9s de esta y otras acciones, e invita a acceder al documento por medio de este enlace: <strong><a href=\"https:\/\/raceandequality.org\/715\">https:\/\/bit.ly\/3DeNKoG<\/a><\/strong><\/p>\n<p><iframe title=\"YouTube video player\" data-src=\"https:\/\/www.youtube.com\/embed\/2tVRf58Rh38\" width=\"560\" height=\"315\" frameborder=\"0\" allowfullscreen=\"allowfullscreen\" src=\"data:image\/svg+xml;base64,PHN2ZyB3aWR0aD0iMSIgaGVpZ2h0PSIxIiB4bWxucz0iaHR0cDovL3d3dy53My5vcmcvMjAwMC9zdmciPjwvc3ZnPg==\" class=\"lazyload\" data-load-mode=\"1\"><\/iframe><\/p>\n","protected":false},"excerpt":{"rendered":"<p>Ciudad de M\u00e9xico, 3 de febrero de 2023.&#8211; En el marco del D\u00eda Mundial de la Cultura Africana y Afrodescendiente, que se conmemora cada 24 de enero, el Instituto sobre [&hellip;]<\/p>\n","protected":false},"author":15,"featured_media":11187,"parent":0,"menu_order":0,"template":"","format":"standard","categories":[1154,1166],"resources_country":[1197],"resources_language":[],"resources_audience":[],"resources_format":[],"resources_topic":[],"resources_year":[],"class_list":["post-14742","resources","type-resources","status-publish","format-standard","has-post-thumbnail","hentry","category-espanol","category-mexico","resources_country-mexico-es"],"acf":[],"aioseo_notices":[],"_links":{"self":[{"href":"https:\/\/raceandequality.org\/es\/wp-json\/wp\/v2\/resources\/14742","targetHints":{"allow":["GET"]}}],"collection":[{"href":"https:\/\/raceandequality.org\/es\/wp-json\/wp\/v2\/resources"}],"about":[{"href":"https:\/\/raceandequality.org\/es\/wp-json\/wp\/v2\/types\/resources"}],"author":[{"embeddable":true,"href":"https:\/\/raceandequality.org\/es\/wp-json\/wp\/v2\/users\/15"}],"wp:featuredmedia":[{"embeddable":true,"href":"https:\/\/raceandequality.org\/es\/wp-json\/wp\/v2\/media\/11187"}],"wp:attachment":[{"href":"https:\/\/raceandequality.org\/es\/wp-json\/wp\/v2\/media?parent=14742"}],"wp:term":[{"taxonomy":"category","embeddable":true,"href":"https:\/\/raceandequality.org\/es\/wp-json\/wp\/v2\/categories?post=14742"},{"taxonomy":"resources_country","embeddable":true,"href":"https:\/\/raceandequality.org\/es\/wp-json\/wp\/v2\/resources_country?post=14742"},{"taxonomy":"resources_language","embeddable":true,"href":"https:\/\/raceandequality.org\/es\/wp-json\/wp\/v2\/resources_language?post=14742"},{"taxonomy":"resources_audience","embeddable":true,"href":"https:\/\/raceandequality.org\/es\/wp-json\/wp\/v2\/resources_audience?post=14742"},{"taxonomy":"resources_format","embeddable":true,"href":"https:\/\/raceandequality.org\/es\/wp-json\/wp\/v2\/resources_format?post=14742"},{"taxonomy":"resources_topic","embeddable":true,"href":"https:\/\/raceandequality.org\/es\/wp-json\/wp\/v2\/resources_topic?post=14742"},{"taxonomy":"resources_year","embeddable":true,"href":"https:\/\/raceandequality.org\/es\/wp-json\/wp\/v2\/resources_year?post=14742"}],"curies":[{"name":"wp","href":"https:\/\/api.w.org\/{rel}","templated":true}]}}

Raza e Igualdad promueve taller sobre Protocolo para Juzgar con Perspectiva Intercultural con miras a fortalecer la exigibilidad de derechos de la población afromexicana

<p style="text-align: justify;"><strong>Ciudad de México, 3 de febrero de 2023.</strong>&#8211; En el marco del Día Mundial de la Cultura Africana y Afrodescendiente, que se conmemora cada 24 de enero, el Instituto sobre Raza, Igualdad y Derechos Humanos (Raza e Igualdad) realizó el taller <strong>“Protocolo para Juzgar con Perspectiva Intercultural: Personas, Pueblos y Comunidades Afrodescendientes y Afromexicanas”</strong>, con el objetivo de promover el conocimiento y apropiación de este protocolo entre organizaciones de la sociedad civil, a fin de fortalecer la exigibilidad y protección de los derechos de la población afrodescendiente y afromexicana.</p>
<p style="text-align: justify;">El taller fue impartido por<strong> Javier Meléndez, Dictaminador del Derecho Internacional de los Derechos Humanos, de la Dirección General de Derechos Humanos de la Suprema Corte de Justicia de la Nación</strong> (SCJN). Por parte de Raza e Igualdad, las palabras de bienvenida estuvieron a cargo de Elvia Duque, Oficial Senior sobre Raza y Etnicidad, y la conducción de este espacio estuvo a cargo de Miguel Ángel Alanis, consultor en México.</p>
<p style="text-align: justify;">En su intervención, Duque refirió que este Protocolo es <strong>una herramienta clave que responde a las demandas que por décadas han impulsado las organizaciones y activistas en México para consolidar el efectivo reconocimiento de los derechos de la población afromexicana</strong>. Destacó en particular el apartado “Construcción social de la raza y la etnicidad”, pues contiene precisiones conceptuales sobre el racismo y sus múltiples manifestaciones, así como sobre los procesos de racialización que impactan la vida de las personas afrodescendientes y afromexicanas. “Dichos conceptos los consideramos clave en el proceso de profesionalización y deben ser analizados y contemplados en todas las etapas del proceso judicial”, dijo.</p>
<p style="text-align: justify;"><strong>Contenido e importancia del Protocolo</strong></p>
<p style="text-align: justify;">El <a href="https://raceandequality.org/715"><strong>Protocolo para Juzgar con Perspectiva Intercultural: Personas, Pueblos y Comunidades Afrodescendientes y Afromexicana</strong></a>s fue presentado oficialmente en noviembre de 2022. Su objetivo principal es que las personas juzgadoras lo utilicen como una caja de herramientas que facilite y guíe su actuación a través de los momentos procesales que se desarrollan dentro de un procedimiento judicial, explicó el experto Javier Meléndez.</p>
<p style="text-align: justify;">Detalló que el Protocolo desarrolla <strong>una perspectiva intercultural para la impartición de justicia</strong>, en la cual se tomaron en cuenta los ejes transversales de esta metodología: la igualdad y no discriminación, la libre determinación y el acceso a la justicia, basándose en criterios jurídicos establecidos por la SCJN y la Corte Interamericana de Derechos Humanos.</p>
<p style="text-align: justify;">“Este Protocolo comenzó a elaborarse desde un punto de vista sociológico, antropológico e histórico hasta transitar al contenido eminentemente jurídico”, señaló Meléndez, quien realizó su exposición basándose en <strong>cuatro aspectos clave del Protocolo:</strong> los antecedentes que llevaron a su origen, la estructura de su contenido, su contenido más relevante y su importancia para la exigibilidad de los derechos de la población afromexicana.</p>
<p style="text-align: justify;">El experto refirió que una de las barreras que hubo en el proceso de realización fue la <strong>falta de precedentes y criterios nacionales sobre los derechos de la población afromexicana</strong>. Meléndez enfatizó que hasta el momento sólo hay tres precedentes en la materia, cuyo abordaje fue a partir de una equiparación normativa en la Constitución con los derechos de los pueblos indígenas. Entre estos mencionó la Acción de Constitucional 81/2018, donde la SCJN se pronuncia por primera vez sobre los derechos de los pueblos afromexicanos ante la falta de consulta previa, libre e informada en el proceso de creación de disposiciones legislativas en el Estado de Guerrero.</p>
<p style="text-align: justify;">Meléndez hizo hincapié en que, aunque este Protocolo está dirigido esencialmente a personas juzgadoras, <strong>uno de los propósitos es que sea apropiado por las personas que trabajan en la promoción y defensa de los derechos de las personas afrodescendientes y afromexicanas</strong>.</p>
<p style="text-align: justify;">Este taller formó parte de las acciones que Raza e Igualdad, con el apoyo de la Fundación W.K. Kellogg, impulsa en México en el marco del proyecto <a href="https://raceandequality.org/1567"><strong>“Promoción de una agenda antirracista para fortalecer el trabajo de las organizaciones de la sociedad civil en la lucha contra el racismo y la discriminación racial en México”</strong></a>. Raza e Igualdad espera contribuir al conocimiento y apropiación del Protocolo para Juzgar con Perspectiva Intercultural: Personas, Pueblos y Comunidades Afrodescendientes y Afromexicanas a través de esta y otras acciones, e invita a acceder al documento por medio de este enlace: <strong><a href="https://raceandequality.org/715">https://bit.ly/3DeNKoG</a></strong></p>
<p><iframe title="YouTube video player" data-src="https://www.youtube.com/embed/2tVRf58Rh38" width="560" height="315" frameborder="0" allowfullscreen="allowfullscreen" src="data:image/svg+xml;base64,PHN2ZyB3aWR0aD0iMSIgaGVpZ2h0PSIxIiB4bWxucz0iaHR0cDovL3d3dy53My5vcmcvMjAwMC9zdmciPjwvc3ZnPg==" class="lazyload" data-load-mode="1"></iframe></p>

<p>Ciudad de México, 3 de febrero de 2023.&#8211; En el marco del Día Mundial de la Cultura Africana y Afrodescendiente, que se conmemora cada 24 de enero, el Instituto sobre [&hellip;]</p>
