{"id":14743,"date":"2023-02-07T19:25:05","date_gmt":"2023-02-07T19:25:05","guid":{"rendered":"http:\/\/race01.wp\/resources\/estallido-social-en-peru-condenamos-la-violacion-sistematica-de-derechos-humanos\/"},"modified":"2023-05-15T05:08:20","modified_gmt":"2023-05-15T05:08:20","slug":"estallido-social-en-peru-condenamos-la-violacion-sistematica-de-derechos-humanos","status":"publish","type":"resources","link":"https:\/\/raceandequality.org\/es\/resources\/estallido-social-en-peru-condenamos-la-violacion-sistematica-de-derechos-humanos\/","title":{"rendered":"Estallido social en Per\u00fa: condenamos la violaci\u00f3n sistem\u00e1tica de derechos humanos"},"content":{"rendered":"<p style=\"text-align: center;\"><strong><em>La crisis pol\u00edtica y social en el pa\u00eds est\u00e1 marcada por la discriminaci\u00f3n, persecuci\u00f3n, represi\u00f3n, agresiones sexuales, detenciones arbitrarias, 59 muertes y m\u00e1s de 1,792 personas heridas.<\/em><\/strong><\/p>\n<p style=\"text-align: justify;\"><strong>Lima, 7 de febrero de 2023<\/strong>.- El Instituto Internacional sobre Raza, Igualdad y Derechos Humanos (Raza e Igualdad) expresa su profunda preocupaci\u00f3n por las graves denuncias que reportan las organizaciones de derechos humanos sobre las m\u00faltiples violaciones a los derechos humanos de la poblaci\u00f3n peruana; y condena firmemente el uso excesivo de las fuerza militar y policial desde que se inici\u00f3 la crisis pol\u00edtica a ra\u00edz del intento de golpe de Estado por parte de Pedro Castillo, expresidente de Per\u00fa.<\/p>\n<p style=\"text-align: justify;\">El s\u00e1bado 28 de enero, Lima fue escenario del asesinato de Victor Santisteban Yacsavilca, un manifestante de 55 a\u00f1os, cuya muerte es la primera en la capital a causa de la represi\u00f3n policial. Los videos de seguridad y los primeros informes m\u00e9dicos confirman que muri\u00f3 por traumatismo cerebral debido al disparo de un proyectil de lacrim\u00f3gena en la cabeza.<\/p>\n<p style=\"text-align: justify;\">Seg\u00fan el <a href=\"https:\/\/raceandequality.org\/1568\">reporte diario<\/a> de la Defensor\u00eda del Pueblo, a la fecha se registran 59 muertes (47 de civiles y 1 polic\u00eda durante protestas y 11 civiles por causas indirectas al estallido social como los bloqueos de carreteras) y m\u00e1s de 1,792 personas heridas en todo el pa\u00eds. En comparaci\u00f3n con diciembre, enero super\u00f3 el n\u00famero de personas heridas a m\u00e1s del doble. Adem\u00e1s, un <a href=\"https:\/\/raceandequality.org\/1569\">informe<\/a> del medio period\u00edstico Ojo P\u00fablico se\u00f1ala que, por lo menos, 30 de los civiles fallecieron por \u201cproyectiles de arma de fuego de carga \u00fanica; es decir, fusiles o pistolas\u201d.<\/p>\n<p style=\"text-align: justify;\">Seg\u00fan los organismos internacionales de protecci\u00f3n de derechos humanos, el uso de armas de fuego es una medida extrema y no existen supuestos que habiliten su uso para disolver una protesta o una manifestaci\u00f3n, o para que se dispare indiscriminadamente a la multitud, tal y como lo se\u00f1ala el reporte \u201cProtesta y Derechos Humanos\u201d de la Relator\u00eda Especial para la Libertad de Expresi\u00f3n de la CIDH.<\/p>\n<div id=\"attachment_14761\" style=\"width: 650px\" class=\"wp-caption aligncenter\"><img decoding=\"async\" aria-describedby=\"caption-attachment-14761\" class=\"wp-image-14761 size-large lazyload\" data-src=\"https:\/\/raceandequality.org\/wp-content\/uploads\/2023\/04\/WhatsApp-Image-2023-01-30-at-124403-PM-1024x578.jpeg\" alt=\"\" width=\"640\" height=\"361\" src=\"data:image\/svg+xml;base64,PHN2ZyB3aWR0aD0iMSIgaGVpZ2h0PSIxIiB4bWxucz0iaHR0cDovL3d3dy53My5vcmcvMjAwMC9zdmciPjwvc3ZnPg==\" style=\"--smush-placeholder-width: 640px; --smush-placeholder-aspect-ratio: 640\/361;\" \/><p id=\"caption-attachment-14761\" class=\"wp-caption-text\"><em>Lugar del primer asesinato en Lima en el marco del estadillo social. Foto: Difusi\u00f3n<\/em><\/p><\/div>\n<p style=\"text-align: justify;\"><strong>Detenciones arbitrarias<\/strong><\/p>\n<p style=\"text-align: justify;\">Desde el inicio de las protestas, la Coordinadora Nacional de Derechos Humanos (CNDDHH), que agrupa a 78 organizaciones peruanas, ha denunciado la detenci\u00f3n arbitraria de manifestantes e incluso de transe\u00fantes por parte de la polic\u00eda. Su <a href=\"https:\/\/raceandequality.org\/1570\">\u00faltima denuncia<\/a> al respecto hace referencia al acercamiento de agentes del orden a los hospitales para detener a las personas heridas que estaban siendo atendidas.<\/p>\n<p style=\"text-align: justify;\">De la misma manera, el 21 de enero, la polic\u00eda ingres\u00f3 con tanquetas, disparos y sin presencia de un fiscal del Ministerio P\u00fablico a la Universidad Nacional Mayor de San Marcos (UNMSM), la universidad m\u00e1s antigua de las Am\u00e9ricas, para detener a manifestantes que hab\u00edan sido alojados por estudiantes en dicha casa de estudios. Como lo menciona la abogada Renata Bregalio en su <a href=\"https:\/\/raceandequality.org\/1571\">cuenta de Twitter<\/a>, ese d\u00eda maltrataron, humillaron y privaron de su libertad a 193 personas, entre ellas campesinos\/as, adultos mayores, personas ind\u00edgenas quechuahablantes y aymaras, estudiantes, a mujer embarazada, una ni\u00f1a de 8 a\u00f1os y periodistas. Adem\u00e1s, impidieron el acceso de abogados\/as a las personas detenidas, violando el derecho a tener una defensa legal oportuna y el derecho a tener un int\u00e9rprete de lenguas originarias.<\/p>\n<p style=\"text-align: justify;\">Otra grave denuncia de violaci\u00f3n a los derechos humanos la realiz\u00f3 una ciudadana, quien manifest\u00f3 que fue v\u00edctima de agresi\u00f3n sexual por parte de efectivos policiales mientras estuvo detenida. Asimismo, la CNDDHH ha recibido reportes sobre desnudos forzados para revisiones \u00edntimas y tocamientos indebidos a mujeres manifestantes y estudiantes detenidas durante la intervenci\u00f3n a la UNMSM.<\/p>\n<p style=\"text-align: justify;\">La Comisi\u00f3n Interamericana de Derechos Humanos (CIDH), que ha estado dando seguimiento a la situaci\u00f3n en Per\u00fa y que realiz\u00f3 una visita del 11 al 13 de enero, se pronunci\u00f3 sobre estos hechos en un comunicado junto a la Relator\u00eda Especial para la Libertad de Expresi\u00f3n, condenando \u201cel uso arbitrario de la fuerza por parte de los agentes de seguridad, as\u00ed como repudia cualquier pr\u00e1ctica de violencia y discriminaci\u00f3n contra mujeres, ni\u00f1as y adolescentes\u201d. As\u00ed tambi\u00e9n subrayaron en el \u00a0<a href=\"https:\/\/raceandequality.org\/1572\">comunicado<\/a> que ning\u00fan\u00a0operativo de desalojo\u00a0puede realizarse sin las debidas justificaciones legales y leg\u00edtimas.<\/p>\n<p style=\"text-align: justify;\">Hasta el 22 de enero, la <a href=\"https:\/\/raceandequality.org\/1573\">Fiscal\u00eda report\u00f3<\/a> 104 carpetas fiscales con investigaci\u00f3n a 507 personas por las protestas, de las cuales 8 se encuentran cumpliendo prisi\u00f3n preventiva. Respecto al n\u00famero total de detenciones, se reportan 608 casos, los cuales no consideran a quienes fueron sometidos a procedimientos de control de identidad.<\/p>\n<div id=\"attachment_14762\" style=\"width: 417px\" class=\"wp-caption aligncenter\"><img decoding=\"async\" aria-describedby=\"caption-attachment-14762\" class=\"wp-image-14762 lazyload\" data-src=\"https:\/\/raceandequality.org\/wp-content\/uploads\/2023\/04\/WhatsApp-Image-2023-02-02-at-20924-PM.jpeg\" alt=\"\" width=\"407\" height=\"509\" src=\"data:image\/svg+xml;base64,PHN2ZyB3aWR0aD0iMSIgaGVpZ2h0PSIxIiB4bWxucz0iaHR0cDovL3d3dy53My5vcmcvMjAwMC9zdmciPjwvc3ZnPg==\" style=\"--smush-placeholder-width: 407px; --smush-placeholder-aspect-ratio: 407\/509;\" \/><p id=\"caption-attachment-14762\" class=\"wp-caption-text\"><em>Intervenci\u00f3n policial en la Universidad Nacional Mayor de San Marcos, Lima, Per\u00fa. Foto: Difusi\u00f3n.<\/em><\/p><\/div>\n<p style=\"text-align: justify;\"><strong>Declaraci\u00f3n de la OEA <\/strong><\/p>\n<p style=\"text-align: justify;\">El 30 de enero, despu\u00e9s de la presentaci\u00f3n de la CIDH ante el Consejo Permanente de \u00a0la Organizaci\u00f3n de los Estados Americanos (OEA) sobre su visita de observaci\u00f3n a Per\u00fa, sus pronunciamientos, as\u00ed como los realizados por las agencias de las Naciones Unidas, el Consejo Permanente de la OEA llam\u00f3 al Estado peruano a dar \u201cuna respuesta estatal urgente enmarcada por los est\u00e1ndares interamericanos (\u2026), as\u00ed como adoptar medidas efectivas para la rendici\u00f3n de cuentas sobre todos los actos de violencia y destrucci\u00f3n\u201d. En la misma <a href=\"https:\/\/raceandequality.org\/1574\">declaratoria<\/a>, llam\u00f3 a las autoridades peruanas a realizar prontamente el adelanto de elecciones generales. Al respecto, el Congreso peruano aplaz\u00f3 por tercera vez la discusi\u00f3n sobre el adelanto de las elecciones para octubre del 2023.<\/p>\n<p style=\"text-align: justify;\"><strong>Congresistas de EE.UU. piden a Biden que suspenda asistencia de seguridad<\/strong><\/p>\n<p style=\"text-align: justify;\">El lunes 30 de enero, desde el Congreso de los Estados Unidos, un grupo de legisladores dem\u00f3cratas enviaron una carta al presidente Joe Biden en solidaridad con el pueblo peruano, solicitando la suspensi\u00f3n inmediata de la asistencia de seguridad que se concede a\u00a0Per\u00fa debido a las violaciones de derechos humanos cometidas por las fuerzas del orden. Los Congresistas Jamie Raskin, Juan Vargas, Alexandria Ocasio-Cortez, entre otros, pidieron la aplicaci\u00f3n de esa medida hasta que las autoridades peruanas garanticen la justicia y la rendici\u00f3n de cuentas.<\/p>\n<p style=\"text-align: justify;\">Asimismo, insta a la Administraci\u00f3n norteamericana a que se pronuncie p\u00fablicamente y ejerza presi\u00f3n sobre el Gobierno peruano para que respeten los derechos a la protesta pac\u00edfica y al debido proceso.<\/p>\n<div id=\"attachment_14764\" style=\"width: 650px\" class=\"wp-caption aligncenter\"><img decoding=\"async\" aria-describedby=\"caption-attachment-14764\" class=\"wp-image-14764 size-large lazyload\" data-src=\"https:\/\/raceandequality.org\/wp-content\/uploads\/2023\/04\/IMG_6011-1024x683.jpg\" alt=\"\" width=\"640\" height=\"427\" src=\"data:image\/svg+xml;base64,PHN2ZyB3aWR0aD0iMSIgaGVpZ2h0PSIxIiB4bWxucz0iaHR0cDovL3d3dy53My5vcmcvMjAwMC9zdmciPjwvc3ZnPg==\" style=\"--smush-placeholder-width: 640px; --smush-placeholder-aspect-ratio: 640\/427;\" \/><p id=\"caption-attachment-14764\" class=\"wp-caption-text\"><em>Miles de personas provenientes de las regiones andinas de Per\u00fa viajaron a la capital para participar del Paro Nacional. Foto: Luz Mateo Cielo<\/em><\/p><\/div>\n<p style=\"text-align: justify;\"><strong>Raza e Igualdad condena la violaci\u00f3n sistem\u00e1tica de derechos humanos<\/strong><\/p>\n<p style=\"text-align: justify;\">Raza e Igualdad insta a investigar -de forma c\u00e9lere, eficaz y respetando el debido proceso- las muertes, abusos, detenciones y dem\u00e1s violaciones a la seguridad e integridad de las personas con el fin de que se judicialice a los responsables y se determinen medidas de reparaci\u00f3n integral.<\/p>\n<p style=\"text-align: justify;\">Rechazamos los discursos que califican a manifestantes de \u201cterroristas\u201d, \u201cdelincuentes\u201d o \u201cgrupos radicales\u201d y que criminalizan el libre ejercicio del derecho a la protesta pac\u00edfica.<\/p>\n<p style=\"text-align: justify;\">Asimismo, persistimos en el llamado a levantar inmediatamente el Estado de Emergencia en Per\u00fa, la imposici\u00f3n ileg\u00edtima de los toques de queda para impedir el ejercicio del derecho a la protesta pac\u00edfica, as\u00ed como el uso innecesario, excesivo y desproporcionado de la fuerza.<\/p>\n<p style=\"text-align: justify;\">Recordamos que los Estados tienen compromisos internacionales para garantizar y proteger los derechos humanos de toda su poblaci\u00f3n, por lo que llamamos urgentemente a que el Estado peruano tome medidas inmediatas para que cese la violencia en el pa\u00eds y se respete los est\u00e1ndares internacionales de derechos humanos.<\/p>\n<p style=\"text-align: center;\">Encuentra m\u00e1s detalles sobre lo que sucede en Per\u00fa en nuestras notas anteriores:<\/p>\n<ul>\n<li style=\"text-align: center;\"><a href=\"https:\/\/raceandequality.org\/1556\">Convulsi\u00f3n social: Per\u00fa registra 25 muertes y m\u00e1s de 300 personas heridas\u00a0<\/a><\/li>\n<li style=\"text-align: center;\"><a href=\"https:\/\/raceandequality.org\/1575\"> \u00a1Paren la masacre en Per\u00fa!<\/a><\/li>\n<\/ul>\n<p style=\"text-align: center;\">\n","protected":false},"excerpt":{"rendered":"<p>La crisis pol\u00edtica y social en el pa\u00eds est\u00e1 marcada por la discriminaci\u00f3n, persecuci\u00f3n, represi\u00f3n, agresiones sexuales, detenciones arbitrarias, 59 muertes y m\u00e1s de 1,792 personas heridas. Lima, 7 de [&hellip;]<\/p>\n","protected":false},"author":15,"featured_media":14753,"parent":0,"menu_order":0,"template":"","format":"standard","categories":[1162,1154,1161,1124,1127],"resources_country":[1201],"resources_language":[],"resources_audience":[],"resources_format":[],"resources_topic":[1100,1106],"resources_year":[],"class_list":["post-14743","resources","type-resources","status-publish","format-standard","has-post-thumbnail","hentry","category-cidh","category-espanol","category-oea","category-peru","category-un","resources_country-peru-es","resources_topic-cidh","resources_topic-oea-es"],"acf":[],"aioseo_notices":[],"_links":{"self":[{"href":"https:\/\/raceandequality.org\/es\/wp-json\/wp\/v2\/resources\/14743","targetHints":{"allow":["GET"]}}],"collection":[{"href":"https:\/\/raceandequality.org\/es\/wp-json\/wp\/v2\/resources"}],"about":[{"href":"https:\/\/raceandequality.org\/es\/wp-json\/wp\/v2\/types\/resources"}],"author":[{"embeddable":true,"href":"https:\/\/raceandequality.org\/es\/wp-json\/wp\/v2\/users\/15"}],"wp:featuredmedia":[{"embeddable":true,"href":"https:\/\/raceandequality.org\/es\/wp-json\/wp\/v2\/media\/14753"}],"wp:attachment":[{"href":"https:\/\/raceandequality.org\/es\/wp-json\/wp\/v2\/media?parent=14743"}],"wp:term":[{"taxonomy":"category","embeddable":true,"href":"https:\/\/raceandequality.org\/es\/wp-json\/wp\/v2\/categories?post=14743"},{"taxonomy":"resources_country","embeddable":true,"href":"https:\/\/raceandequality.org\/es\/wp-json\/wp\/v2\/resources_country?post=14743"},{"taxonomy":"resources_language","embeddable":true,"href":"https:\/\/raceandequality.org\/es\/wp-json\/wp\/v2\/resources_language?post=14743"},{"taxonomy":"resources_audience","embeddable":true,"href":"https:\/\/raceandequality.org\/es\/wp-json\/wp\/v2\/resources_audience?post=14743"},{"taxonomy":"resources_format","embeddable":true,"href":"https:\/\/raceandequality.org\/es\/wp-json\/wp\/v2\/resources_format?post=14743"},{"taxonomy":"resources_topic","embeddable":true,"href":"https:\/\/raceandequality.org\/es\/wp-json\/wp\/v2\/resources_topic?post=14743"},{"taxonomy":"resources_year","embeddable":true,"href":"https:\/\/raceandequality.org\/es\/wp-json\/wp\/v2\/resources_year?post=14743"}],"curies":[{"name":"wp","href":"https:\/\/api.w.org\/{rel}","templated":true}]}}

Estallido social en Perú: condenamos la violación sistemática de derechos humanos

<p style="text-align: center;"><strong><em>La crisis política y social en el país está marcada por la discriminación, persecución, represión, agresiones sexuales, detenciones arbitrarias, 59 muertes y más de 1,792 personas heridas.</em></strong></p>
<p style="text-align: justify;"><strong>Lima, 7 de febrero de 2023</strong>.- El Instituto Internacional sobre Raza, Igualdad y Derechos Humanos (Raza e Igualdad) expresa su profunda preocupación por las graves denuncias que reportan las organizaciones de derechos humanos sobre las múltiples violaciones a los derechos humanos de la población peruana; y condena firmemente el uso excesivo de las fuerza militar y policial desde que se inició la crisis política a raíz del intento de golpe de Estado por parte de Pedro Castillo, expresidente de Perú.</p>
<p style="text-align: justify;">El sábado 28 de enero, Lima fue escenario del asesinato de Victor Santisteban Yacsavilca, un manifestante de 55 años, cuya muerte es la primera en la capital a causa de la represión policial. Los videos de seguridad y los primeros informes médicos confirman que murió por traumatismo cerebral debido al disparo de un proyectil de lacrimógena en la cabeza.</p>
<p style="text-align: justify;">Según el <a href="https://raceandequality.org/1568">reporte diario</a> de la Defensoría del Pueblo, a la fecha se registran 59 muertes (47 de civiles y 1 policía durante protestas y 11 civiles por causas indirectas al estallido social como los bloqueos de carreteras) y más de 1,792 personas heridas en todo el país. En comparación con diciembre, enero superó el número de personas heridas a más del doble. Además, un <a href="https://raceandequality.org/1569">informe</a> del medio periodístico Ojo Público señala que, por lo menos, 30 de los civiles fallecieron por “proyectiles de arma de fuego de carga única; es decir, fusiles o pistolas”.</p>
<p style="text-align: justify;">Según los organismos internacionales de protección de derechos humanos, el uso de armas de fuego es una medida extrema y no existen supuestos que habiliten su uso para disolver una protesta o una manifestación, o para que se dispare indiscriminadamente a la multitud, tal y como lo señala el reporte “Protesta y Derechos Humanos” de la Relatoría Especial para la Libertad de Expresión de la CIDH.</p>
<div id="attachment_14761" style="width: 650px" class="wp-caption aligncenter"><img decoding="async" aria-describedby="caption-attachment-14761" class="wp-image-14761 size-large lazyload" data-src="https://raceandequality.org/wp-content/uploads/2023/04/WhatsApp-Image-2023-01-30-at-124403-PM-1024x578.jpeg" alt="" width="640" height="361" src="data:image/svg+xml;base64,PHN2ZyB3aWR0aD0iMSIgaGVpZ2h0PSIxIiB4bWxucz0iaHR0cDovL3d3dy53My5vcmcvMjAwMC9zdmciPjwvc3ZnPg==" style="--smush-placeholder-width: 640px; --smush-placeholder-aspect-ratio: 640/361;" /><p id="caption-attachment-14761" class="wp-caption-text"><em>Lugar del primer asesinato en Lima en el marco del estadillo social. Foto: Difusión</em></p></div>
<p style="text-align: justify;"><strong>Detenciones arbitrarias</strong></p>
<p style="text-align: justify;">Desde el inicio de las protestas, la Coordinadora Nacional de Derechos Humanos (CNDDHH), que agrupa a 78 organizaciones peruanas, ha denunciado la detención arbitraria de manifestantes e incluso de transeúntes por parte de la policía. Su <a href="https://raceandequality.org/1570">última denuncia</a> al respecto hace referencia al acercamiento de agentes del orden a los hospitales para detener a las personas heridas que estaban siendo atendidas.</p>
<p style="text-align: justify;">De la misma manera, el 21 de enero, la policía ingresó con tanquetas, disparos y sin presencia de un fiscal del Ministerio Público a la Universidad Nacional Mayor de San Marcos (UNMSM), la universidad más antigua de las Américas, para detener a manifestantes que habían sido alojados por estudiantes en dicha casa de estudios. Como lo menciona la abogada Renata Bregalio en su <a href="https://raceandequality.org/1571">cuenta de Twitter</a>, ese día maltrataron, humillaron y privaron de su libertad a 193 personas, entre ellas campesinos/as, adultos mayores, personas indígenas quechuahablantes y aymaras, estudiantes, a mujer embarazada, una niña de 8 años y periodistas. Además, impidieron el acceso de abogados/as a las personas detenidas, violando el derecho a tener una defensa legal oportuna y el derecho a tener un intérprete de lenguas originarias.</p>
<p style="text-align: justify;">Otra grave denuncia de violación a los derechos humanos la realizó una ciudadana, quien manifestó que fue víctima de agresión sexual por parte de efectivos policiales mientras estuvo detenida. Asimismo, la CNDDHH ha recibido reportes sobre desnudos forzados para revisiones íntimas y tocamientos indebidos a mujeres manifestantes y estudiantes detenidas durante la intervención a la UNMSM.</p>
<p style="text-align: justify;">La Comisión Interamericana de Derechos Humanos (CIDH), que ha estado dando seguimiento a la situación en Perú y que realizó una visita del 11 al 13 de enero, se pronunció sobre estos hechos en un comunicado junto a la Relatoría Especial para la Libertad de Expresión, condenando “el uso arbitrario de la fuerza por parte de los agentes de seguridad, así como repudia cualquier práctica de violencia y discriminación contra mujeres, niñas y adolescentes”. Así también subrayaron en el  <a href="https://raceandequality.org/1572">comunicado</a> que ningún operativo de desalojo puede realizarse sin las debidas justificaciones legales y legítimas.</p>
<p style="text-align: justify;">Hasta el 22 de enero, la <a href="https://raceandequality.org/1573">Fiscalía reportó</a> 104 carpetas fiscales con investigación a 507 personas por las protestas, de las cuales 8 se encuentran cumpliendo prisión preventiva. Respecto al número total de detenciones, se reportan 608 casos, los cuales no consideran a quienes fueron sometidos a procedimientos de control de identidad.</p>
<div id="attachment_14762" style="width: 417px" class="wp-caption aligncenter"><img decoding="async" aria-describedby="caption-attachment-14762" class="wp-image-14762 lazyload" data-src="https://raceandequality.org/wp-content/uploads/2023/04/WhatsApp-Image-2023-02-02-at-20924-PM.jpeg" alt="" width="407" height="509" src="data:image/svg+xml;base64,PHN2ZyB3aWR0aD0iMSIgaGVpZ2h0PSIxIiB4bWxucz0iaHR0cDovL3d3dy53My5vcmcvMjAwMC9zdmciPjwvc3ZnPg==" style="--smush-placeholder-width: 407px; --smush-placeholder-aspect-ratio: 407/509;" /><p id="caption-attachment-14762" class="wp-caption-text"><em>Intervención policial en la Universidad Nacional Mayor de San Marcos, Lima, Perú. Foto: Difusión.</em></p></div>
<p style="text-align: justify;"><strong>Declaración de la OEA </strong></p>
<p style="text-align: justify;">El 30 de enero, después de la presentación de la CIDH ante el Consejo Permanente de  la Organización de los Estados Americanos (OEA) sobre su visita de observación a Perú, sus pronunciamientos, así como los realizados por las agencias de las Naciones Unidas, el Consejo Permanente de la OEA llamó al Estado peruano a dar “una respuesta estatal urgente enmarcada por los estándares interamericanos (…), así como adoptar medidas efectivas para la rendición de cuentas sobre todos los actos de violencia y destrucción”. En la misma <a href="https://raceandequality.org/1574">declaratoria</a>, llamó a las autoridades peruanas a realizar prontamente el adelanto de elecciones generales. Al respecto, el Congreso peruano aplazó por tercera vez la discusión sobre el adelanto de las elecciones para octubre del 2023.</p>
<p style="text-align: justify;"><strong>Congresistas de EE.UU. piden a Biden que suspenda asistencia de seguridad</strong></p>
<p style="text-align: justify;">El lunes 30 de enero, desde el Congreso de los Estados Unidos, un grupo de legisladores demócratas enviaron una carta al presidente Joe Biden en solidaridad con el pueblo peruano, solicitando la suspensión inmediata de la asistencia de seguridad que se concede a Perú debido a las violaciones de derechos humanos cometidas por las fuerzas del orden. Los Congresistas Jamie Raskin, Juan Vargas, Alexandria Ocasio-Cortez, entre otros, pidieron la aplicación de esa medida hasta que las autoridades peruanas garanticen la justicia y la rendición de cuentas.</p>
<p style="text-align: justify;">Asimismo, insta a la Administración norteamericana a que se pronuncie públicamente y ejerza presión sobre el Gobierno peruano para que respeten los derechos a la protesta pacífica y al debido proceso.</p>
<div id="attachment_14764" style="width: 650px" class="wp-caption aligncenter"><img decoding="async" aria-describedby="caption-attachment-14764" class="wp-image-14764 size-large lazyload" data-src="https://raceandequality.org/wp-content/uploads/2023/04/IMG_6011-1024x683.jpg" alt="" width="640" height="427" src="data:image/svg+xml;base64,PHN2ZyB3aWR0aD0iMSIgaGVpZ2h0PSIxIiB4bWxucz0iaHR0cDovL3d3dy53My5vcmcvMjAwMC9zdmciPjwvc3ZnPg==" style="--smush-placeholder-width: 640px; --smush-placeholder-aspect-ratio: 640/427;" /><p id="caption-attachment-14764" class="wp-caption-text"><em>Miles de personas provenientes de las regiones andinas de Perú viajaron a la capital para participar del Paro Nacional. Foto: Luz Mateo Cielo</em></p></div>
<p style="text-align: justify;"><strong>Raza e Igualdad condena la violación sistemática de derechos humanos</strong></p>
<p style="text-align: justify;">Raza e Igualdad insta a investigar -de forma célere, eficaz y respetando el debido proceso- las muertes, abusos, detenciones y demás violaciones a la seguridad e integridad de las personas con el fin de que se judicialice a los responsables y se determinen medidas de reparación integral.</p>
<p style="text-align: justify;">Rechazamos los discursos que califican a manifestantes de “terroristas”, “delincuentes” o “grupos radicales” y que criminalizan el libre ejercicio del derecho a la protesta pacífica.</p>
<p style="text-align: justify;">Asimismo, persistimos en el llamado a levantar inmediatamente el Estado de Emergencia en Perú, la imposición ilegítima de los toques de queda para impedir el ejercicio del derecho a la protesta pacífica, así como el uso innecesario, excesivo y desproporcionado de la fuerza.</p>
<p style="text-align: justify;">Recordamos que los Estados tienen compromisos internacionales para garantizar y proteger los derechos humanos de toda su población, por lo que llamamos urgentemente a que el Estado peruano tome medidas inmediatas para que cese la violencia en el país y se respete los estándares internacionales de derechos humanos.</p>
<p style="text-align: center;">Encuentra más detalles sobre lo que sucede en Perú en nuestras notas anteriores:</p>
<ul>
<li style="text-align: center;"><a href="https://raceandequality.org/1556">Convulsión social: Perú registra 25 muertes y más de 300 personas heridas </a></li>
<li style="text-align: center;"><a href="https://raceandequality.org/1575"> ¡Paren la masacre en Perú!</a></li>
</ul>
<p style="text-align: center;">

<p>La crisis política y social en el país está marcada por la discriminación, persecución, represión, agresiones sexuales, detenciones arbitrarias, 59 muertes y más de 1,792 personas heridas. Lima, 7 de [&hellip;]</p>
