{"id":16787,"date":"2023-05-13T10:31:53","date_gmt":"2023-05-13T10:31:53","guid":{"rendered":"https:\/\/racenadequapro.wpengine.com\/?post_type=resources&#038;p=16787"},"modified":"2023-07-26T10:32:26","modified_gmt":"2023-07-26T10:32:26","slug":"colectivo-46-2-condena-arbitrariedad-de-corte-suprema-de-justicia-contra-profesionales-del-derecho","status":"publish","type":"resources","link":"https:\/\/raceandequality.org\/es\/resources\/colectivo-46-2-condena-arbitrariedad-de-corte-suprema-de-justicia-contra-profesionales-del-derecho\/","title":{"rendered":"Colectivo 46\/2 condena arbitrariedad de Corte Suprema de Justicia contra profesionales del Derecho"},"content":{"rendered":"<p style=\"text-align: justify;\"><b><span data-contrast=\"auto\">San Jos\u00e9, Ginebra, Washington D.C., 12 de mayo del 2023.- <\/span><\/b><span data-contrast=\"auto\">Ante la reciente suspensi\u00f3n definitiva del ejercicio de la abogac\u00eda y notariado a 25 personas en Nicaragua, ordenada el 11 de mayo de 2023 por el Consejo Nacional de Administraci\u00f3n y Carrera Judicial de la Corte Suprema de Justicia (CSJ), las organizaciones que integramos el Colectivo 46\/2 expresamos nuestra en\u00e9rgica condena a lo que constituye una represalia m\u00e1s de los operadores del r\u00e9gimen de Daniel Ortega y Rosario Murillo. <\/span><span data-ccp-props=\"{&quot;201341983&quot;:0,&quot;335551550&quot;:6,&quot;335551620&quot;:6,&quot;335559739&quot;:160,&quot;335559740&quot;:259}\">\u00a0<\/span><\/p>\n<p style=\"text-align: justify;\"><span data-contrast=\"auto\">De las 25 personas afectadas,15 son abogados del grupo de 222 personas que fueron excarceladas y desterradas hacia Estados Unidos el pasado 9 de febrero, y las otras 10 personas fueron despojadas de su nacionalidad en un grupo de 94 personas, entre quienes se encuentran la reconocida defensora de derechos humanos Vilma N\u00fa\u00f1ez de Escorcia y el escritor Sergio Ram\u00edrez Mercado. <\/span><span data-ccp-props=\"{&quot;201341983&quot;:0,&quot;335551550&quot;:6,&quot;335551620&quot;:6,&quot;335559739&quot;:160,&quot;335559740&quot;:259}\">\u00a0<\/span><\/p>\n<p style=\"text-align: justify;\"><span data-contrast=\"auto\">Vilma N\u00fa\u00f1ez de Escorcia, es fundadora y presidenta del Centro Nicarag\u00fcense de Derechos Humanos (Cenidh), organizaci\u00f3n integrante del Colectivo 46\/2. N\u00fa\u00f1ez tiene una carrera intachable de m\u00e1s de seis d\u00e9cadas luchando incansablemente por la defensa de los derechos humanos en Nicaragua, siendo su labor reconocida a nivel nacional e internacional. El r\u00e9gimen ya la hab\u00eda despojado de su nacionalidad el pasado 15 de febrero, junto a otras 93 personas.<\/span><\/p>\n<p style=\"text-align: justify;\"><span data-contrast=\"auto\">Entre las abogadas y notarias suspendidas est\u00e1n M\u00f3nica L\u00f3pez Baltodano, defensora ambiental y Presidenta de POPOL NA; Gonzalo Carri\u00f3n, defensor de derechos humanos del Colectivo de Derechos Humanos Nicaragua Nunca M\u00e1s; Ana Margarita Vijil, feminista, dirigente pol\u00edtica de UNAMOS y defensora de derechos humanos; y Mar\u00eda Oviedo, abogada y defensora de derechos humanos de CPDH.<\/span><\/p>\n<p style=\"text-align: justify;\"><span data-contrast=\"auto\">La arbitraria decisi\u00f3n afecta tambi\u00e9n a otras defensoras de derechos humanos, ambientalistas, pol\u00edticos opositores, escritores y a tres extrabajadores del mismo Poder Judicial que fueron procesados el a\u00f1o pasado y enviados al destierro en febrero. Esta decisi\u00f3n fue antecedida por la tomada el 9 de mayo contra la abogada Yonarqui Mart\u00ednez, quien denunci\u00f3 la detenci\u00f3n arbitraria de 57 personas el 3 de mayo. <\/span><span data-ccp-props=\"{&quot;201341983&quot;:0,&quot;335551550&quot;:6,&quot;335551620&quot;:6,&quot;335559739&quot;:160,&quot;335559740&quot;:259}\">\u00a0<\/span><\/p>\n<p style=\"text-align: justify;\"><span data-contrast=\"auto\">Desde el Colectivo 46\/2 lamentamos profundamente que el impacto de esta acci\u00f3n represiva traer\u00e1 consecuencias directas en la observancia y defensa en procesos judiciales y en la defensa de derechos humanos. Exigimos a las autoridades del Consejo Nacional de Administraci\u00f3n y Carrera Judicial de la Corte Suprema de Justicia (CSJ) anular esta decisi\u00f3n, que es violatoria del derecho internacional de los derechos humanos. <\/span><span data-ccp-props=\"{&quot;201341983&quot;:0,&quot;335551550&quot;:6,&quot;335551620&quot;:6,&quot;335559739&quot;:160,&quot;335559740&quot;:259}\">\u00a0<\/span><\/p>\n<p style=\"text-align: justify;\"><span data-contrast=\"auto\">Demandamos que se investigue y sancione a los responsables de esta nueva ola de arbitrariedades. Llamamos a los \u00f3rganos de protecci\u00f3n de los derechos humanos y a la comunidad internacional a denunciar esta acci\u00f3n emprendida por un poder desbordado que persigue a un sector de la poblaci\u00f3n que se identifica como oposici\u00f3n o se percibe como tal, lo que caracteriza la situaci\u00f3n de Nicaragua como una de las m\u00e1s graves de la regi\u00f3n por los cr\u00edmenes de lesa humanidad que contin\u00faan cometi\u00e9ndose. <\/span><span data-ccp-props=\"{&quot;201341983&quot;:0,&quot;335551550&quot;:6,&quot;335551620&quot;:6,&quot;335559739&quot;:160,&quot;335559740&quot;:259}\">\u00a0<\/span><\/p>\n<p style=\"text-align: justify;\"><span data-contrast=\"auto\">Finalmente, expresamos nuestra solidaridad con todas las personas afectadas por esta nueva arbitrariedad y nuestro reconocimiento a su importante labor. Continuaremos observantes para que estos y otros hechos no queden en la impunidad. <\/span><span data-ccp-props=\"{&quot;201341983&quot;:0,&quot;335551550&quot;:6,&quot;335551620&quot;:6,&quot;335559739&quot;:160,&quot;335559740&quot;:259}\">\u00a0<\/span><\/p>\n<p style=\"text-align: justify;\"><span data-contrast=\"auto\">***<\/span><span data-ccp-props=\"{&quot;201341983&quot;:0,&quot;335551550&quot;:6,&quot;335551620&quot;:6,&quot;335559739&quot;:160,&quot;335559740&quot;:259}\">\u00a0<\/span><\/p>\n<p style=\"text-align: justify;\"><span data-contrast=\"auto\">El Colectivo 46\/2 es una coalici\u00f3n conformada por 21 organizaciones de derechos humanos internacionales, regionales y nicarag\u00fcenses que informa peri\u00f3dicamente a la comunidad internacional sobre la falta de acciones del r\u00e9gimen de Nicaragua para atender sus obligaciones internacionales en materia de derechos humanos. <\/span><span data-ccp-props=\"{&quot;201341983&quot;:0,&quot;335551550&quot;:6,&quot;335551620&quot;:6,&quot;335559739&quot;:160,&quot;335559740&quot;:259}\">\u00a0<\/span><\/p>\n<p style=\"text-align: justify;\"><span data-contrast=\"auto\">El Colectivo 46\/2 impuls\u00f3 una campa\u00f1a de incidencia <\/span><a href=\"https:\/\/www.mecanismoparanicaragua.org\/blog\/hashtags\/MecanismoParaNicaragua\"><span data-contrast=\"none\">#MecanismoParaNicaragua<\/span><\/a><span data-contrast=\"auto\"> con el objetivo de que el Consejo de Derechos Humanos de Humanos de Naciones Unidas adoptara la Resoluci\u00f3n 49\/3, que estableci\u00f3 el mandato del<\/span><a href=\"https:\/\/www.ohchr.org\/es\/hr-bodies\/hrc\/ghre-nicaragua\/index\"><span data-contrast=\"none\"> Grupo de Expertos en Derechos Humanos sobre Nicaragua<\/span><\/a><span data-contrast=\"auto\"> (GHREN, por sus siglas en ingl\u00e9s); y m\u00e1s recientemente, abog\u00f3 para la aprobaci\u00f3n de la Resoluci\u00f3n L.38. Esta \u00faltima resoluci\u00f3n, aprobada el pasado 27 de marzo de 2023, renueva el mandato de monitoreo de la OACNUDH y el mandato GHREN <\/span><b><span data-contrast=\"auto\">por dos a\u00f1os, reforzando su enfoque interseccional de este \u00faltimo, y <\/span><\/b><span data-contrast=\"auto\">prestando especial atenci\u00f3n a la situaci\u00f3n de los pueblos ind\u00edgenas y afrodescendientes, las personas migrantes y desplazadas a la fuerza, las personas detenidas por razones pol\u00edticas, y a familiares de las v\u00edctimas. <\/span><span data-ccp-props=\"{&quot;201341983&quot;:0,&quot;335551550&quot;:6,&quot;335551620&quot;:6,&quot;335559739&quot;:160,&quot;335559740&quot;:259}\">\u00a0<\/span><\/p>\n","protected":false},"excerpt":{"rendered":"<p>San Jos\u00e9, Ginebra, Washington D.C., 12 de mayo del 2023.- Ante la reciente suspensi\u00f3n definitiva del ejercicio de la abogac\u00eda y notariado a 25 personas en Nicaragua, ordenada el 11 [&hellip;]<\/p>\n","protected":false},"author":15,"featured_media":16788,"parent":0,"menu_order":0,"template":"","format":"standard","categories":[],"resources_country":[1199],"resources_language":[],"resources_audience":[],"resources_format":[],"resources_topic":[],"resources_year":[],"class_list":["post-16787","resources","type-resources","status-publish","format-standard","has-post-thumbnail","hentry","resources_country-nicaragua-es"],"acf":[],"aioseo_notices":[],"_links":{"self":[{"href":"https:\/\/raceandequality.org\/es\/wp-json\/wp\/v2\/resources\/16787","targetHints":{"allow":["GET"]}}],"collection":[{"href":"https:\/\/raceandequality.org\/es\/wp-json\/wp\/v2\/resources"}],"about":[{"href":"https:\/\/raceandequality.org\/es\/wp-json\/wp\/v2\/types\/resources"}],"author":[{"embeddable":true,"href":"https:\/\/raceandequality.org\/es\/wp-json\/wp\/v2\/users\/15"}],"wp:featuredmedia":[{"embeddable":true,"href":"https:\/\/raceandequality.org\/es\/wp-json\/wp\/v2\/media\/16788"}],"wp:attachment":[{"href":"https:\/\/raceandequality.org\/es\/wp-json\/wp\/v2\/media?parent=16787"}],"wp:term":[{"taxonomy":"category","embeddable":true,"href":"https:\/\/raceandequality.org\/es\/wp-json\/wp\/v2\/categories?post=16787"},{"taxonomy":"resources_country","embeddable":true,"href":"https:\/\/raceandequality.org\/es\/wp-json\/wp\/v2\/resources_country?post=16787"},{"taxonomy":"resources_language","embeddable":true,"href":"https:\/\/raceandequality.org\/es\/wp-json\/wp\/v2\/resources_language?post=16787"},{"taxonomy":"resources_audience","embeddable":true,"href":"https:\/\/raceandequality.org\/es\/wp-json\/wp\/v2\/resources_audience?post=16787"},{"taxonomy":"resources_format","embeddable":true,"href":"https:\/\/raceandequality.org\/es\/wp-json\/wp\/v2\/resources_format?post=16787"},{"taxonomy":"resources_topic","embeddable":true,"href":"https:\/\/raceandequality.org\/es\/wp-json\/wp\/v2\/resources_topic?post=16787"},{"taxonomy":"resources_year","embeddable":true,"href":"https:\/\/raceandequality.org\/es\/wp-json\/wp\/v2\/resources_year?post=16787"}],"curies":[{"name":"wp","href":"https:\/\/api.w.org\/{rel}","templated":true}]}}

<p style="text-align: justify;"><b><span data-contrast="auto">San José, Ginebra, Washington D.C., 12 de mayo del 2023.- </span></b><span data-contrast="auto">Ante la reciente suspensión definitiva del ejercicio de la abogacía y notariado a 25 personas en Nicaragua, ordenada el 11 de mayo de 2023 por el Consejo Nacional de Administración y Carrera Judicial de la Corte Suprema de Justicia (CSJ), las organizaciones que integramos el Colectivo 46/2 expresamos nuestra enérgica condena a lo que constituye una represalia más de los operadores del régimen de Daniel Ortega y Rosario Murillo. </span><span data-ccp-props="{&quot;201341983&quot;:0,&quot;335551550&quot;:6,&quot;335551620&quot;:6,&quot;335559739&quot;:160,&quot;335559740&quot;:259}"> </span></p>
<p style="text-align: justify;"><span data-contrast="auto">De las 25 personas afectadas,15 son abogados del grupo de 222 personas que fueron excarceladas y desterradas hacia Estados Unidos el pasado 9 de febrero, y las otras 10 personas fueron despojadas de su nacionalidad en un grupo de 94 personas, entre quienes se encuentran la reconocida defensora de derechos humanos Vilma Núñez de Escorcia y el escritor Sergio Ramírez Mercado. </span><span data-ccp-props="{&quot;201341983&quot;:0,&quot;335551550&quot;:6,&quot;335551620&quot;:6,&quot;335559739&quot;:160,&quot;335559740&quot;:259}"> </span></p>
<p style="text-align: justify;"><span data-contrast="auto">Vilma Núñez de Escorcia, es fundadora y presidenta del Centro Nicaragüense de Derechos Humanos (Cenidh), organización integrante del Colectivo 46/2. Núñez tiene una carrera intachable de más de seis décadas luchando incansablemente por la defensa de los derechos humanos en Nicaragua, siendo su labor reconocida a nivel nacional e internacional. El régimen ya la había despojado de su nacionalidad el pasado 15 de febrero, junto a otras 93 personas.</span></p>
<p style="text-align: justify;"><span data-contrast="auto">Entre las abogadas y notarias suspendidas están Mónica López Baltodano, defensora ambiental y Presidenta de POPOL NA; Gonzalo Carrión, defensor de derechos humanos del Colectivo de Derechos Humanos Nicaragua Nunca Más; Ana Margarita Vijil, feminista, dirigente política de UNAMOS y defensora de derechos humanos; y María Oviedo, abogada y defensora de derechos humanos de CPDH.</span></p>
<p style="text-align: justify;"><span data-contrast="auto">La arbitraria decisión afecta también a otras defensoras de derechos humanos, ambientalistas, políticos opositores, escritores y a tres extrabajadores del mismo Poder Judicial que fueron procesados el año pasado y enviados al destierro en febrero. Esta decisión fue antecedida por la tomada el 9 de mayo contra la abogada Yonarqui Martínez, quien denunció la detención arbitraria de 57 personas el 3 de mayo. </span><span data-ccp-props="{&quot;201341983&quot;:0,&quot;335551550&quot;:6,&quot;335551620&quot;:6,&quot;335559739&quot;:160,&quot;335559740&quot;:259}"> </span></p>
<p style="text-align: justify;"><span data-contrast="auto">Desde el Colectivo 46/2 lamentamos profundamente que el impacto de esta acción represiva traerá consecuencias directas en la observancia y defensa en procesos judiciales y en la defensa de derechos humanos. Exigimos a las autoridades del Consejo Nacional de Administración y Carrera Judicial de la Corte Suprema de Justicia (CSJ) anular esta decisión, que es violatoria del derecho internacional de los derechos humanos. </span><span data-ccp-props="{&quot;201341983&quot;:0,&quot;335551550&quot;:6,&quot;335551620&quot;:6,&quot;335559739&quot;:160,&quot;335559740&quot;:259}"> </span></p>
<p style="text-align: justify;"><span data-contrast="auto">Demandamos que se investigue y sancione a los responsables de esta nueva ola de arbitrariedades. Llamamos a los órganos de protección de los derechos humanos y a la comunidad internacional a denunciar esta acción emprendida por un poder desbordado que persigue a un sector de la población que se identifica como oposición o se percibe como tal, lo que caracteriza la situación de Nicaragua como una de las más graves de la región por los crímenes de lesa humanidad que continúan cometiéndose. </span><span data-ccp-props="{&quot;201341983&quot;:0,&quot;335551550&quot;:6,&quot;335551620&quot;:6,&quot;335559739&quot;:160,&quot;335559740&quot;:259}"> </span></p>
<p style="text-align: justify;"><span data-contrast="auto">Finalmente, expresamos nuestra solidaridad con todas las personas afectadas por esta nueva arbitrariedad y nuestro reconocimiento a su importante labor. Continuaremos observantes para que estos y otros hechos no queden en la impunidad. </span><span data-ccp-props="{&quot;201341983&quot;:0,&quot;335551550&quot;:6,&quot;335551620&quot;:6,&quot;335559739&quot;:160,&quot;335559740&quot;:259}"> </span></p>
<p style="text-align: justify;"><span data-contrast="auto">***</span><span data-ccp-props="{&quot;201341983&quot;:0,&quot;335551550&quot;:6,&quot;335551620&quot;:6,&quot;335559739&quot;:160,&quot;335559740&quot;:259}"> </span></p>
<p style="text-align: justify;"><span data-contrast="auto">El Colectivo 46/2 es una coalición conformada por 21 organizaciones de derechos humanos internacionales, regionales y nicaragüenses que informa periódicamente a la comunidad internacional sobre la falta de acciones del régimen de Nicaragua para atender sus obligaciones internacionales en materia de derechos humanos. </span><span data-ccp-props="{&quot;201341983&quot;:0,&quot;335551550&quot;:6,&quot;335551620&quot;:6,&quot;335559739&quot;:160,&quot;335559740&quot;:259}"> </span></p>
<p style="text-align: justify;"><span data-contrast="auto">El Colectivo 46/2 impulsó una campaña de incidencia </span><a href="https://www.mecanismoparanicaragua.org/blog/hashtags/MecanismoParaNicaragua"><span data-contrast="none">#MecanismoParaNicaragua</span></a><span data-contrast="auto"> con el objetivo de que el Consejo de Derechos Humanos de Humanos de Naciones Unidas adoptara la Resolución 49/3, que estableció el mandato del</span><a href="https://www.ohchr.org/es/hr-bodies/hrc/ghre-nicaragua/index"><span data-contrast="none"> Grupo de Expertos en Derechos Humanos sobre Nicaragua</span></a><span data-contrast="auto"> (GHREN, por sus siglas en inglés); y más recientemente, abogó para la aprobación de la Resolución L.38. Esta última resolución, aprobada el pasado 27 de marzo de 2023, renueva el mandato de monitoreo de la OACNUDH y el mandato GHREN </span><b><span data-contrast="auto">por dos años, reforzando su enfoque interseccional de este último, y </span></b><span data-contrast="auto">prestando especial atención a la situación de los pueblos indígenas y afrodescendientes, las personas migrantes y desplazadas a la fuerza, las personas detenidas por razones políticas, y a familiares de las víctimas. </span><span data-ccp-props="{&quot;201341983&quot;:0,&quot;335551550&quot;:6,&quot;335551620&quot;:6,&quot;335559739&quot;:160,&quot;335559740&quot;:259}"> </span></p>

<p>San José, Ginebra, Washington D.C., 12 de mayo del 2023.- Ante la reciente suspensión definitiva del ejercicio de la abogacía y notariado a 25 personas en Nicaragua, ordenada el 11 [&hellip;]</p>
