{"id":16800,"date":"2023-05-17T10:40:18","date_gmt":"2023-05-17T10:40:18","guid":{"rendered":"https:\/\/racenadequapro.wpengine.com\/resources\/day-against-lgbtiphobia-celebrating-advancements-and-achievements-in-human-rights\/"},"modified":"2023-07-26T13:29:30","modified_gmt":"2023-07-26T13:29:30","slug":"dia-contra-la-lgbtifobia-celebramos-los-avances-y-logros-a-favor-de-los-derechos-humanos","status":"publish","type":"resources","link":"https:\/\/raceandequality.org\/es\/resources\/dia-contra-la-lgbtifobia-celebramos-los-avances-y-logros-a-favor-de-los-derechos-humanos\/","title":{"rendered":"D\u00eda contra la LGBTI+fobia: Celebramos los avances y logros a favor de los Derechos Humanos"},"content":{"rendered":"<p style=\"text-align: justify;\"><strong>Washington D.C., 17 de mayo de 2023<\/strong> -. Desde 2004, cada 17 de mayo se recuerda que la Organizaci\u00f3n Mundial de la Salud (OMS) quit\u00f3 a la homosexualidad de su <a href=\"https:\/\/apps.who.int\/iris\/bitstream\/handle\/10665\/70941\/ICD_10_1950_v1_spa.pdf?sequence=2&amp;isAllowed=y\">Manual de Clasificaci\u00f3n Internacional de Enfermedades (CIE)<\/a>, un avance que contribuy\u00f3 a la despatologizaci\u00f3n de las identidades LGBTI+. Por eso, hoy, D\u00eda Internacional contra la LGBTI+fobia, desde el Instituto Internacional sobre Raza, Igualdad y Derechos Humanos (Raza e Igualdad), conmemoramos el derecho a vivir libres de violencia, con dignidad y celebrando qui\u00e9nes somos y cada logro conseguido por las personas LGBTI+ a favor de los derechos humanos.<\/p>\n<p style=\"text-align: justify;\">La lucha por la igualdad y los derechos humanos de las personas LGBTI+ ha logrado importantes avances en muchas partes del mundo y es importante reconocer los esfuerzos y la ardua incidencia detr\u00e1s de estas. Desde Raza e Igualdad, resaltamos algunos de los logros del \u00faltimo a\u00f1o en la regi\u00f3n.<\/p>\n<p style=\"text-align: justify;\">En Colombia, la Comisi\u00f3n de la Verdad (CEV) incorpor\u00f3 el enfoque de g\u00e9nero para analizar el impacto desproporcionado del conflicto armado en la vida de personas LGBTI+. Este hecho es un gran referente para los dem\u00e1s pa\u00edses de Latinoam\u00e9rica que atravesaron por conflictos armados similares, pero que, en cuyos procesos de paz, no se tomaron en cuenta a las personas LGBTI+. Este tipo de avances permiten ser un punto de partida para esclarecer patrones de violencia y, posteriormente, promover ante el Estado medidas de reconocimiento, reparaci\u00f3n y sanci\u00f3n para los perpetradores.<\/p>\n<p style=\"text-align: justify;\">Por otro lado, la Corte Constitucional orden\u00f3 a la Registradur\u00eda Nacional incluir la categor\u00eda no binarie en los documentos de identidad. \u00a0Gracias a la iniciativa y lucha de Dani Garc\u00eda, quien en el 2019 solicit\u00f3 un nuevo documento donde figurara sexo \u00abindeterminado\u00bb. La Corte tambi\u00e9n orden\u00f3 al Congreso regular los derechos, servicios y obligaciones para que las personas no binarias puedan acceder a ellos.<\/p>\n<p style=\"text-align: justify;\">En Per\u00fa, por primera vez, el Estado le pidi\u00f3 perd\u00f3n a una mujer trans, Azul Rojas, y reconoci\u00f3 responsabilidad internacional por vulnerar sus derechos en el 2008. Esto sucede despu\u00e9s de 2 a\u00f1os de la sentencia de la Corte Interamericana de Derechos Humanos (Corte IDH) sobre el primer caso de tortura por discriminaci\u00f3n a una persona LGBTI+ en la regi\u00f3n.<\/p>\n<p style=\"text-align: justify;\">Otra sentencia hist\u00f3rica que dict\u00f3 la Corte IDH fue sobre el reciente logro sobre caso de Crissthian Olivera vs. Per\u00fa, la primera denuncia por discriminaci\u00f3n por orientaci\u00f3n sexual en el pa\u00eds ante este organismo internacional. Ambos fallos de la Corte IDH hallaron responsable al Estado peruano y le ordenan reparaci\u00f3n integral para las v\u00edctimas, adem\u00e1s de una serie de medidas para promover la igualdad y no discriminaci\u00f3n en el pa\u00eds.<\/p>\n<p style=\"text-align: justify;\">En Brasil, se cre\u00f3 la Secretaria Nacional por los Derechos de la Poblaci\u00f3n LGBTQIA+ del gobierno y, por primera vez, una persona travesti, Symmy Larrat, asumi\u00f3 el cargo. Asimismo, Benny Briolly se convirti\u00f3 en la primera persona travesti que recibi\u00f3 medidas cautelares de la Comisi\u00f3n Interamericana de Derechos Humanos (CIDH). Benny Briolly, una concejala negra travesti, recibi\u00f3 estas medidas por encontrarse en una situaci\u00f3n de gravedad y urgencia de riesgo de da\u00f1o irreparable a sus derechos a ra\u00edz de su identidad de g\u00e9nero, su labor en la pol\u00edtica y como defensora de derechos humanos.<\/p>\n<p style=\"text-align: justify;\">En Nicaragua, pese al r\u00e9gimen autoritario y al contexto de censura, la sociedad civil cre\u00f3 y mantiene activo el Observatorio de Violaciones a Derechos Humanos de Personas LGBTI+. Estas organizaciones desempe\u00f1an un papel fundamental en la promoci\u00f3n de la igualdad y la visibilidad de la comunidad LGBTI+ en el pa\u00eds.<\/p>\n<p style=\"text-align: justify;\">En Cuba, se aprob\u00f3 el C\u00f3digo de Familias el cual legaliza el matrimonio igualitario y la posibilidad de que las parejas del mismo sexo puedan adoptar.<\/p>\n<p style=\"text-align: justify;\">Es fundamental que continuemos promoviendo la diversidad y el respeto por la identidad de g\u00e9nero, la orientaci\u00f3n sexual, la expresi\u00f3n de g\u00e9nero y las caracter\u00edsticas sexuales de las personas LGBTI+ y sigamos celebrando los logros de la sociedad civil a favor de los derechos humanos.<\/p>\n<p style=\"text-align: justify;\">Para continuar contribuyendo al reconocimiento de las personas LGBTI+ y sus derechos, es urgente que los Estados desarrollen medidas orientadas a:<\/p>\n<ul style=\"text-align: justify;\">\n<li>Despenalizar las relaciones entre personas del mismo sexo;<\/li>\n<li>Aprobar leyes que proh\u00edben la discriminaci\u00f3n;<\/li>\n<li>Penalizar los delitos de odio cometidos contra personas LGBTI+;<\/li>\n<li>Otorgar reconocimiento a las personas trans para que puedan obtener documentos de identidad, sin necesidad de cumplir con requisitos abusivos y rectimizantes;<\/li>\n<li>Poner en marcha programas de capacitaci\u00f3n para agentes de polic\u00eda, personal de establecimientos penitenciarios, docentes, trabajadores sociales y cuidadores, y funcionarios p\u00fablicos en general para que puedan servir mejor a la colectividad LGBTI+.<\/li>\n<\/ul>\n","protected":false},"excerpt":{"rendered":"<p>Washington D.C., 17 de mayo de 2023 -. Desde 2004, cada 17 de mayo se recuerda que la Organizaci\u00f3n Mundial de la Salud (OMS) quit\u00f3 a la homosexualidad de su [&hellip;]<\/p>\n","protected":false},"author":15,"featured_media":16801,"parent":0,"menu_order":0,"template":"","format":"standard","categories":[],"resources_country":[1189,1199],"resources_language":[],"resources_audience":[],"resources_format":[],"resources_topic":[1117],"resources_year":[],"class_list":["post-16800","resources","type-resources","status-publish","format-standard","has-post-thumbnail","hentry","resources_country-brasil","resources_country-nicaragua-es","resources_topic-onu"],"acf":[],"aioseo_notices":[],"_links":{"self":[{"href":"https:\/\/raceandequality.org\/es\/wp-json\/wp\/v2\/resources\/16800","targetHints":{"allow":["GET"]}}],"collection":[{"href":"https:\/\/raceandequality.org\/es\/wp-json\/wp\/v2\/resources"}],"about":[{"href":"https:\/\/raceandequality.org\/es\/wp-json\/wp\/v2\/types\/resources"}],"author":[{"embeddable":true,"href":"https:\/\/raceandequality.org\/es\/wp-json\/wp\/v2\/users\/15"}],"wp:featuredmedia":[{"embeddable":true,"href":"https:\/\/raceandequality.org\/es\/wp-json\/wp\/v2\/media\/16801"}],"wp:attachment":[{"href":"https:\/\/raceandequality.org\/es\/wp-json\/wp\/v2\/media?parent=16800"}],"wp:term":[{"taxonomy":"category","embeddable":true,"href":"https:\/\/raceandequality.org\/es\/wp-json\/wp\/v2\/categories?post=16800"},{"taxonomy":"resources_country","embeddable":true,"href":"https:\/\/raceandequality.org\/es\/wp-json\/wp\/v2\/resources_country?post=16800"},{"taxonomy":"resources_language","embeddable":true,"href":"https:\/\/raceandequality.org\/es\/wp-json\/wp\/v2\/resources_language?post=16800"},{"taxonomy":"resources_audience","embeddable":true,"href":"https:\/\/raceandequality.org\/es\/wp-json\/wp\/v2\/resources_audience?post=16800"},{"taxonomy":"resources_format","embeddable":true,"href":"https:\/\/raceandequality.org\/es\/wp-json\/wp\/v2\/resources_format?post=16800"},{"taxonomy":"resources_topic","embeddable":true,"href":"https:\/\/raceandequality.org\/es\/wp-json\/wp\/v2\/resources_topic?post=16800"},{"taxonomy":"resources_year","embeddable":true,"href":"https:\/\/raceandequality.org\/es\/wp-json\/wp\/v2\/resources_year?post=16800"}],"curies":[{"name":"wp","href":"https:\/\/api.w.org\/{rel}","templated":true}]}}

Día contra la LGBTI+fobia: Celebramos los avances y logros a favor de los Derechos Humanos

<p style="text-align: justify;"><strong>Washington D.C., 17 de mayo de 2023</strong> -. Desde 2004, cada 17 de mayo se recuerda que la Organización Mundial de la Salud (OMS) quitó a la homosexualidad de su <a href="https://apps.who.int/iris/bitstream/handle/10665/70941/ICD_10_1950_v1_spa.pdf?sequence=2&amp;isAllowed=y">Manual de Clasificación Internacional de Enfermedades (CIE)</a>, un avance que contribuyó a la despatologización de las identidades LGBTI+. Por eso, hoy, Día Internacional contra la LGBTI+fobia, desde el Instituto Internacional sobre Raza, Igualdad y Derechos Humanos (Raza e Igualdad), conmemoramos el derecho a vivir libres de violencia, con dignidad y celebrando quiénes somos y cada logro conseguido por las personas LGBTI+ a favor de los derechos humanos.</p>
<p style="text-align: justify;">La lucha por la igualdad y los derechos humanos de las personas LGBTI+ ha logrado importantes avances en muchas partes del mundo y es importante reconocer los esfuerzos y la ardua incidencia detrás de estas. Desde Raza e Igualdad, resaltamos algunos de los logros del último año en la región.</p>
<p style="text-align: justify;">En Colombia, la Comisión de la Verdad (CEV) incorporó el enfoque de género para analizar el impacto desproporcionado del conflicto armado en la vida de personas LGBTI+. Este hecho es un gran referente para los demás países de Latinoamérica que atravesaron por conflictos armados similares, pero que, en cuyos procesos de paz, no se tomaron en cuenta a las personas LGBTI+. Este tipo de avances permiten ser un punto de partida para esclarecer patrones de violencia y, posteriormente, promover ante el Estado medidas de reconocimiento, reparación y sanción para los perpetradores.</p>
<p style="text-align: justify;">Por otro lado, la Corte Constitucional ordenó a la Registraduría Nacional incluir la categoría no binarie en los documentos de identidad.  Gracias a la iniciativa y lucha de Dani García, quien en el 2019 solicitó un nuevo documento donde figurara sexo «indeterminado». La Corte también ordenó al Congreso regular los derechos, servicios y obligaciones para que las personas no binarias puedan acceder a ellos.</p>
<p style="text-align: justify;">En Perú, por primera vez, el Estado le pidió perdón a una mujer trans, Azul Rojas, y reconoció responsabilidad internacional por vulnerar sus derechos en el 2008. Esto sucede después de 2 años de la sentencia de la Corte Interamericana de Derechos Humanos (Corte IDH) sobre el primer caso de tortura por discriminación a una persona LGBTI+ en la región.</p>
<p style="text-align: justify;">Otra sentencia histórica que dictó la Corte IDH fue sobre el reciente logro sobre caso de Crissthian Olivera vs. Perú, la primera denuncia por discriminación por orientación sexual en el país ante este organismo internacional. Ambos fallos de la Corte IDH hallaron responsable al Estado peruano y le ordenan reparación integral para las víctimas, además de una serie de medidas para promover la igualdad y no discriminación en el país.</p>
<p style="text-align: justify;">En Brasil, se creó la Secretaria Nacional por los Derechos de la Población LGBTQIA+ del gobierno y, por primera vez, una persona travesti, Symmy Larrat, asumió el cargo. Asimismo, Benny Briolly se convirtió en la primera persona travesti que recibió medidas cautelares de la Comisión Interamericana de Derechos Humanos (CIDH). Benny Briolly, una concejala negra travesti, recibió estas medidas por encontrarse en una situación de gravedad y urgencia de riesgo de daño irreparable a sus derechos a raíz de su identidad de género, su labor en la política y como defensora de derechos humanos.</p>
<p style="text-align: justify;">En Nicaragua, pese al régimen autoritario y al contexto de censura, la sociedad civil creó y mantiene activo el Observatorio de Violaciones a Derechos Humanos de Personas LGBTI+. Estas organizaciones desempeñan un papel fundamental en la promoción de la igualdad y la visibilidad de la comunidad LGBTI+ en el país.</p>
<p style="text-align: justify;">En Cuba, se aprobó el Código de Familias el cual legaliza el matrimonio igualitario y la posibilidad de que las parejas del mismo sexo puedan adoptar.</p>
<p style="text-align: justify;">Es fundamental que continuemos promoviendo la diversidad y el respeto por la identidad de género, la orientación sexual, la expresión de género y las características sexuales de las personas LGBTI+ y sigamos celebrando los logros de la sociedad civil a favor de los derechos humanos.</p>
<p style="text-align: justify;">Para continuar contribuyendo al reconocimiento de las personas LGBTI+ y sus derechos, es urgente que los Estados desarrollen medidas orientadas a:</p>
<ul style="text-align: justify;">
<li>Despenalizar las relaciones entre personas del mismo sexo;</li>
<li>Aprobar leyes que prohíben la discriminación;</li>
<li>Penalizar los delitos de odio cometidos contra personas LGBTI+;</li>
<li>Otorgar reconocimiento a las personas trans para que puedan obtener documentos de identidad, sin necesidad de cumplir con requisitos abusivos y rectimizantes;</li>
<li>Poner en marcha programas de capacitación para agentes de policía, personal de establecimientos penitenciarios, docentes, trabajadores sociales y cuidadores, y funcionarios públicos en general para que puedan servir mejor a la colectividad LGBTI+.</li>
</ul>

<p>Washington D.C., 17 de mayo de 2023 -. Desde 2004, cada 17 de mayo se recuerda que la Organización Mundial de la Salud (OMS) quitó a la homosexualidad de su [&hellip;]</p>
