{"id":17072,"date":"2023-06-29T23:00:43","date_gmt":"2023-06-29T23:00:43","guid":{"rendered":"https:\/\/racenadequapro.wpengine.com\/resources\/buscamos-otra-cuba-exposicion-de-arte-en-conmemoracion-de-las-protestas-del-11j\/"},"modified":"2023-07-30T23:29:46","modified_gmt":"2023-07-30T23:29:46","slug":"buscamos-otra-cuba-exposicion-de-arte-en-conmemoracion-de-las-protestas-del-11j","status":"publish","type":"resources","link":"https:\/\/raceandequality.org\/es\/resources\/buscamos-otra-cuba-exposicion-de-arte-en-conmemoracion-de-las-protestas-del-11j\/","title":{"rendered":"\u00abBuscamos otra Cuba\u00bb, exposici\u00f3n de arte en conmemoraci\u00f3n de las protestas del 11J"},"content":{"rendered":"<p style=\"text-align: justify;\"><strong>Miami, 29 de junio de 2023<\/strong> \u2013 Este jueves 6 de julio, el Instituto sobre Raza, Igualdad y Derechos Humanos (Raza e Igualdad) conmemora en Miami (Estados Unidos) los dos a\u00f1os de las protestas pac\u00edficas de julio de 2021 (11J) en Cuba, las m\u00e1s multitudinarias que se hayan registrado en la Isla en los \u00faltimos a\u00f1os. Lo har\u00e1 a trav\u00e9s de \u2018Buscamos otra Cuba\u2019, nombre de la exposici\u00f3n de arte realizada en conjunto con la organizaci\u00f3n Civil Rights Defenders y el productor cubano Anyelo Troya, que refleja las luchas de quienes han sido v\u00edctimas de la represi\u00f3n, y de la violencia ejercida por parte del Estado.<\/p>\n<p style=\"text-align: justify;\">La exposici\u00f3n que inicia a la 6:30 p.m. y se llevar\u00e1 a cabo en la galer\u00eda Hodler (<em>257 NW 24th St, Miami, FL 33127<\/em>), es una radiograf\u00eda sobre el d\u00eda a d\u00eda en Cuba, las manifestaciones, los casos de hostigamiento, las historias de personas privadas de la libertad por motivos pol\u00edticos, y sus familias; y los relatos de cubanos y cubanas que sue\u00f1an con un pa\u00eds distinto, los mismos que buscan una Isla libre. <em>Quienes deseen participar, podr\u00e1n hacerlo registr\u00e1ndose en este <\/em><a href=\"https:\/\/forms.office.com\/r\/nmWy0aiEjG\"><strong><em>enlace<\/em><\/strong><\/a><em>.<\/em><\/p>\n<p style=\"text-align: justify;\">\u201c\u2018Buscamos otra Cuba\u2019 surge a partir del nombre de un poema escrito por una persona encarcelada por marchar en las protestas del 11J. En \u00e9l se relata que la palabra \u2018Libertad\u2019 es la consigna de quienes permanecen en prisi\u00f3n por exigir sus derechos en Cuba\u201d, afirma Carlos Quesada, irector Ejecutivo de Raza e Igualdad.<\/p>\n<p style=\"text-align: justify;\"><strong>Las protestas del 11 y 12 de julio de 2021 se extendieron por toda Cuba, gracias a las redes sociales que <\/strong><strong>permitieron propagar la noticia de que un grupo de personas en San Antonio de los Ba\u00f1os, municipio de la provincia de Artemisa, hab\u00eda salido a las calles a manifestarse contra el Estado, en respuesta a la grave crisis econ\u00f3mica, social y pol\u00edtica, que todav\u00eda afecta a la ciudadan\u00eda cubana. <\/strong><\/p>\n<p style=\"text-align: justify;\">Las manifestaciones, que luego fueron brutalmente reprimidas por las autoridades de este pa\u00eds, dejaron un saldo de 1 555 personas detenidas de forma arbitraria, de las cuales 681 contin\u00faan encarceladas, de acuerdo con la organizaci\u00f3n Justicia 11J<a href=\"#_ftn1\" name=\"_ftnref1\"><sup>[1]<\/sup><\/a>.<\/p>\n<p style=\"text-align: justify;\"><strong>Desde Raza e Igualdad invitamos a las personas que <\/strong><strong>residen o visitan Miami, que asistan a la exposici\u00f3n de arte \u2018Buscamos otra Cuba\u2019, con la que conmemoramos los dos a\u00f1os de las protestas del 11J, y vamos a exigir al Estado de Cuba que libere a las personas privadas de la libertad por motivos pol\u00edticos. Tambi\u00e9n haremos un llamado al cese de la represi\u00f3n y de todas las formas de violencia ejercidas contra las voces disidentes. Recordaremos a quienes ejercieron su leg\u00edtimo derecho a manifestarse en 2021, quienes sue\u00f1an con un pa\u00eds en libertad.\u00a0 <\/strong><\/p>\n<p style=\"text-align: justify;\"><strong>\u00a0***<\/strong><\/p>\n<p style=\"text-align: justify;\"><a href=\"#_ftnref1\" name=\"_ftn1\">[1]<\/a> Detenciones pol\u00edticas \u2013 Justicia 11J. Publicado el 7 de junio de 2023. Disponible: <a href=\"https:\/\/us17.campaign-archive.com\/?u=4bd0b7d67e3a80c4ad07b3deb&amp;id=59f5d969cf\">https:\/\/us17.campaign-archive.com\/?u=4bd0b7d67e3a80c4ad07b3deb&amp;id=59f5d969cf<\/a><\/p>\n","protected":false},"excerpt":{"rendered":"<p>Miami, 29 de junio de 2023 \u2013 Este jueves 6 de julio, el Instituto sobre Raza, Igualdad y Derechos Humanos (Raza e Igualdad) conmemora en Miami (Estados Unidos) los dos [&hellip;]<\/p>\n","protected":false},"author":15,"featured_media":17071,"parent":0,"menu_order":0,"template":"","format":"standard","categories":[],"resources_country":[1193],"resources_language":[],"resources_audience":[],"resources_format":[],"resources_topic":[],"resources_year":[],"class_list":["post-17072","resources","type-resources","status-publish","format-standard","has-post-thumbnail","hentry","resources_country-cuba-es"],"acf":[],"aioseo_notices":[],"_links":{"self":[{"href":"https:\/\/raceandequality.org\/es\/wp-json\/wp\/v2\/resources\/17072","targetHints":{"allow":["GET"]}}],"collection":[{"href":"https:\/\/raceandequality.org\/es\/wp-json\/wp\/v2\/resources"}],"about":[{"href":"https:\/\/raceandequality.org\/es\/wp-json\/wp\/v2\/types\/resources"}],"author":[{"embeddable":true,"href":"https:\/\/raceandequality.org\/es\/wp-json\/wp\/v2\/users\/15"}],"wp:featuredmedia":[{"embeddable":true,"href":"https:\/\/raceandequality.org\/es\/wp-json\/wp\/v2\/media\/17071"}],"wp:attachment":[{"href":"https:\/\/raceandequality.org\/es\/wp-json\/wp\/v2\/media?parent=17072"}],"wp:term":[{"taxonomy":"category","embeddable":true,"href":"https:\/\/raceandequality.org\/es\/wp-json\/wp\/v2\/categories?post=17072"},{"taxonomy":"resources_country","embeddable":true,"href":"https:\/\/raceandequality.org\/es\/wp-json\/wp\/v2\/resources_country?post=17072"},{"taxonomy":"resources_language","embeddable":true,"href":"https:\/\/raceandequality.org\/es\/wp-json\/wp\/v2\/resources_language?post=17072"},{"taxonomy":"resources_audience","embeddable":true,"href":"https:\/\/raceandequality.org\/es\/wp-json\/wp\/v2\/resources_audience?post=17072"},{"taxonomy":"resources_format","embeddable":true,"href":"https:\/\/raceandequality.org\/es\/wp-json\/wp\/v2\/resources_format?post=17072"},{"taxonomy":"resources_topic","embeddable":true,"href":"https:\/\/raceandequality.org\/es\/wp-json\/wp\/v2\/resources_topic?post=17072"},{"taxonomy":"resources_year","embeddable":true,"href":"https:\/\/raceandequality.org\/es\/wp-json\/wp\/v2\/resources_year?post=17072"}],"curies":[{"name":"wp","href":"https:\/\/api.w.org\/{rel}","templated":true}]}}

«Buscamos otra Cuba», exposición de arte en conmemoración de las protestas del 11J

<p style="text-align: justify;"><strong>Miami, 29 de junio de 2023</strong> – Este jueves 6 de julio, el Instituto sobre Raza, Igualdad y Derechos Humanos (Raza e Igualdad) conmemora en Miami (Estados Unidos) los dos años de las protestas pacíficas de julio de 2021 (11J) en Cuba, las más multitudinarias que se hayan registrado en la Isla en los últimos años. Lo hará a través de ‘Buscamos otra Cuba’, nombre de la exposición de arte realizada en conjunto con la organización Civil Rights Defenders y el productor cubano Anyelo Troya, que refleja las luchas de quienes han sido víctimas de la represión, y de la violencia ejercida por parte del Estado.</p>
<p style="text-align: justify;">La exposición que inicia a la 6:30 p.m. y se llevará a cabo en la galería Hodler (<em>257 NW 24th St, Miami, FL 33127</em>), es una radiografía sobre el día a día en Cuba, las manifestaciones, los casos de hostigamiento, las historias de personas privadas de la libertad por motivos políticos, y sus familias; y los relatos de cubanos y cubanas que sueñan con un país distinto, los mismos que buscan una Isla libre. <em>Quienes deseen participar, podrán hacerlo registrándose en este </em><a href="https://forms.office.com/r/nmWy0aiEjG"><strong><em>enlace</em></strong></a><em>.</em></p>
<p style="text-align: justify;">“‘Buscamos otra Cuba’ surge a partir del nombre de un poema escrito por una persona encarcelada por marchar en las protestas del 11J. En él se relata que la palabra ‘Libertad’ es la consigna de quienes permanecen en prisión por exigir sus derechos en Cuba”, afirma Carlos Quesada, irector Ejecutivo de Raza e Igualdad.</p>
<p style="text-align: justify;"><strong>Las protestas del 11 y 12 de julio de 2021 se extendieron por toda Cuba, gracias a las redes sociales que </strong><strong>permitieron propagar la noticia de que un grupo de personas en San Antonio de los Baños, municipio de la provincia de Artemisa, había salido a las calles a manifestarse contra el Estado, en respuesta a la grave crisis económica, social y política, que todavía afecta a la ciudadanía cubana. </strong></p>
<p style="text-align: justify;">Las manifestaciones, que luego fueron brutalmente reprimidas por las autoridades de este país, dejaron un saldo de 1 555 personas detenidas de forma arbitraria, de las cuales 681 continúan encarceladas, de acuerdo con la organización Justicia 11J<a href="#_ftn1" name="_ftnref1"><sup>[1]</sup></a>.</p>
<p style="text-align: justify;"><strong>Desde Raza e Igualdad invitamos a las personas que </strong><strong>residen o visitan Miami, que asistan a la exposición de arte ‘Buscamos otra Cuba’, con la que conmemoramos los dos años de las protestas del 11J, y vamos a exigir al Estado de Cuba que libere a las personas privadas de la libertad por motivos políticos. También haremos un llamado al cese de la represión y de todas las formas de violencia ejercidas contra las voces disidentes. Recordaremos a quienes ejercieron su legítimo derecho a manifestarse en 2021, quienes sueñan con un país en libertad.  </strong></p>
<p style="text-align: justify;"><strong> ***</strong></p>
<p style="text-align: justify;"><a href="#_ftnref1" name="_ftn1">[1]</a> Detenciones políticas – Justicia 11J. Publicado el 7 de junio de 2023. Disponible: <a href="https://us17.campaign-archive.com/?u=4bd0b7d67e3a80c4ad07b3deb&amp;id=59f5d969cf">https://us17.campaign-archive.com/?u=4bd0b7d67e3a80c4ad07b3deb&amp;id=59f5d969cf</a></p>
