{"id":17177,"date":"2023-07-19T16:47:06","date_gmt":"2023-07-19T16:47:06","guid":{"rendered":"https:\/\/racenadequapro.wpengine.com\/?post_type=resources&#038;p=17177"},"modified":"2023-08-04T17:00:29","modified_gmt":"2023-08-04T17:00:29","slug":"comunicado-raza-e-igualdad-condena-los-recientes-actos-de-violencia-policial-racista-y-urge-al-estado-colombiano-a-implementar-una-reforma-policial-integral","status":"publish","type":"resources","link":"https:\/\/raceandequality.org\/es\/resources\/comunicado-raza-e-igualdad-condena-los-recientes-actos-de-violencia-policial-racista-y-urge-al-estado-colombiano-a-implementar-una-reforma-policial-integral\/","title":{"rendered":"COMUNICADO: Raza e Igualdad condena los recientes actos de violencia policial racista y urge al estado colombiano a implementar una reforma policial integral"},"content":{"rendered":"<p style=\"text-align: justify;\"><strong>Colombia, 19 de julio del 2023.<\/strong>-El Instituto Internacional sobre Raza, Igualdad y Derechos Humanos \u2013 (Raza e Igualdad) condena enf\u00e1ticamente el asesinato de j\u00f3venes afrodescendientes a manos de agentes de la Polic\u00eda, en medio de procedimientos irregulares en varias zonas del pa\u00eds<a href=\"#_ftn1\" name=\"_ftnref1\">[1]<\/a>. As\u00ed mismo, urgimos al Gobierno Nacional a que implemente una reforma integral a la Polic\u00eda Nacional, a fin de erradicar pr\u00e1cticas asociadas a violencia policial que afectan de manera diferencial a las personas afrodescendientes en Colombia.<\/p>\n<p style=\"text-align: justify;\">El 28 de junio de este a\u00f1o, Milton Andr\u00e9s Perlaza, un joven afrodescendiente de 17 a\u00f1os, falleci\u00f3 tr\u00e1gicamente despu\u00e9s de recibir un disparo de un oficial de polic\u00eda en Pradera, Valle del Cauca<a href=\"#_ftn2\" name=\"_ftnref2\">[2]<\/a>. La comunidad afirma que el oficial, quien ya ten\u00eda antecedentes de maltrato, intent\u00f3 ahogar al menor en un charco. Por otra parte, el pasado 15 de julio un hombre afrodescendiente fue asesinado por miembros de la Polic\u00eda de Colombia durante un procedimiento policial en las Islas de Bar\u00fa, en Cartagena<a href=\"#_ftn3\" name=\"_ftnref3\">[3]<\/a>. Seg\u00fan el reporte, durante un incidente un Polic\u00eda hizo uso de su arma reglamentaria y le dispar\u00f3 al hombre involucrado, quien falleci\u00f3 camino al centro de salud.<\/p>\n<p style=\"text-align: justify;\">La situaci\u00f3n descrita refleja el complejo contexto que enfrentan las personas afrodescendientes en Colombia debido a pr\u00e1cticas racistas y discriminatorias cometidas por agentes del orden. Hist\u00f3ricamente, esta poblaci\u00f3n ha sufrido discriminaci\u00f3n por parte de la Fuerza P\u00fablica, siendo v\u00edctima de violencia policial, manifestada a trav\u00e9s del perfilamiento racial, la violencia f\u00edsica y el uso excesivo de la fuerza en zonas habitadas por personas afrodescendientes.<\/p>\n<p style=\"text-align: justify;\">Raza e Igualdad, Insta al Gobierno de Colombia para que adopte, acate e implemente de manera efectiva los est\u00e1ndares internacionales contra el racismo y la discriminaci\u00f3n, como son la Convenci\u00f3n Interamericana contra el Racismo, la Discriminaci\u00f3n Racial y formas conexas de Intolerancia (CIRDI), la Convenci\u00f3n Internacional sobre la Eliminaci\u00f3n de todas las Formas de Discriminaci\u00f3n Racial (CERD) y su recomendaci\u00f3n 36 de 2020 contra el perfilamiento racial, y el Programa de Acci\u00f3n de Durban. Tambi\u00e9n es importante la adopci\u00f3n e implementaci\u00f3n de los est\u00e1ndares que se han desarrollado contra el uso desproporcionado de la fuerza contra personas afrodescendientes por parte de la Fuerza P\u00fablica, como el de la Oficina del Alto Comisionado de las Naciones Unidas (ACNUDH): Resoluci\u00f3n 43\/1, Resoluci\u00f3n 47\/21 y la implementaci\u00f3n de la Agenda hacia un cambio transformador para la justicia e igualdad racial.<\/p>\n<p style=\"text-align: justify;\">Instamos al Estado a comprometerse plenamente en la realizaci\u00f3n de una Reforma Integral de la Polic\u00eda Nacional que asegure la participaci\u00f3n genuina y efectiva de la sociedad civil, especialmente de las v\u00edctimas de la violencia policial racista, desde un enfoque diferencial que tenga en cuenta su pertenencia \u00e9tnica en la planificaci\u00f3n y ejecuci\u00f3n de iniciativas destinadas a transformar dicha instituci\u00f3n. Es importante destacar la necesidad de implementar una reforma policial que busque eliminar la reproducci\u00f3n de pr\u00e1cticas racistas sist\u00e9micas y discriminatorias al interior de las fuerzas del Estado.<\/p>\n<p>&nbsp;<\/p>\n<p><a href=\"#_ftnref1\" name=\"_ftn1\">[1]<\/a> https:\/\/twitter.com\/bantuashanti\/status\/1680375706147069958<\/p>\n<p><a href=\"#_ftnref2\" name=\"_ftn2\">[2]<\/a> https:\/\/www.elespanol.com\/mundo\/america\/20230717\/rico-suena-arma-policia-dispara-arroja-rio-adolescente-negro-colombia\/779672249_0.html<\/p>\n<p><a href=\"#_ftnref3\" name=\"_ftn3\">[3]<\/a> https:\/\/www.elpais.com.co\/judicial\/impactante-video-hombre-murio-por-presunto-abuso-de-autoridad-en-procedimiento-policial-en-cartagena-1544.html<\/p>\n","protected":false},"excerpt":{"rendered":"<p>Colombia, 19 de julio del 2023.-El Instituto Internacional sobre Raza, Igualdad y Derechos Humanos \u2013 (Raza e Igualdad) condena enf\u00e1ticamente el asesinato de j\u00f3venes afrodescendientes a manos de agentes de [&hellip;]<\/p>\n","protected":false},"author":8,"featured_media":17178,"parent":0,"menu_order":0,"template":"","format":"standard","categories":[],"resources_country":[1191],"resources_language":[],"resources_audience":[],"resources_format":[],"resources_topic":[1109],"resources_year":[],"class_list":["post-17177","resources","type-resources","status-publish","format-standard","has-post-thumbnail","hentry","resources_country-colombia-es","resources_topic-raza-e-igualdad"],"acf":[],"aioseo_notices":[],"_links":{"self":[{"href":"https:\/\/raceandequality.org\/es\/wp-json\/wp\/v2\/resources\/17177","targetHints":{"allow":["GET"]}}],"collection":[{"href":"https:\/\/raceandequality.org\/es\/wp-json\/wp\/v2\/resources"}],"about":[{"href":"https:\/\/raceandequality.org\/es\/wp-json\/wp\/v2\/types\/resources"}],"author":[{"embeddable":true,"href":"https:\/\/raceandequality.org\/es\/wp-json\/wp\/v2\/users\/8"}],"wp:featuredmedia":[{"embeddable":true,"href":"https:\/\/raceandequality.org\/es\/wp-json\/wp\/v2\/media\/17178"}],"wp:attachment":[{"href":"https:\/\/raceandequality.org\/es\/wp-json\/wp\/v2\/media?parent=17177"}],"wp:term":[{"taxonomy":"category","embeddable":true,"href":"https:\/\/raceandequality.org\/es\/wp-json\/wp\/v2\/categories?post=17177"},{"taxonomy":"resources_country","embeddable":true,"href":"https:\/\/raceandequality.org\/es\/wp-json\/wp\/v2\/resources_country?post=17177"},{"taxonomy":"resources_language","embeddable":true,"href":"https:\/\/raceandequality.org\/es\/wp-json\/wp\/v2\/resources_language?post=17177"},{"taxonomy":"resources_audience","embeddable":true,"href":"https:\/\/raceandequality.org\/es\/wp-json\/wp\/v2\/resources_audience?post=17177"},{"taxonomy":"resources_format","embeddable":true,"href":"https:\/\/raceandequality.org\/es\/wp-json\/wp\/v2\/resources_format?post=17177"},{"taxonomy":"resources_topic","embeddable":true,"href":"https:\/\/raceandequality.org\/es\/wp-json\/wp\/v2\/resources_topic?post=17177"},{"taxonomy":"resources_year","embeddable":true,"href":"https:\/\/raceandequality.org\/es\/wp-json\/wp\/v2\/resources_year?post=17177"}],"curies":[{"name":"wp","href":"https:\/\/api.w.org\/{rel}","templated":true}]}}

<p style="text-align: justify;"><strong>Colombia, 19 de julio del 2023.</strong>-El Instituto Internacional sobre Raza, Igualdad y Derechos Humanos – (Raza e Igualdad) condena enfáticamente el asesinato de jóvenes afrodescendientes a manos de agentes de la Policía, en medio de procedimientos irregulares en varias zonas del país<a href="#_ftn1" name="_ftnref1">[1]</a>. Así mismo, urgimos al Gobierno Nacional a que implemente una reforma integral a la Policía Nacional, a fin de erradicar prácticas asociadas a violencia policial que afectan de manera diferencial a las personas afrodescendientes en Colombia.</p>
<p style="text-align: justify;">El 28 de junio de este año, Milton Andrés Perlaza, un joven afrodescendiente de 17 años, falleció trágicamente después de recibir un disparo de un oficial de policía en Pradera, Valle del Cauca<a href="#_ftn2" name="_ftnref2">[2]</a>. La comunidad afirma que el oficial, quien ya tenía antecedentes de maltrato, intentó ahogar al menor en un charco. Por otra parte, el pasado 15 de julio un hombre afrodescendiente fue asesinado por miembros de la Policía de Colombia durante un procedimiento policial en las Islas de Barú, en Cartagena<a href="#_ftn3" name="_ftnref3">[3]</a>. Según el reporte, durante un incidente un Policía hizo uso de su arma reglamentaria y le disparó al hombre involucrado, quien falleció camino al centro de salud.</p>
<p style="text-align: justify;">La situación descrita refleja el complejo contexto que enfrentan las personas afrodescendientes en Colombia debido a prácticas racistas y discriminatorias cometidas por agentes del orden. Históricamente, esta población ha sufrido discriminación por parte de la Fuerza Pública, siendo víctima de violencia policial, manifestada a través del perfilamiento racial, la violencia física y el uso excesivo de la fuerza en zonas habitadas por personas afrodescendientes.</p>
<p style="text-align: justify;">Raza e Igualdad, Insta al Gobierno de Colombia para que adopte, acate e implemente de manera efectiva los estándares internacionales contra el racismo y la discriminación, como son la Convención Interamericana contra el Racismo, la Discriminación Racial y formas conexas de Intolerancia (CIRDI), la Convención Internacional sobre la Eliminación de todas las Formas de Discriminación Racial (CERD) y su recomendación 36 de 2020 contra el perfilamiento racial, y el Programa de Acción de Durban. También es importante la adopción e implementación de los estándares que se han desarrollado contra el uso desproporcionado de la fuerza contra personas afrodescendientes por parte de la Fuerza Pública, como el de la Oficina del Alto Comisionado de las Naciones Unidas (ACNUDH): Resolución 43/1, Resolución 47/21 y la implementación de la Agenda hacia un cambio transformador para la justicia e igualdad racial.</p>
<p style="text-align: justify;">Instamos al Estado a comprometerse plenamente en la realización de una Reforma Integral de la Policía Nacional que asegure la participación genuina y efectiva de la sociedad civil, especialmente de las víctimas de la violencia policial racista, desde un enfoque diferencial que tenga en cuenta su pertenencia étnica en la planificación y ejecución de iniciativas destinadas a transformar dicha institución. Es importante destacar la necesidad de implementar una reforma policial que busque eliminar la reproducción de prácticas racistas sistémicas y discriminatorias al interior de las fuerzas del Estado.</p>
<p>&nbsp;</p>
<p><a href="#_ftnref1" name="_ftn1">[1]</a> https://twitter.com/bantuashanti/status/1680375706147069958</p>
<p><a href="#_ftnref2" name="_ftn2">[2]</a> https://www.elespanol.com/mundo/america/20230717/rico-suena-arma-policia-dispara-arroja-rio-adolescente-negro-colombia/779672249_0.html</p>
<p><a href="#_ftnref3" name="_ftn3">[3]</a> https://www.elpais.com.co/judicial/impactante-video-hombre-murio-por-presunto-abuso-de-autoridad-en-procedimiento-policial-en-cartagena-1544.html</p>

<p>Colombia, 19 de julio del 2023.-El Instituto Internacional sobre Raza, Igualdad y Derechos Humanos – (Raza e Igualdad) condena enfáticamente el asesinato de jóvenes afrodescendientes a manos de agentes de [&hellip;]</p>
