{"id":17344,"date":"2023-08-16T20:42:20","date_gmt":"2023-08-16T20:42:20","guid":{"rendered":"https:\/\/raceandequality.org\/?post_type=resources&#038;p=17344"},"modified":"2023-08-23T13:56:52","modified_gmt":"2023-08-23T13:56:52","slug":"colombia-preocupacion-por-la-expansion-territorial-de-grupos-armados-y-sus-estrategias-violentas-de-control-social-alto-comisionado-de-la-onu","status":"publish","type":"resources","link":"https:\/\/raceandequality.org\/es\/resources\/colombia-preocupacion-por-la-expansion-territorial-de-grupos-armados-y-sus-estrategias-violentas-de-control-social-alto-comisionado-de-la-onu\/","title":{"rendered":"Colombia: Preocupaci\u00f3n por la expansi\u00f3n territorial de grupos armados y sus estrategias violentas de control social. Alto Comisionado de la ONU."},"content":{"rendered":"<p><span data-contrast=\"none\"><strong>Colombia, 16 de agosto de 2023.-<\/strong> La Oficina en Colombia del Alto Comisionado de Naciones Unidas para los Derechos Humanos presento su an\u00e1lisis de la situaci\u00f3n de derechos humanos, en el cual reconoci\u00f3 el enfoque que el actual Gobierno ha tenido hacia los derechos humanos, su disposici\u00f3n a abordar temas importantes y su compromiso con la protecci\u00f3n de los derechos humanos, lo cual ha resultado en cambios significativos y positivos. No obstante, la Representante en Colombia del Alto Comisionado de las Naciones Unidas Juliette De Rivero, destac\u00f3 las preocupaciones y desaf\u00edos que la Oficina ha observado en el territorio y que requieren atenci\u00f3n inmediata<\/span><span data-contrast=\"none\">. En particular, expres\u00f3 su preocupaci\u00f3n por la <\/span><b><span data-contrast=\"none\">expansi\u00f3n territorial de grupos armados y sus estrategias violentas de control social sobre la poblaci\u00f3n civil y las organizaciones de base, a pesar del proceso de di\u00e1logo ofrecido.<\/span><\/b><span data-ccp-props=\"{&quot;201341983&quot;:0,&quot;335551550&quot;:6,&quot;335551620&quot;:6,&quot;335559739&quot;:160,&quot;335559740&quot;:259}\">\u00a0<\/span><\/p>\n<p><b><span data-contrast=\"none\">Aumento de masacres en el pa\u00eds <\/span><\/b><span data-ccp-props=\"{&quot;201341983&quot;:0,&quot;335559739&quot;:160,&quot;335559740&quot;:259}\">\u00a0<\/span><\/p>\n<p><span data-contrast=\"none\">Durante el primer semestre del a\u00f1o 2023, la Oficina de las Naciones Unidas para los Derechos Humanos registr\u00f3 un incremento del 11% en el n\u00famero de masacres verificadas en comparaci\u00f3n con el mismo semestre del a\u00f1o anterior. Se verificaron un total de 52 masacres durante este periodo. Se observ\u00f3 que la mayor\u00eda de las masacres fueron presuntamente perpetradas por grupos armados no estatales y organizaciones criminales. Los departamentos m\u00e1s afectados fueron Atl\u00e1ntico, Antioquia, Cauca, La Guajira, Magdalena, Meta, Norte de Santander, Putumayo y Valle del Cauca. Por su parte el <\/span><a href=\"https:\/\/indepaz.org.co\/\"><span data-contrast=\"none\">Instituto de estudios para el desarrollo y la paz<\/span><\/a><span data-contrast=\"none\"> INDEPAZ, ha registrado a la fecha un total de 59 masacres en el pa\u00eds.<\/span><\/p>\n<p><b><span data-contrast=\"none\">Violencia contra liderazgos sociales sigue siendo preocupante <\/span><\/b><span data-ccp-props=\"{&quot;201341983&quot;:0,&quot;335551550&quot;:6,&quot;335551620&quot;:6,&quot;335559739&quot;:160,&quot;335559740&quot;:259}\">\u00a0<\/span><span data-ccp-props=\"{&quot;201341983&quot;:0,&quot;335551550&quot;:6,&quot;335551620&quot;:6,&quot;335559739&quot;:160,&quot;335559740&quot;:259}\">\u00a0<\/span><\/p>\n<p><span data-contrast=\"none\">En el primer semestre de 2023, La Oficina ha informado de una reducci\u00f3n del 19% en los casos de homicidios de defensores de derechos humanos en comparaci\u00f3n con el semestre anterior (julio-diciembre de 2022). Aunque esta disminuci\u00f3n es alentadora, el n\u00famero de asesinatos de defensores y defensoras en Colombia sigue siendo inaceptablemente alto. En total, se han registrado 46 casos de homicidio, de los cuales 39 eran hombres y 7 mujeres. Entre ellos, 11 eran ind\u00edgenas, 9 afrodescendientes y 15 campesinos. Adem\u00e1s, el 35% de los defensores de derechos humanos asesinados eran miembros de Juntas de Acci\u00f3n Comunal. A la fecha, Indepaz ha registrado 105 masacres durante el 2023 en el pa\u00eds.<\/span><span data-ccp-props=\"{&quot;201341983&quot;:0,&quot;335551550&quot;:6,&quot;335551620&quot;:6,&quot;335559739&quot;:160,&quot;335559740&quot;:259}\">\u00a0<\/span><\/p>\n<p><span data-contrast=\"none\">En cuanto a los desplazamientos, la Oficina de Naciones Unidas para la Coordinaci\u00f3n de Asuntos Humanitarios (OCHA) ha informado de una disminuci\u00f3n del 33% en los casos de desplazamiento en comparaci\u00f3n con el semestre anterior y un aumento del 2% en los casos de confinamiento durante el mismo per\u00edodo. Adem\u00e1s, la Misi\u00f3n de Verificaci\u00f3n de Naciones Unidas ha verificado dos casos menos de asesinatos de excombatientes durante este per\u00edodo.<\/span><span data-ccp-props=\"{&quot;201341983&quot;:0,&quot;335551550&quot;:6,&quot;335551620&quot;:6,&quot;335559739&quot;:160,&quot;335559740&quot;:259}\">\u00a0<\/span><span data-ccp-props=\"{&quot;134233117&quot;:false,&quot;134233118&quot;:false,&quot;201341983&quot;:0,&quot;335551550&quot;:6,&quot;335551620&quot;:6,&quot;335559685&quot;:0,&quot;335559737&quot;:0,&quot;335559738&quot;:0,&quot;335559739&quot;:160,&quot;335559740&quot;:259}\">\u00a0<\/span><\/p>\n<p><b><span data-contrast=\"none\">Violencia sexual y trata de personas <\/span><\/b><span data-ccp-props=\"{&quot;134233117&quot;:false,&quot;134233118&quot;:false,&quot;201341983&quot;:0,&quot;335551550&quot;:6,&quot;335551620&quot;:6,&quot;335559685&quot;:0,&quot;335559737&quot;:0,&quot;335559738&quot;:0,&quot;335559739&quot;:160,&quot;335559740&quot;:259}\">\u00a0<\/span><\/p>\n<p><span data-contrast=\"none\">Durante la primera mitad del a\u00f1o 2023, la Oficina ha recibido un total de 42 denuncias de violencia sexual y de g\u00e9nero en el contexto del conflicto armado, de las cuales 27 han sido confirmadas. Estas denuncias se han registrado en los departamentos de Antioquia, Arauca, Choc\u00f3, Nari\u00f1o y Norte de Santander. Es especialmente preocupante la situaci\u00f3n de trata de ni\u00f1as y adolescentes con fines de explotaci\u00f3n sexual por parte de grupos armados no estatales, as\u00ed como la violaci\u00f3n de mujeres y ni\u00f1as. Estas situaciones diferenciadas evidencian la necesidad de adoptar medidas espec\u00edficas efectivas que\u00a0garanticen\u00a0la protecci\u00f3n y la participaci\u00f3n efectiva de mujeres, ni\u00f1as y personas LGBTI+ en todos los espacios de di\u00e1logo y toma de decisiones para la construcci\u00f3n integral de la paz. <\/span><span data-ccp-props=\"{&quot;134233117&quot;:false,&quot;134233118&quot;:false,&quot;201341983&quot;:0,&quot;335551550&quot;:6,&quot;335551620&quot;:6,&quot;335559685&quot;:0,&quot;335559737&quot;:0,&quot;335559738&quot;:0,&quot;335559739&quot;:160,&quot;335559740&quot;:259}\">\u00a0<\/span><span data-ccp-props=\"{&quot;134233117&quot;:false,&quot;134233118&quot;:false,&quot;201341983&quot;:0,&quot;335551550&quot;:6,&quot;335551620&quot;:6,&quot;335559685&quot;:0,&quot;335559737&quot;:0,&quot;335559738&quot;:0,&quot;335559739&quot;:160,&quot;335559740&quot;:259}\">\u00a0<\/span><\/p>\n<p><span data-contrast=\"none\">Desde Raza e Igualdad hacemos un llamado al Gobierno de Colombia para que tomen en cuenta el informe presentado por la Oficina del Alto Comisionado de las Naciones Unidas para los derechos humanos, el cual se\u00f1ala la existencia de violaciones a los derechos humanos que requieren medidas inmediatas para proteger la vida y los derechos de los ciudadanos en el territorio nacional, especialmente en zonas del pa\u00eds que siguen siendo afectadas por el conflicto armado y grupos ilegales. En cuanto a la protecci\u00f3n de las comunidades \u00e9tnicas en situaci\u00f3n de riesgo, es crucial que el Estado tome medidas efectivas para garantizar el pleno ejercicio de sus derechos individuales y colectivos, especialmente debido al impacto del conflicto armado y la violencia. El Gobierno nacional debe trabajar para reparar y proteger los derechos de estas comunidades, quienes son sujetos de especial protecci\u00f3n seg\u00fan los est\u00e1ndares internacionales.<\/span><span data-ccp-props=\"{&quot;134233117&quot;:false,&quot;134233118&quot;:false,&quot;201341983&quot;:0,&quot;335551550&quot;:6,&quot;335551620&quot;:6,&quot;335559685&quot;:0,&quot;335559737&quot;:0,&quot;335559738&quot;:0,&quot;335559739&quot;:160,&quot;335559740&quot;:259}\">\u00a0<\/span><\/p>\n<p><span data-contrast=\"none\">As\u00ed mismo, instamos al Estado a llevar a cabo una Reforma Integral de la Polic\u00eda Nacional con la participaci\u00f3n genuina y efectiva de la sociedad civil, especialmente de las v\u00edctimas de la violencia policial racista.\u00a0As\u00ed como<\/span><span data-contrast=\"none\"> adoptar, acatar e implementar de manera efectiva los est\u00e1ndares internacionales contra el racismo y la discriminaci\u00f3n, como la Convenci\u00f3n Interamericana contra el Racismo, la Discriminaci\u00f3n Racial y formas conexas de Intolerancia (CIRDI), la Convenci\u00f3n Internacional sobre la Eliminaci\u00f3n de todas las Formas de Discriminaci\u00f3n Racial (CERD) y los est\u00e1ndares que se han desarrollado para prevenir el uso desproporcionado de la fuerza contra personas afrodescendientes por parte de la Fuerza P\u00fablica.<\/span><\/p>\n","protected":false},"excerpt":{"rendered":"<p>Colombia, 16 de agosto de 2023.- La Oficina en Colombia del Alto Comisionado de Naciones Unidas para los Derechos Humanos presento su an\u00e1lisis de la situaci\u00f3n de derechos humanos, en [&hellip;]<\/p>\n","protected":false},"author":11,"featured_media":17345,"parent":0,"menu_order":0,"template":"","format":"standard","categories":[],"resources_country":[1191],"resources_language":[],"resources_audience":[],"resources_format":[],"resources_topic":[1117],"resources_year":[],"class_list":["post-17344","resources","type-resources","status-publish","format-standard","has-post-thumbnail","hentry","resources_country-colombia-es","resources_topic-onu"],"acf":[],"aioseo_notices":[],"_links":{"self":[{"href":"https:\/\/raceandequality.org\/es\/wp-json\/wp\/v2\/resources\/17344","targetHints":{"allow":["GET"]}}],"collection":[{"href":"https:\/\/raceandequality.org\/es\/wp-json\/wp\/v2\/resources"}],"about":[{"href":"https:\/\/raceandequality.org\/es\/wp-json\/wp\/v2\/types\/resources"}],"author":[{"embeddable":true,"href":"https:\/\/raceandequality.org\/es\/wp-json\/wp\/v2\/users\/11"}],"wp:featuredmedia":[{"embeddable":true,"href":"https:\/\/raceandequality.org\/es\/wp-json\/wp\/v2\/media\/17345"}],"wp:attachment":[{"href":"https:\/\/raceandequality.org\/es\/wp-json\/wp\/v2\/media?parent=17344"}],"wp:term":[{"taxonomy":"category","embeddable":true,"href":"https:\/\/raceandequality.org\/es\/wp-json\/wp\/v2\/categories?post=17344"},{"taxonomy":"resources_country","embeddable":true,"href":"https:\/\/raceandequality.org\/es\/wp-json\/wp\/v2\/resources_country?post=17344"},{"taxonomy":"resources_language","embeddable":true,"href":"https:\/\/raceandequality.org\/es\/wp-json\/wp\/v2\/resources_language?post=17344"},{"taxonomy":"resources_audience","embeddable":true,"href":"https:\/\/raceandequality.org\/es\/wp-json\/wp\/v2\/resources_audience?post=17344"},{"taxonomy":"resources_format","embeddable":true,"href":"https:\/\/raceandequality.org\/es\/wp-json\/wp\/v2\/resources_format?post=17344"},{"taxonomy":"resources_topic","embeddable":true,"href":"https:\/\/raceandequality.org\/es\/wp-json\/wp\/v2\/resources_topic?post=17344"},{"taxonomy":"resources_year","embeddable":true,"href":"https:\/\/raceandequality.org\/es\/wp-json\/wp\/v2\/resources_year?post=17344"}],"curies":[{"name":"wp","href":"https:\/\/api.w.org\/{rel}","templated":true}]}}

Colombia: Preocupación por la expansión territorial de grupos armados y sus estrategias violentas de control social. Alto Comisionado de la ONU.

<p><span data-contrast="none"><strong>Colombia, 16 de agosto de 2023.-</strong> La Oficina en Colombia del Alto Comisionado de Naciones Unidas para los Derechos Humanos presento su análisis de la situación de derechos humanos, en el cual reconoció el enfoque que el actual Gobierno ha tenido hacia los derechos humanos, su disposición a abordar temas importantes y su compromiso con la protección de los derechos humanos, lo cual ha resultado en cambios significativos y positivos. No obstante, la Representante en Colombia del Alto Comisionado de las Naciones Unidas Juliette De Rivero, destacó las preocupaciones y desafíos que la Oficina ha observado en el territorio y que requieren atención inmediata</span><span data-contrast="none">. En particular, expresó su preocupación por la </span><b><span data-contrast="none">expansión territorial de grupos armados y sus estrategias violentas de control social sobre la población civil y las organizaciones de base, a pesar del proceso de diálogo ofrecido.</span></b><span data-ccp-props="{&quot;201341983&quot;:0,&quot;335551550&quot;:6,&quot;335551620&quot;:6,&quot;335559739&quot;:160,&quot;335559740&quot;:259}"> </span></p>
<p><b><span data-contrast="none">Aumento de masacres en el país </span></b><span data-ccp-props="{&quot;201341983&quot;:0,&quot;335559739&quot;:160,&quot;335559740&quot;:259}"> </span></p>
<p><span data-contrast="none">Durante el primer semestre del año 2023, la Oficina de las Naciones Unidas para los Derechos Humanos registró un incremento del 11% en el número de masacres verificadas en comparación con el mismo semestre del año anterior. Se verificaron un total de 52 masacres durante este periodo. Se observó que la mayoría de las masacres fueron presuntamente perpetradas por grupos armados no estatales y organizaciones criminales. Los departamentos más afectados fueron Atlántico, Antioquia, Cauca, La Guajira, Magdalena, Meta, Norte de Santander, Putumayo y Valle del Cauca. Por su parte el </span><a href="https://indepaz.org.co/"><span data-contrast="none">Instituto de estudios para el desarrollo y la paz</span></a><span data-contrast="none"> INDEPAZ, ha registrado a la fecha un total de 59 masacres en el país.</span></p>
<p><b><span data-contrast="none">Violencia contra liderazgos sociales sigue siendo preocupante </span></b><span data-ccp-props="{&quot;201341983&quot;:0,&quot;335551550&quot;:6,&quot;335551620&quot;:6,&quot;335559739&quot;:160,&quot;335559740&quot;:259}"> </span><span data-ccp-props="{&quot;201341983&quot;:0,&quot;335551550&quot;:6,&quot;335551620&quot;:6,&quot;335559739&quot;:160,&quot;335559740&quot;:259}"> </span></p>
<p><span data-contrast="none">En el primer semestre de 2023, La Oficina ha informado de una reducción del 19% en los casos de homicidios de defensores de derechos humanos en comparación con el semestre anterior (julio-diciembre de 2022). Aunque esta disminución es alentadora, el número de asesinatos de defensores y defensoras en Colombia sigue siendo inaceptablemente alto. En total, se han registrado 46 casos de homicidio, de los cuales 39 eran hombres y 7 mujeres. Entre ellos, 11 eran indígenas, 9 afrodescendientes y 15 campesinos. Además, el 35% de los defensores de derechos humanos asesinados eran miembros de Juntas de Acción Comunal. A la fecha, Indepaz ha registrado 105 masacres durante el 2023 en el país.</span><span data-ccp-props="{&quot;201341983&quot;:0,&quot;335551550&quot;:6,&quot;335551620&quot;:6,&quot;335559739&quot;:160,&quot;335559740&quot;:259}"> </span></p>
<p><span data-contrast="none">En cuanto a los desplazamientos, la Oficina de Naciones Unidas para la Coordinación de Asuntos Humanitarios (OCHA) ha informado de una disminución del 33% en los casos de desplazamiento en comparación con el semestre anterior y un aumento del 2% en los casos de confinamiento durante el mismo período. Además, la Misión de Verificación de Naciones Unidas ha verificado dos casos menos de asesinatos de excombatientes durante este período.</span><span data-ccp-props="{&quot;201341983&quot;:0,&quot;335551550&quot;:6,&quot;335551620&quot;:6,&quot;335559739&quot;:160,&quot;335559740&quot;:259}"> </span><span data-ccp-props="{&quot;134233117&quot;:false,&quot;134233118&quot;:false,&quot;201341983&quot;:0,&quot;335551550&quot;:6,&quot;335551620&quot;:6,&quot;335559685&quot;:0,&quot;335559737&quot;:0,&quot;335559738&quot;:0,&quot;335559739&quot;:160,&quot;335559740&quot;:259}"> </span></p>
<p><b><span data-contrast="none">Violencia sexual y trata de personas </span></b><span data-ccp-props="{&quot;134233117&quot;:false,&quot;134233118&quot;:false,&quot;201341983&quot;:0,&quot;335551550&quot;:6,&quot;335551620&quot;:6,&quot;335559685&quot;:0,&quot;335559737&quot;:0,&quot;335559738&quot;:0,&quot;335559739&quot;:160,&quot;335559740&quot;:259}"> </span></p>
<p><span data-contrast="none">Durante la primera mitad del año 2023, la Oficina ha recibido un total de 42 denuncias de violencia sexual y de género en el contexto del conflicto armado, de las cuales 27 han sido confirmadas. Estas denuncias se han registrado en los departamentos de Antioquia, Arauca, Chocó, Nariño y Norte de Santander. Es especialmente preocupante la situación de trata de niñas y adolescentes con fines de explotación sexual por parte de grupos armados no estatales, así como la violación de mujeres y niñas. Estas situaciones diferenciadas evidencian la necesidad de adoptar medidas específicas efectivas que garanticen la protección y la participación efectiva de mujeres, niñas y personas LGBTI+ en todos los espacios de diálogo y toma de decisiones para la construcción integral de la paz. </span><span data-ccp-props="{&quot;134233117&quot;:false,&quot;134233118&quot;:false,&quot;201341983&quot;:0,&quot;335551550&quot;:6,&quot;335551620&quot;:6,&quot;335559685&quot;:0,&quot;335559737&quot;:0,&quot;335559738&quot;:0,&quot;335559739&quot;:160,&quot;335559740&quot;:259}"> </span><span data-ccp-props="{&quot;134233117&quot;:false,&quot;134233118&quot;:false,&quot;201341983&quot;:0,&quot;335551550&quot;:6,&quot;335551620&quot;:6,&quot;335559685&quot;:0,&quot;335559737&quot;:0,&quot;335559738&quot;:0,&quot;335559739&quot;:160,&quot;335559740&quot;:259}"> </span></p>
<p><span data-contrast="none">Desde Raza e Igualdad hacemos un llamado al Gobierno de Colombia para que tomen en cuenta el informe presentado por la Oficina del Alto Comisionado de las Naciones Unidas para los derechos humanos, el cual señala la existencia de violaciones a los derechos humanos que requieren medidas inmediatas para proteger la vida y los derechos de los ciudadanos en el territorio nacional, especialmente en zonas del país que siguen siendo afectadas por el conflicto armado y grupos ilegales. En cuanto a la protección de las comunidades étnicas en situación de riesgo, es crucial que el Estado tome medidas efectivas para garantizar el pleno ejercicio de sus derechos individuales y colectivos, especialmente debido al impacto del conflicto armado y la violencia. El Gobierno nacional debe trabajar para reparar y proteger los derechos de estas comunidades, quienes son sujetos de especial protección según los estándares internacionales.</span><span data-ccp-props="{&quot;134233117&quot;:false,&quot;134233118&quot;:false,&quot;201341983&quot;:0,&quot;335551550&quot;:6,&quot;335551620&quot;:6,&quot;335559685&quot;:0,&quot;335559737&quot;:0,&quot;335559738&quot;:0,&quot;335559739&quot;:160,&quot;335559740&quot;:259}"> </span></p>
<p><span data-contrast="none">Así mismo, instamos al Estado a llevar a cabo una Reforma Integral de la Policía Nacional con la participación genuina y efectiva de la sociedad civil, especialmente de las víctimas de la violencia policial racista. Así como</span><span data-contrast="none"> adoptar, acatar e implementar de manera efectiva los estándares internacionales contra el racismo y la discriminación, como la Convención Interamericana contra el Racismo, la Discriminación Racial y formas conexas de Intolerancia (CIRDI), la Convención Internacional sobre la Eliminación de todas las Formas de Discriminación Racial (CERD) y los estándares que se han desarrollado para prevenir el uso desproporcionado de la fuerza contra personas afrodescendientes por parte de la Fuerza Pública.</span></p>

<p>Colombia, 16 de agosto de 2023.- La Oficina en Colombia del Alto Comisionado de Naciones Unidas para los Derechos Humanos presento su análisis de la situación de derechos humanos, en [&hellip;]</p>
