{"id":17544,"date":"2023-10-02T19:58:45","date_gmt":"2023-10-02T19:58:45","guid":{"rendered":"https:\/\/raceandequality.org\/?post_type=resources&#038;p=17544"},"modified":"2023-10-04T15:38:25","modified_gmt":"2023-10-04T15:38:25","slug":"comunicado-raza-e-igualdad-rechaza-el-asesinato-de-mariana-una-nina-afrodescendiente-de-3-anos-en-medio-de-un-procedimiento-policial","status":"publish","type":"resources","link":"https:\/\/raceandequality.org\/es\/resources\/comunicado-raza-e-igualdad-rechaza-el-asesinato-de-mariana-una-nina-afrodescendiente-de-3-anos-en-medio-de-un-procedimiento-policial\/","title":{"rendered":"Raza e Igualdad rechaza el asesinato de Mariana, una ni\u00f1a afrodescendiente de 3 a\u00f1os en medio de un procedimiento policial y urge al Estado colombiano a implementar una reforma policial integral"},"content":{"rendered":"<p><strong>Colombia, 2 de octubre del 2023.<\/strong> El Instituto sobre Raza, Igualdad y Derechos Humanos (Raza e Igualdad) rechaza el asesinato de Mariana Hurtado, una ni\u00f1a afrodescendiente de 3 a\u00f1os, durante un tiroteo que se registr\u00f3 en medio de un procedimiento policial en el municipio de Pradera, en el departamento Valle del Cauca.<a href=\"#_ftn1\" name=\"_ftnref1\">[1]<\/a><\/p>\n<p>Durante una entrevista en la emisora W Radio, Jos\u00e9 Hurtado, padre de Mariana, relat\u00f3 que se dirig\u00eda a su casa cuando la Polic\u00eda estaba llevando a cabo un procedimiento en una vivienda cercana y comenzaron a disparar. Seg\u00fan su relato, en ese momento sali\u00f3 la madre de Mariana con ella para ense\u00f1arle a montar bicicleta y una bala atraves\u00f3 la mano de la madre e impact\u00f3 a Mariana, caus\u00e1ndole la muerte. El padre tambi\u00e9n asegura que fueron los integrantes de la Polic\u00eda quienes accionaron las armas y provocaron el cruce de disparos.<a href=\"#_ftn2\" name=\"_ftnref2\">[2]<\/a><\/p>\n<p>Es importante que el Estado reconozca que la violencia policial afecta de manera desproporcionada a las personas afrodescendientes y a las comunidades donde residen principalmente estas personas. Esto se manifiesta en pr\u00e1cticas como el uso excesivo y desproporcionado de la fuerza por parte de agentes del orden, la falta de consideraci\u00f3n de los protocolos internacionales sobre el uso de la fuerza p\u00fablica, el perfilamiento racial y la discriminaci\u00f3n racial por parte de los miembros de la Polic\u00eda del Estado<\/p>\n<p>Desde Raza e Igualdad, instamos a las autoridades a llevar a cabo una investigaci\u00f3n exhaustiva de los hechos y garantizar el acceso a la justicia de las v\u00edctimas con una debida diligencia de las investigaciones. Es fundamental que se cumplan los est\u00e1ndares internacionales en materia de derechos humanos, especialmente en lo que respecta al uso excesivo y desproporcionado de la fuerza y las violaciones a los derechos humanos por parte de la Fuerza P\u00fablica, teniendo en cuenta los criterios de legalidad, necesidad y proporcionalidad. En este sentido, es importante tener en cuenta los Principios B\u00e1sicos sobre el Empleo de la Fuerza y de Armas de Fuego por parte de personas funcionarias encargadas de hacer cumplir la ley, adoptados por las Naciones Unidas en 1990 <a href=\"#_ftn3\" name=\"_ftnref3\">[3]<\/a>. As\u00ed mismo, los est\u00e1ndares internacionales contra el uso desproporcionado de la fuerza contra personas afrodescendientes, como lo son las resoluciones 43\/1 y 47\/21 de las Naciones Unidas.<\/p>\n<p>Urgimos al Estado a desarrollar una reforma policial integral, que tenga en cuenta las afectaciones e impactos diferenciales que la violencia policial genera en las personas afrodescendientes; incorpore est\u00e1ndares internacionales en su dise\u00f1o e implementaci\u00f3n; y establezca medidas para reducir la impunidad estructural en los casos de violencia policial racista en Colombia.<\/p>\n<p>&nbsp;<\/p>\n<p>&nbsp;<\/p>\n<p><a href=\"#_ftnref1\" name=\"_ftn1\">[1]<\/a> https:\/\/www.wradio.com.co\/2023\/09\/29\/mariana-la-nina-que-murio-por-presunto-disparo-de-la-policia-en-pradera-valle-del-cauca\/<\/p>\n<p><a href=\"#_ftnref2\" name=\"_ftn2\">[2]<\/a> https:\/\/www.wradio.com.co\/2023\/09\/29\/mariana-la-nina-que-murio-por-presunto-disparo-de-la-policia-en-pradera-valle-del-cauca\/<\/p>\n<p><a href=\"#_ftnref3\" name=\"_ftn3\">[3]<\/a> Oficina de las Naciones Unidas contra la droga y el delito. (S.f). Tema tres: Los principios generales que rigen el uso de la fuerza en la aplicaci\u00f3n de la ley. Consultado en: https:\/\/www.unodc.org\/e4j\/es\/crime-prevention-criminal-justice\/module-4\/key-issues\/3\u2013the-general-principles-of-use-of-force-in-law-enforcement.html<\/p>\n","protected":false},"excerpt":{"rendered":"<p>Mariana Hurtado, una ni\u00f1a afrodescendiente de 3 a\u00f1os, fue asesinada durante un tiroteo que se registr\u00f3 en medio de un procedimiento policial en el municipio de Pradera, en el departamento Valle del Cauca.<\/p>\n","protected":false},"author":10,"featured_media":17545,"parent":0,"menu_order":0,"template":"","format":"standard","categories":[1154],"resources_country":[1191],"resources_language":[],"resources_audience":[],"resources_format":[],"resources_topic":[1091,1111,1113],"resources_year":[],"class_list":["post-17544","resources","type-resources","status-publish","format-standard","has-post-thumbnail","hentry","category-espanol","resources_country-colombia-es","resources_topic-afrodescendientes","resources_topic-discriminacion-racial","resources_topic-racismo"],"acf":[],"aioseo_notices":[],"_links":{"self":[{"href":"https:\/\/raceandequality.org\/es\/wp-json\/wp\/v2\/resources\/17544","targetHints":{"allow":["GET"]}}],"collection":[{"href":"https:\/\/raceandequality.org\/es\/wp-json\/wp\/v2\/resources"}],"about":[{"href":"https:\/\/raceandequality.org\/es\/wp-json\/wp\/v2\/types\/resources"}],"author":[{"embeddable":true,"href":"https:\/\/raceandequality.org\/es\/wp-json\/wp\/v2\/users\/10"}],"wp:featuredmedia":[{"embeddable":true,"href":"https:\/\/raceandequality.org\/es\/wp-json\/wp\/v2\/media\/17545"}],"wp:attachment":[{"href":"https:\/\/raceandequality.org\/es\/wp-json\/wp\/v2\/media?parent=17544"}],"wp:term":[{"taxonomy":"category","embeddable":true,"href":"https:\/\/raceandequality.org\/es\/wp-json\/wp\/v2\/categories?post=17544"},{"taxonomy":"resources_country","embeddable":true,"href":"https:\/\/raceandequality.org\/es\/wp-json\/wp\/v2\/resources_country?post=17544"},{"taxonomy":"resources_language","embeddable":true,"href":"https:\/\/raceandequality.org\/es\/wp-json\/wp\/v2\/resources_language?post=17544"},{"taxonomy":"resources_audience","embeddable":true,"href":"https:\/\/raceandequality.org\/es\/wp-json\/wp\/v2\/resources_audience?post=17544"},{"taxonomy":"resources_format","embeddable":true,"href":"https:\/\/raceandequality.org\/es\/wp-json\/wp\/v2\/resources_format?post=17544"},{"taxonomy":"resources_topic","embeddable":true,"href":"https:\/\/raceandequality.org\/es\/wp-json\/wp\/v2\/resources_topic?post=17544"},{"taxonomy":"resources_year","embeddable":true,"href":"https:\/\/raceandequality.org\/es\/wp-json\/wp\/v2\/resources_year?post=17544"}],"curies":[{"name":"wp","href":"https:\/\/api.w.org\/{rel}","templated":true}]}}

Raza e Igualdad rechaza el asesinato de Mariana, una niña afrodescendiente de 3 años en medio de un procedimiento policial y urge al Estado colombiano a implementar una reforma policial integral

<p><strong>Colombia, 2 de octubre del 2023.</strong> El Instituto sobre Raza, Igualdad y Derechos Humanos (Raza e Igualdad) rechaza el asesinato de Mariana Hurtado, una niña afrodescendiente de 3 años, durante un tiroteo que se registró en medio de un procedimiento policial en el municipio de Pradera, en el departamento Valle del Cauca.<a href="#_ftn1" name="_ftnref1">[1]</a></p>
<p>Durante una entrevista en la emisora W Radio, José Hurtado, padre de Mariana, relató que se dirigía a su casa cuando la Policía estaba llevando a cabo un procedimiento en una vivienda cercana y comenzaron a disparar. Según su relato, en ese momento salió la madre de Mariana con ella para enseñarle a montar bicicleta y una bala atravesó la mano de la madre e impactó a Mariana, causándole la muerte. El padre también asegura que fueron los integrantes de la Policía quienes accionaron las armas y provocaron el cruce de disparos.<a href="#_ftn2" name="_ftnref2">[2]</a></p>
<p>Es importante que el Estado reconozca que la violencia policial afecta de manera desproporcionada a las personas afrodescendientes y a las comunidades donde residen principalmente estas personas. Esto se manifiesta en prácticas como el uso excesivo y desproporcionado de la fuerza por parte de agentes del orden, la falta de consideración de los protocolos internacionales sobre el uso de la fuerza pública, el perfilamiento racial y la discriminación racial por parte de los miembros de la Policía del Estado</p>
<p>Desde Raza e Igualdad, instamos a las autoridades a llevar a cabo una investigación exhaustiva de los hechos y garantizar el acceso a la justicia de las víctimas con una debida diligencia de las investigaciones. Es fundamental que se cumplan los estándares internacionales en materia de derechos humanos, especialmente en lo que respecta al uso excesivo y desproporcionado de la fuerza y las violaciones a los derechos humanos por parte de la Fuerza Pública, teniendo en cuenta los criterios de legalidad, necesidad y proporcionalidad. En este sentido, es importante tener en cuenta los Principios Básicos sobre el Empleo de la Fuerza y de Armas de Fuego por parte de personas funcionarias encargadas de hacer cumplir la ley, adoptados por las Naciones Unidas en 1990 <a href="#_ftn3" name="_ftnref3">[3]</a>. Así mismo, los estándares internacionales contra el uso desproporcionado de la fuerza contra personas afrodescendientes, como lo son las resoluciones 43/1 y 47/21 de las Naciones Unidas.</p>
<p>Urgimos al Estado a desarrollar una reforma policial integral, que tenga en cuenta las afectaciones e impactos diferenciales que la violencia policial genera en las personas afrodescendientes; incorpore estándares internacionales en su diseño e implementación; y establezca medidas para reducir la impunidad estructural en los casos de violencia policial racista en Colombia.</p>
<p>&nbsp;</p>
<p>&nbsp;</p>
<p><a href="#_ftnref1" name="_ftn1">[1]</a> https://www.wradio.com.co/2023/09/29/mariana-la-nina-que-murio-por-presunto-disparo-de-la-policia-en-pradera-valle-del-cauca/</p>
<p><a href="#_ftnref2" name="_ftn2">[2]</a> https://www.wradio.com.co/2023/09/29/mariana-la-nina-que-murio-por-presunto-disparo-de-la-policia-en-pradera-valle-del-cauca/</p>
<p><a href="#_ftnref3" name="_ftn3">[3]</a> Oficina de las Naciones Unidas contra la droga y el delito. (S.f). Tema tres: Los principios generales que rigen el uso de la fuerza en la aplicación de la ley. Consultado en: https://www.unodc.org/e4j/es/crime-prevention-criminal-justice/module-4/key-issues/3–the-general-principles-of-use-of-force-in-law-enforcement.html</p>

<p>Mariana Hurtado, una niña afrodescendiente de 3 años, fue asesinada durante un tiroteo que se registró en medio de un procedimiento policial en el municipio de Pradera, en el departamento Valle del Cauca.</p>
