{"id":17705,"date":"2023-10-27T18:14:42","date_gmt":"2023-10-27T18:14:42","guid":{"rendered":"https:\/\/raceandequality.org\/?post_type=resources&#038;p=17705"},"modified":"2023-10-27T19:04:35","modified_gmt":"2023-10-27T19:04:35","slug":"elecciones-regionales-en-colombia-llamado-a-un-proceso-en-paz-transparente-y-con-perspectiva-de-derechos-humanos","status":"publish","type":"resources","link":"https:\/\/raceandequality.org\/es\/resources\/elecciones-regionales-en-colombia-llamado-a-un-proceso-en-paz-transparente-y-con-perspectiva-de-derechos-humanos\/","title":{"rendered":"Elecciones Regionales en Colombia: Llamado a un proceso en paz, transparente y con perspectiva de derechos humanos"},"content":{"rendered":"<p><strong>Colombia, 27 de octubre del 2023<\/strong>. De cara a las elecciones regionales que se llevar\u00e1n a cabo el domingo 29 de octubre en Colombia, el Instituto sobre Raza, Igualdad y Derechos Humanos (Raza e Igualdad) hace un llamado al Gobierno Nacional para que brinde las garant\u00edas necesarias, a fin de que la jornada se desarrolle en completa normalidad y transparencia, se prevenga cualquier escenario de fraude y se garantice que todas las personas, incluidas las que se encuentran en zonas de alerta, puedan ejercer su derecho al voto.<\/p>\n<p>Los comicios de este domingo\u2014en los que se elegir\u00e1n alcaldes, gobernadores, concejales, diputados y ediles\u2014se desarrollan en un contexto preocupante debido al aumento desproporcionado de la violencia en varias regiones del pa\u00eds. Los factores que contribuyen a esta situaci\u00f3n son el control social y territorial ejercido por grupos armados ilegales, las amenazas continuas a liderazgos sociales y candidatos locales, y el contexto de violencia derivado de la disputa por el control del narcotr\u00e1fico en algunas regiones. Adem\u00e1s, se han presentado alertas por fraude electoral y altos \u00edndices de violencia. En total, 83 municipios presentan riesgo extremo por coincidencia de violencia y factores indicativos de fraude electoral, seg\u00fan (citar fuente, no dejarla como nota al pie). Los departamentos de Choc\u00f3, Nari\u00f1o, Antioquia y Cauca son los que concentran la mayor cantidad de municipios en riesgo extremo para las elecciones de octubre de 2023<a href=\"#_ftn1\" name=\"_ftnref1\">[1]<\/a>.<\/p>\n<p><strong>Candidaturas \u201cbajo fuego\u201d<\/strong><\/p>\n<p>De acuerdo con el informe de la Misi\u00f3n de Observaci\u00f3n Electoral MOE<a href=\"#_ftn2\" name=\"_ftnref2\">[2]<\/a>, se ha registrado un aumento significativo del 37,7% en comparaci\u00f3n con 2019 en cuanto a la violencia sufrida por las y los candidatos en las elecciones regionales. En total, 179 candidatos han sido v\u00edctimas de alg\u00fan tipo de violencia; de estos, 22 corresponden a atentados y ocho a situaciones como asesinatos, la mayor\u00eda de ellos dirigidos contra candidatos a concejos municipales. Adem\u00e1s, durante este per\u00edodo se registraron 140 amenazas, as\u00ed como un secuestro y ocho casos de violencia pol\u00edtica contra las mujeres. Por su parte, la Defensor\u00eda del Pueblo estima que en el pa\u00eds hay 113 municipios en riesgo extremo y 286 en riesgo muy alto<a href=\"#_ftn3\" name=\"_ftnref3\">[3]<\/a> por posibles acciones de violencia que podr\u00edan afectar en las elecciones.<\/p>\n<p><strong>Participaci\u00f3n LGBTI+ hist\u00f3rica<\/strong><\/p>\n<p>Este a\u00f1o hubo una participaci\u00f3n hist\u00f3rica de personas con orientaciones sexuales, identidades y expresiones de g\u00e9nero diversas (OSIEG) en el pa\u00eds. La campa\u00f1a \u00abVoto por la Igualdad\u00bb de Caribe Afirmativo ha registrado 201 candidaturas de personas LGBTI+ en todo el pa\u00eds, lo que representa un aumento del 150% en comparaci\u00f3n con las elecciones locales de 2019<a href=\"#_ftn4\" name=\"_ftnref4\">[4]<\/a>. Sin embargo, se ha identificado un riesgo acentuado y diferencial para las personas OSIEG en los actuales escenarios electorales, donde se han reportado casos de discriminaci\u00f3n, amenazas, violencia f\u00edsica y psicol\u00f3gica, y la proliferaci\u00f3n de discursos de odio que constituyen diversas formas de violencia pol\u00edtica basada en prejuicios<a href=\"#_ftn5\" name=\"_ftnref5\">[5]<\/a>.<\/p>\n<p>Reiteramos la importancia de contar con medidas, rutas y protocolos que permitan el desarrollo adecuado y seguro de la jornada electoral de este 29 de octubre, en donde sea posible prevenir futuros escenarios de violencia pol\u00edtica contra las candidaturas LGTBI+. Instamos a la adecuada difusi\u00f3n y la implementaci\u00f3n del Protocolo del Voto Trans<a href=\"#_ftn6\" name=\"_ftnref6\">[6]<\/a> y la prevenci\u00f3n de actos de discriminaci\u00f3n, hostigamiento y otras formas de violaci\u00f3n a los derechos humanos en escenarios electorales cometidas por parte de las personas juradas de votaci\u00f3n y la ciudadan\u00eda en general. En particular, recomendamos la especial atenci\u00f3n a la protecci\u00f3n de las personas Afro LGBTI+ en ejercicio de sus derechos pol\u00edticos por la violencia diferenciada y acentuada a trav\u00e9s de pr\u00e1cticas racistas y de discriminaci\u00f3n racial en el pa\u00eds.<\/p>\n<p>Desde Raza e Igualdad instamos a la Registradur\u00eda Nacional a llevar a cabo su labor de vigilancia y control de manera rigurosa y transparente, sin sesgos y utilizando el software electoral de forma adecuada. Tambi\u00e9n hacemos un llamado a la comunidad y a las misiones de observaci\u00f3n internacionales para que brinden acompa\u00f1amiento t\u00e9cnico y apoyo en la observaci\u00f3n electoral durante estos comicios.\u00a0 Solicitamos al Gobierno Nacional que elimine las barreras que impidan un ejercicio efectivo de veedur\u00eda por parte de estas entidades y que se tomen medidas para prevenir delitos electorales como el constre\u00f1imiento y fraude al sufragante y perturbaci\u00f3n de la jornada electoral. De Igual forma solicitamos al Gobierno garantizar de forma efectiva e integral la participaci\u00f3n pol\u00edtica de toda la poblaci\u00f3n, con especial atenci\u00f3n a las personas que habitan las zonas de m\u00e1s altos \u00edndices de violencia en el pa\u00eds, y acatar el llamado de la Misi\u00f3n de Observaci\u00f3n Electoral (MOE) de abstenerse de reproducir mensajes estigmatizantes e instrumentalizar ni\u00f1os, ni\u00f1as y adolescentes y alinear las campa\u00f1as a la inclusi\u00f3n y el respeto.<\/p>\n<p>Raza e Igualdad hace un llamado a las personas elegidas para cargos de elecci\u00f3n popular a que realicen todas las acciones necesarias para garantizar la protecci\u00f3n de la vida e integridad de las personas defensoras de derechos humanos, especialmente aquellas pertenecientes a comunidades ind\u00edgenas y afrocolombianas, y para asegurar la continuidad de sus actividades de liderazgo. Es importante que las pol\u00edticas p\u00fablicas y los programas implementados por las autoridades electas de los entes territoriales incluyan programas de prevenci\u00f3n que reduzcan el riesgo al que se enfrentan los l\u00edderes y defensores de derechos humanos, creando condiciones de seguridad para el ejercicio del liderazgo, considerando los enfoques diferenciales. Es responsabilidad de los funcionarios electos no estigmatizar ni criminalizar a las personas por su origen \u00e9tnico-racial o su nacionalidad. Los discursos xen\u00f3fobos y discriminatorios en campa\u00f1a no deben ser replicados por aquellos que resulten elegidos.Por \u00faltimo, invitamos a la ciudadan\u00eda a ejercer su voto de manera informada y oportuna, y a considerar una perspectiva de respeto por los derechos humanos al analizar las candidaturas. De esta manera, podremos avanzar en la construcci\u00f3n de una sociedad comprometida y activa en la implementaci\u00f3n de agendas pol\u00edticas que protejan los derechos de todas las personas.<\/p>\n<p>&nbsp;<\/p>\n<p>&nbsp;<\/p>\n<p>&nbsp;<\/p>\n<p><a href=\"#_ftnref1\" name=\"_ftn1\">[1]<\/a> https:\/\/www.moe.org.co\/166-municipios-presentan-algun-nivel-de-riesgo-por-coincidencia-de-factores-indicativos-de-fraude-electoral-y-de-violencia-para-las-elecciones-de-autoridades-locales-2023-moe\/<\/p>\n<p><a href=\"#_ftnref2\" name=\"_ftn2\">[2]<\/a> https:\/\/www.moe.org.co\/wp-content\/uploads\/2023\/10\/Quinto-informe-preelectoral-de-violencia-contra-liderzagos-2023-APSM.pdf<\/p>\n<p><a href=\"#_ftnref3\" name=\"_ftn3\">[3]<\/a> https:\/\/defensoria.gov.co\/-\/defensor%C3%ADa-del-pueblo-advierte-que-113-municipios-est%C3%A1n-en-alerta-m%C3%A1xima-por-hechos-de-violencia-que-podr%C3%ADan-afectar-elecciones-regionales<\/p>\n<p><a href=\"#_ftnref4\" name=\"_ftn4\">[4]<\/a><\/p>\n<p><a href=\"#_ftnref5\" name=\"_ftn5\">[5]<\/a> https:\/\/www.swissinfo.ch\/spa\/colombia-elecciones_defensor%C3%ADa-colombiana-atendi%C3%B3-43-casos-de-violencia-pol%C3%ADtica-de-g%C3%A9nero-en-septiembre\/48926468<\/p>\n<p><a href=\"#_ftnref6\" name=\"_ftn6\">[6]<\/a> https:\/\/caribeafirmativo.lgbt\/wp-content\/uploads\/2023\/10\/protocolo_personas_trans.pdf<\/p>\n","protected":false},"excerpt":{"rendered":"<p>Colombia, 27 de octubre del 2023. De cara a las elecciones regionales que se llevar\u00e1n a cabo el domingo 29 de octubre en Colombia, el Instituto sobre Raza, Igualdad y [&hellip;]<\/p>\n","protected":false},"author":10,"featured_media":17716,"parent":0,"menu_order":0,"template":"","format":"standard","categories":[],"resources_country":[1191],"resources_language":[],"resources_audience":[],"resources_format":[],"resources_topic":[1091,1097,1111,1104,1096],"resources_year":[],"class_list":["post-17705","resources","type-resources","status-publish","format-standard","has-post-thumbnail","hentry","resources_country-colombia-es","resources_topic-afrodescendientes","resources_topic-derechos-humanos","resources_topic-discriminacion-racial","resources_topic-lgbti-es","resources_topic-movilidad-humana"],"acf":[],"aioseo_notices":[],"_links":{"self":[{"href":"https:\/\/raceandequality.org\/es\/wp-json\/wp\/v2\/resources\/17705","targetHints":{"allow":["GET"]}}],"collection":[{"href":"https:\/\/raceandequality.org\/es\/wp-json\/wp\/v2\/resources"}],"about":[{"href":"https:\/\/raceandequality.org\/es\/wp-json\/wp\/v2\/types\/resources"}],"author":[{"embeddable":true,"href":"https:\/\/raceandequality.org\/es\/wp-json\/wp\/v2\/users\/10"}],"wp:featuredmedia":[{"embeddable":true,"href":"https:\/\/raceandequality.org\/es\/wp-json\/wp\/v2\/media\/17716"}],"wp:attachment":[{"href":"https:\/\/raceandequality.org\/es\/wp-json\/wp\/v2\/media?parent=17705"}],"wp:term":[{"taxonomy":"category","embeddable":true,"href":"https:\/\/raceandequality.org\/es\/wp-json\/wp\/v2\/categories?post=17705"},{"taxonomy":"resources_country","embeddable":true,"href":"https:\/\/raceandequality.org\/es\/wp-json\/wp\/v2\/resources_country?post=17705"},{"taxonomy":"resources_language","embeddable":true,"href":"https:\/\/raceandequality.org\/es\/wp-json\/wp\/v2\/resources_language?post=17705"},{"taxonomy":"resources_audience","embeddable":true,"href":"https:\/\/raceandequality.org\/es\/wp-json\/wp\/v2\/resources_audience?post=17705"},{"taxonomy":"resources_format","embeddable":true,"href":"https:\/\/raceandequality.org\/es\/wp-json\/wp\/v2\/resources_format?post=17705"},{"taxonomy":"resources_topic","embeddable":true,"href":"https:\/\/raceandequality.org\/es\/wp-json\/wp\/v2\/resources_topic?post=17705"},{"taxonomy":"resources_year","embeddable":true,"href":"https:\/\/raceandequality.org\/es\/wp-json\/wp\/v2\/resources_year?post=17705"}],"curies":[{"name":"wp","href":"https:\/\/api.w.org\/{rel}","templated":true}]}}

<p><strong>Colombia, 27 de octubre del 2023</strong>. De cara a las elecciones regionales que se llevarán a cabo el domingo 29 de octubre en Colombia, el Instituto sobre Raza, Igualdad y Derechos Humanos (Raza e Igualdad) hace un llamado al Gobierno Nacional para que brinde las garantías necesarias, a fin de que la jornada se desarrolle en completa normalidad y transparencia, se prevenga cualquier escenario de fraude y se garantice que todas las personas, incluidas las que se encuentran en zonas de alerta, puedan ejercer su derecho al voto.</p>
<p>Los comicios de este domingo—en los que se elegirán alcaldes, gobernadores, concejales, diputados y ediles—se desarrollan en un contexto preocupante debido al aumento desproporcionado de la violencia en varias regiones del país. Los factores que contribuyen a esta situación son el control social y territorial ejercido por grupos armados ilegales, las amenazas continuas a liderazgos sociales y candidatos locales, y el contexto de violencia derivado de la disputa por el control del narcotráfico en algunas regiones. Además, se han presentado alertas por fraude electoral y altos índices de violencia. En total, 83 municipios presentan riesgo extremo por coincidencia de violencia y factores indicativos de fraude electoral, según (citar fuente, no dejarla como nota al pie). Los departamentos de Chocó, Nariño, Antioquia y Cauca son los que concentran la mayor cantidad de municipios en riesgo extremo para las elecciones de octubre de 2023<a href="#_ftn1" name="_ftnref1">[1]</a>.</p>
<p><strong>Candidaturas “bajo fuego”</strong></p>
<p>De acuerdo con el informe de la Misión de Observación Electoral MOE<a href="#_ftn2" name="_ftnref2">[2]</a>, se ha registrado un aumento significativo del 37,7% en comparación con 2019 en cuanto a la violencia sufrida por las y los candidatos en las elecciones regionales. En total, 179 candidatos han sido víctimas de algún tipo de violencia; de estos, 22 corresponden a atentados y ocho a situaciones como asesinatos, la mayoría de ellos dirigidos contra candidatos a concejos municipales. Además, durante este período se registraron 140 amenazas, así como un secuestro y ocho casos de violencia política contra las mujeres. Por su parte, la Defensoría del Pueblo estima que en el país hay 113 municipios en riesgo extremo y 286 en riesgo muy alto<a href="#_ftn3" name="_ftnref3">[3]</a> por posibles acciones de violencia que podrían afectar en las elecciones.</p>
<p><strong>Participación LGBTI+ histórica</strong></p>
<p>Este año hubo una participación histórica de personas con orientaciones sexuales, identidades y expresiones de género diversas (OSIEG) en el país. La campaña «Voto por la Igualdad» de Caribe Afirmativo ha registrado 201 candidaturas de personas LGBTI+ en todo el país, lo que representa un aumento del 150% en comparación con las elecciones locales de 2019<a href="#_ftn4" name="_ftnref4">[4]</a>. Sin embargo, se ha identificado un riesgo acentuado y diferencial para las personas OSIEG en los actuales escenarios electorales, donde se han reportado casos de discriminación, amenazas, violencia física y psicológica, y la proliferación de discursos de odio que constituyen diversas formas de violencia política basada en prejuicios<a href="#_ftn5" name="_ftnref5">[5]</a>.</p>
<p>Reiteramos la importancia de contar con medidas, rutas y protocolos que permitan el desarrollo adecuado y seguro de la jornada electoral de este 29 de octubre, en donde sea posible prevenir futuros escenarios de violencia política contra las candidaturas LGTBI+. Instamos a la adecuada difusión y la implementación del Protocolo del Voto Trans<a href="#_ftn6" name="_ftnref6">[6]</a> y la prevención de actos de discriminación, hostigamiento y otras formas de violación a los derechos humanos en escenarios electorales cometidas por parte de las personas juradas de votación y la ciudadanía en general. En particular, recomendamos la especial atención a la protección de las personas Afro LGBTI+ en ejercicio de sus derechos políticos por la violencia diferenciada y acentuada a través de prácticas racistas y de discriminación racial en el país.</p>
<p>Desde Raza e Igualdad instamos a la Registraduría Nacional a llevar a cabo su labor de vigilancia y control de manera rigurosa y transparente, sin sesgos y utilizando el software electoral de forma adecuada. También hacemos un llamado a la comunidad y a las misiones de observación internacionales para que brinden acompañamiento técnico y apoyo en la observación electoral durante estos comicios.  Solicitamos al Gobierno Nacional que elimine las barreras que impidan un ejercicio efectivo de veeduría por parte de estas entidades y que se tomen medidas para prevenir delitos electorales como el constreñimiento y fraude al sufragante y perturbación de la jornada electoral. De Igual forma solicitamos al Gobierno garantizar de forma efectiva e integral la participación política de toda la población, con especial atención a las personas que habitan las zonas de más altos índices de violencia en el país, y acatar el llamado de la Misión de Observación Electoral (MOE) de abstenerse de reproducir mensajes estigmatizantes e instrumentalizar niños, niñas y adolescentes y alinear las campañas a la inclusión y el respeto.</p>
<p>Raza e Igualdad hace un llamado a las personas elegidas para cargos de elección popular a que realicen todas las acciones necesarias para garantizar la protección de la vida e integridad de las personas defensoras de derechos humanos, especialmente aquellas pertenecientes a comunidades indígenas y afrocolombianas, y para asegurar la continuidad de sus actividades de liderazgo. Es importante que las políticas públicas y los programas implementados por las autoridades electas de los entes territoriales incluyan programas de prevención que reduzcan el riesgo al que se enfrentan los líderes y defensores de derechos humanos, creando condiciones de seguridad para el ejercicio del liderazgo, considerando los enfoques diferenciales. Es responsabilidad de los funcionarios electos no estigmatizar ni criminalizar a las personas por su origen étnico-racial o su nacionalidad. Los discursos xenófobos y discriminatorios en campaña no deben ser replicados por aquellos que resulten elegidos.Por último, invitamos a la ciudadanía a ejercer su voto de manera informada y oportuna, y a considerar una perspectiva de respeto por los derechos humanos al analizar las candidaturas. De esta manera, podremos avanzar en la construcción de una sociedad comprometida y activa en la implementación de agendas políticas que protejan los derechos de todas las personas.</p>
<p>&nbsp;</p>
<p>&nbsp;</p>
<p>&nbsp;</p>
<p><a href="#_ftnref1" name="_ftn1">[1]</a> https://www.moe.org.co/166-municipios-presentan-algun-nivel-de-riesgo-por-coincidencia-de-factores-indicativos-de-fraude-electoral-y-de-violencia-para-las-elecciones-de-autoridades-locales-2023-moe/</p>
<p><a href="#_ftnref2" name="_ftn2">[2]</a> https://www.moe.org.co/wp-content/uploads/2023/10/Quinto-informe-preelectoral-de-violencia-contra-liderzagos-2023-APSM.pdf</p>
<p><a href="#_ftnref3" name="_ftn3">[3]</a> https://defensoria.gov.co/-/defensor%C3%ADa-del-pueblo-advierte-que-113-municipios-est%C3%A1n-en-alerta-m%C3%A1xima-por-hechos-de-violencia-que-podr%C3%ADan-afectar-elecciones-regionales</p>
<p><a href="#_ftnref4" name="_ftn4">[4]</a></p>
<p><a href="#_ftnref5" name="_ftn5">[5]</a> https://www.swissinfo.ch/spa/colombia-elecciones_defensor%C3%ADa-colombiana-atendi%C3%B3-43-casos-de-violencia-pol%C3%ADtica-de-g%C3%A9nero-en-septiembre/48926468</p>
<p><a href="#_ftnref6" name="_ftn6">[6]</a> https://caribeafirmativo.lgbt/wp-content/uploads/2023/10/protocolo_personas_trans.pdf</p>

<p>Colombia, 27 de octubre del 2023. De cara a las elecciones regionales que se llevarán a cabo el domingo 29 de octubre en Colombia, el Instituto sobre Raza, Igualdad y [&hellip;]</p>
