{"id":18144,"date":"2024-03-06T21:35:24","date_gmt":"2024-03-06T21:35:24","guid":{"rendered":"https:\/\/raceandequality.org\/?post_type=resources&#038;p=18144"},"modified":"2024-03-08T04:56:02","modified_gmt":"2024-03-08T04:56:02","slug":"republica-dominicana-delegacion-de-sociedad-civil-presente-en-la-pre-sesion-epu","status":"publish","type":"resources","link":"https:\/\/raceandequality.org\/es\/resources\/republica-dominicana-delegacion-de-sociedad-civil-presente-en-la-pre-sesion-epu\/","title":{"rendered":"Rep\u00fablica Dominicana: Delegaci\u00f3n de sociedad civil presente en la Pre-Sesi\u00f3n EPU"},"content":{"rendered":"<p><strong>Ginebra, 6 de marzo de 2024.<\/strong>&#8211; Una delegaci\u00f3n de sociedad civil dominicana particip\u00f3 en la Pre-sesi\u00f3n del Examen Peri\u00f3dico Universal (EPU) realizada el viernes 16 de febrero de 2024 en Ginebra, Suiza, con el apoyo t\u00e9cnico del Instituto sobre Raza, Igualdad y Derechos Humanos (Raza e Igualdad). La delegaci\u00f3n estuvo compuesta por Mar\u00eda Mart\u00ednez (Movimiento Socio Cultural de Trabajadores Haiti, MOSCTHA), Manuel Dandre (Red de Encuentro Dominicano-Haitiano Jacques Viau, Red Jacques Viau), Rosalba D\u00edaz (Comunidad de Lesbianas Inclusivas Dominicanas, COLESDOM), Roberto Acevedo (Observatorio de Derechos Humanos para Grupos Vulnerabilizados, ODH-GV) y Jenny Mor\u00f3n (Movimiento de Mujeres Dom\u00ednico-Haitianas, MUDHA), quienes contaron con el acompa\u00f1amiento de Elvia Duque, Oficial Senior sobre Raza y Etnicidad de Raza e Igualdad.<\/p>\n<p>Durante una semana en la ciudad suiza, la delegaci\u00f3n tambi\u00e9n tuvo la oportunidad de hacer incidencia al reunirse con representantes de organismos de Naciones Unidas y representantes de misiones diplom\u00e1ticas, espacios donde compartieron informaci\u00f3n sobre la situaci\u00f3n de discriminaci\u00f3n que enfrentan algunos grupos poblacionales en Rep\u00fablica Dominicana y que resultan violatorias de sus derechos humanos.<\/p>\n<p>Jenny Mor\u00f3n, de MUDHA, expuso la situaci\u00f3n de apatridia que, seg\u00fan estimaciones de la sociedad civil, afecta a m\u00e1s de 209 mil personas y que se ha agravada a ra\u00edz de la Ley 169-14, al punto que actualmente existen cuatro grupos cuyos derechos humanos son afectados de una u otra forma: 1) quienes debido a su apellido y caracter\u00edsticas fenot\u00edpicas no son asociados a la poblaci\u00f3n haitiana y cuentan con todos sus derechos; 2) personas que inicialmente pertenec\u00edan al numeral 1 pero el Estado le quit\u00f3 la nacionalidad en 2013 por identificar alg\u00fan v\u00ednculo con la poblaci\u00f3n haitiana; 3) quienes han sido inscritos en el llamado Libro Especial (Libro de registro para hijos e hijas de madres extranjeras no residentes); y 4) aquellos nacidos en territorio dominicano pero no cuentan con ning\u00fan tipo de documentaci\u00f3n o designaci\u00f3n de nacionalidad.<\/p>\n<p>El activista Manuel Dandre, de la Red Jacques Viau, comparti\u00f3 su experiencia como persona afectada por la Sentencia TC 0168-13, pues a pesar de haber nacido en Rep\u00fablica Dominicana, a sus 55 a\u00f1os el Estado cambi\u00f3 sus documentos luego de identificar v\u00ednculos con poblaci\u00f3n haitiana. \u201cAquellas personas que nos encontramos en el numeral 2 y 3 tenemos acceso parcial o nulo a derechos b\u00e1sicos como educaci\u00f3n, empleo, tr\u00e1nsito, etc., y estamos temerosos a cambios legislativos que contin\u00faen mermando nuestros derechos\u201d, expres\u00f3.<\/p>\n<p>La defensora de derechos humanos Mar\u00eda Mart\u00ednez, de MOSCTHA, enfatiz\u00f3 la crisis que enfrenta el Estado dominicano en el \u00e1rea laboral, siendo las mujeres y la poblaci\u00f3n en condici\u00f3n de ap\u00e1trida las m\u00e1s afectadas. Seg\u00fan el mismo Ministerio de la Mujer, m\u00e1s del 95% de las mujeres en el pa\u00eds identifican sus espacios laborales como escenarios de violencia o acoso<a href=\"#_ftn1\" name=\"_ftnref1\">[1]<\/a>.<\/p>\n<p>As\u00ed mismo, la activista Rosalba Diaz, de COLESDOM, resalt\u00f3 que \u201cla carencia de legislaci\u00f3n que garantice protecci\u00f3n a la poblaci\u00f3n LGBTI+ ha generado una gran vulnerabilidad de esta poblaci\u00f3n\u201d enfatizando en su presentaci\u00f3n \u201clos constantes casos de mutilaci\u00f3n, estigma y dem\u00e1s casos de vulneraci\u00f3n a los derechos humanos que enfrenta la poblaci\u00f3n intersexual incluso desde muy temprana edad, as\u00ed como les patrones judiciales que merman los derechos de custodia de las madres lesbianas en Rep\u00fablica Dominicana\u201d.<\/p>\n<p>En tanto, Roberto Acevedo, de ODH-GV, expuso la falta de acceso a trabajo y discriminaci\u00f3n que sufren personas con VIH\/SIDA, pues a pesar de la existencia de la Ley 135-11 -que contempla la privacidad de la informaci\u00f3n sobre el diagn\u00f3stico del VIH, las instituciones p\u00fablicas realizan pruebas de laboratorios como parte del proceso de preselecci\u00f3n de candidatos a puestos de trabajos, teniendo como consecuencia no emplear a las personas que resultan positivas aun poseyendo las habilidades necesarias.<\/p>\n<p>La delegaci\u00f3n hizo un balance positivo de la visita pues adem\u00e1s de visibilizar la crisis que vive el pa\u00eds debido a pol\u00edticas racistas, xenof\u00f3bicas y discriminatorias, as\u00ed como de posicionar sus recomendaciones, sirvi\u00f3 para advertir sobre la Ley 1\/2024, la cual crea un organismo centralizado del Estado, con el objetivo de proteger los intereses de la naci\u00f3n y evaluar amenazas internas y externas contra este. La sociedad civil considera que esta ley genera las herramientas necesarias para avalar al Estado en su labor de criminalizaci\u00f3n de activistas y personas defensoras de derechos humanos, por lo tanto, la delegaci\u00f3n hizo un fuerte llamado para demandar su derogaci\u00f3n.<\/p>\n<p>A ello se suma que, al regreso de la delegaci\u00f3n a Rep\u00fablica Dominicana, se conoci\u00f3 la aprobaci\u00f3n de la Resoluci\u00f3n No. 13, del 17 de febrero de 2024, sobre tramitaci\u00f3n de registro de nacimientos de hijos de extranjeros nacidos en Rep\u00fablica Dominicana. Despu\u00e9s de algunos d\u00edas de evaluaci\u00f3n de esta Resoluci\u00f3n, a primera vista esta resoluci\u00f3n resulta ser una posible soluci\u00f3n a varios de los temas abordados por esta delegaci\u00f3n en Ginebra respecto a la situaci\u00f3n de apatridia, pero al hacer un an\u00e1lisis de fondo genera preocupaci\u00f3n porque no beneficia a la poblaci\u00f3n en condici\u00f3n de apatridia en tanto establece la presentaci\u00f3n de documentos que esta no posee.<\/p>\n<p>A continuaci\u00f3n, desatacamos algunas de las recomendaciones presentadas por esta delegaci\u00f3n durante su gira de incidencia en la Pre-sesi\u00f3n del EPU en Ginebra:<\/p>\n<ul>\n<li>Promover la creacio\u0301n de una mesa te\u0301cnica de acompan\u0303amiento, revisio\u0301n e implementacio\u0301n de las recomendaciones realizadas en el EPU, con la participacio\u0301n de la sociedad civil, un estado miembro del Consejo, organismos internacionales y el Estado Dominicano.<\/li>\n<li>Promover una ley nacional de igualdad y no discriminacio\u0301n que persiga, tipifique y sancione el racismo y la discriminaci\u00f3n en todas sus formas.<\/li>\n<li>Motivar al Estado para que modifique y\/o elimine cualquier legislacio\u0301n, sentencia o disposicio\u0301n que no este\u0301 alineada con los tratados y acuerdos internacionales de proteccio\u0301n de los derechos humanos.<\/li>\n<li>Motivar al Estado a firmar, ratificar e implementar la Convencio\u0301n Interamericana contra el Racismo, la Discriminacio\u0301n Racial y Formas Conexas de Intolerancia (CIRDI).<\/li>\n<li>Prevenir la apatridia creando mecanismos claros, gratuitos y expeditos para beneficiar a las personas vi\u0301ctimas de la Sentencia 168.13, dado que la Ley 169.14 no ha solucionado el problema causado por la Sentencia 168.13. Adema\u0301s, ratificar la Convencio\u0301n de 1954 sobre el Estatuto de los Apa\u0301tridas y la Convencio\u0301n de 1961 para Reducir los Casos de Apatridia.<\/li>\n<li>Sensibilizar a las autoridades, para que eviten la criminalizacio\u0301n de la migracio\u0301n y eliminar la poli\u0301tica de arresto, deportacio\u0301n y expulsio\u0301n basados en el perfil racial. Adema\u0301s, tomar las previsiones necesarias para que ninguna persona dominicana por su color de piel o descendencia sea expulsada del territorio nacional.<\/li>\n<li>Promover la interculturalidad en la esfera de la educacio\u0301n y en los medios de comunicacio\u0301n.<\/li>\n<li>Promover la proteccio\u0301n de los derechos humanos de las mujeres y las nin\u0303as que se encuentren en contexto de vulnerabilidad.<\/li>\n<li>Crear una legislaci\u00f3n que integre los beneficios de los Convenios 156, 190, 189.<\/li>\n<li>Promover e incentivar la integracio\u0301n social de grupos vulnerables (personas que viven con VIH-SIDA, usuarios de drogas) para que puedan aportar a su comunidad.<\/li>\n<li>Motivar la elaboracio\u0301n y promulgacio\u0301n del reglamento de aplicacio\u0301n de la ley 135-11 de VIH\/SIDA, que a 12 an\u0303os au\u0301n no cuenta con ese importante instrumento juri\u0301dico.<\/li>\n<li>Promover el fortalecimiento del rol del Defensor del Pueblo, para que promueva y defienda los derechos humanos independientemente del ge\u0301nero, nacionalidad y creencia.<\/li>\n<\/ul>\n<p>Raza e Igualdad agradece a MUDHA, COLESDOM y ODH-GV por obtener sus recursos y sumarse a la delegaci\u00f3n inicialmente compuesta por MOSCTHA y la Red Jacques Viau, y les invita a seguir construyendo en uni\u00f3n estrategias para contrarrestar la cruda realidad que viven algunas poblaciones en Rep\u00fablica Dominicana. Tambi\u00e9n, reiteramos nuestro compromiso de luchar contra las diferentes discriminaciones existentes en este pa\u00eds de la mano con las organizaciones miembros a la Red Jacques Viau y la coalicio\u0301n de ONGs CODHAJUR.<\/p>\n<p>&nbsp;<\/p>\n<p><em><strong>En la foto (de izquierda a derecha): Elvia Duque (Raza e Igualdad), Mar\u00eda Mart\u00ednez (MOSCTHA), Manuel Dandre (Red Jacques Viau), Rosalba D\u00edaz (COLESDOM), Roberto Acevedo (ODH-GV) y Jenny Mor\u00f3n (MUDHA), en Sala XXII, Edificio E de Naciones Unidas. Ginebra, Suiza.\u00a0<\/strong><\/em><\/p>\n<p>&nbsp;<\/p>\n<p><a href=\"#_ftnref1\" name=\"_ftn1\">[1]<\/a> Ministerio de la Mujer. Ministerio de la Mujer pone en marcha ruta para la ratificaci\u00f3n del Convenio 190 de Violencia y Acoso en el Mundo Laboral. 28 Junio, 2023. Disponible en https:\/\/mujer.gob.do\/index.php\/noticias\/itemlist\/tag\/Convenio%20190#:~:text=M%C3%A1s%20del%2095%25%20de%20las,Convenio%20n%C3%BAmero%20190%20contra%20la<\/p>\n","protected":false},"excerpt":{"rendered":"<p>Ginebra, 6 de marzo de 2024.&#8211; Una delegaci\u00f3n de sociedad civil dominicana particip\u00f3 en la Pre-sesi\u00f3n del Examen Peri\u00f3dico Universal (EPU) realizada el viernes 16 de febrero de 2024 en [&hellip;]<\/p>\n","protected":false},"author":8,"featured_media":18145,"parent":0,"menu_order":0,"template":"","format":"standard","categories":[],"resources_country":[1195],"resources_language":[],"resources_audience":[],"resources_format":[],"resources_topic":[1091,1117,1113],"resources_year":[],"class_list":["post-18144","resources","type-resources","status-publish","format-standard","has-post-thumbnail","hentry","resources_country-republica-dominicana","resources_topic-afrodescendientes","resources_topic-onu","resources_topic-racismo"],"acf":[],"aioseo_notices":[],"_links":{"self":[{"href":"https:\/\/raceandequality.org\/es\/wp-json\/wp\/v2\/resources\/18144","targetHints":{"allow":["GET"]}}],"collection":[{"href":"https:\/\/raceandequality.org\/es\/wp-json\/wp\/v2\/resources"}],"about":[{"href":"https:\/\/raceandequality.org\/es\/wp-json\/wp\/v2\/types\/resources"}],"author":[{"embeddable":true,"href":"https:\/\/raceandequality.org\/es\/wp-json\/wp\/v2\/users\/8"}],"wp:featuredmedia":[{"embeddable":true,"href":"https:\/\/raceandequality.org\/es\/wp-json\/wp\/v2\/media\/18145"}],"wp:attachment":[{"href":"https:\/\/raceandequality.org\/es\/wp-json\/wp\/v2\/media?parent=18144"}],"wp:term":[{"taxonomy":"category","embeddable":true,"href":"https:\/\/raceandequality.org\/es\/wp-json\/wp\/v2\/categories?post=18144"},{"taxonomy":"resources_country","embeddable":true,"href":"https:\/\/raceandequality.org\/es\/wp-json\/wp\/v2\/resources_country?post=18144"},{"taxonomy":"resources_language","embeddable":true,"href":"https:\/\/raceandequality.org\/es\/wp-json\/wp\/v2\/resources_language?post=18144"},{"taxonomy":"resources_audience","embeddable":true,"href":"https:\/\/raceandequality.org\/es\/wp-json\/wp\/v2\/resources_audience?post=18144"},{"taxonomy":"resources_format","embeddable":true,"href":"https:\/\/raceandequality.org\/es\/wp-json\/wp\/v2\/resources_format?post=18144"},{"taxonomy":"resources_topic","embeddable":true,"href":"https:\/\/raceandequality.org\/es\/wp-json\/wp\/v2\/resources_topic?post=18144"},{"taxonomy":"resources_year","embeddable":true,"href":"https:\/\/raceandequality.org\/es\/wp-json\/wp\/v2\/resources_year?post=18144"}],"curies":[{"name":"wp","href":"https:\/\/api.w.org\/{rel}","templated":true}]}}

República Dominicana: Delegación de sociedad civil presente en la Pre-Sesión EPU

<p><strong>Ginebra, 6 de marzo de 2024.</strong>&#8211; Una delegación de sociedad civil dominicana participó en la Pre-sesión del Examen Periódico Universal (EPU) realizada el viernes 16 de febrero de 2024 en Ginebra, Suiza, con el apoyo técnico del Instituto sobre Raza, Igualdad y Derechos Humanos (Raza e Igualdad). La delegación estuvo compuesta por María Martínez (Movimiento Socio Cultural de Trabajadores Haiti, MOSCTHA), Manuel Dandre (Red de Encuentro Dominicano-Haitiano Jacques Viau, Red Jacques Viau), Rosalba Díaz (Comunidad de Lesbianas Inclusivas Dominicanas, COLESDOM), Roberto Acevedo (Observatorio de Derechos Humanos para Grupos Vulnerabilizados, ODH-GV) y Jenny Morón (Movimiento de Mujeres Domínico-Haitianas, MUDHA), quienes contaron con el acompañamiento de Elvia Duque, Oficial Senior sobre Raza y Etnicidad de Raza e Igualdad.</p>
<p>Durante una semana en la ciudad suiza, la delegación también tuvo la oportunidad de hacer incidencia al reunirse con representantes de organismos de Naciones Unidas y representantes de misiones diplomáticas, espacios donde compartieron información sobre la situación de discriminación que enfrentan algunos grupos poblacionales en República Dominicana y que resultan violatorias de sus derechos humanos.</p>
<p>Jenny Morón, de MUDHA, expuso la situación de apatridia que, según estimaciones de la sociedad civil, afecta a más de 209 mil personas y que se ha agravada a raíz de la Ley 169-14, al punto que actualmente existen cuatro grupos cuyos derechos humanos son afectados de una u otra forma: 1) quienes debido a su apellido y características fenotípicas no son asociados a la población haitiana y cuentan con todos sus derechos; 2) personas que inicialmente pertenecían al numeral 1 pero el Estado le quitó la nacionalidad en 2013 por identificar algún vínculo con la población haitiana; 3) quienes han sido inscritos en el llamado Libro Especial (Libro de registro para hijos e hijas de madres extranjeras no residentes); y 4) aquellos nacidos en territorio dominicano pero no cuentan con ningún tipo de documentación o designación de nacionalidad.</p>
<p>El activista Manuel Dandre, de la Red Jacques Viau, compartió su experiencia como persona afectada por la Sentencia TC 0168-13, pues a pesar de haber nacido en República Dominicana, a sus 55 años el Estado cambió sus documentos luego de identificar vínculos con población haitiana. “Aquellas personas que nos encontramos en el numeral 2 y 3 tenemos acceso parcial o nulo a derechos básicos como educación, empleo, tránsito, etc., y estamos temerosos a cambios legislativos que continúen mermando nuestros derechos”, expresó.</p>
<p>La defensora de derechos humanos María Martínez, de MOSCTHA, enfatizó la crisis que enfrenta el Estado dominicano en el área laboral, siendo las mujeres y la población en condición de apátrida las más afectadas. Según el mismo Ministerio de la Mujer, más del 95% de las mujeres en el país identifican sus espacios laborales como escenarios de violencia o acoso<a href="#_ftn1" name="_ftnref1">[1]</a>.</p>
<p>Así mismo, la activista Rosalba Diaz, de COLESDOM, resaltó que “la carencia de legislación que garantice protección a la población LGBTI+ ha generado una gran vulnerabilidad de esta población” enfatizando en su presentación “los constantes casos de mutilación, estigma y demás casos de vulneración a los derechos humanos que enfrenta la población intersexual incluso desde muy temprana edad, así como les patrones judiciales que merman los derechos de custodia de las madres lesbianas en República Dominicana”.</p>
<p>En tanto, Roberto Acevedo, de ODH-GV, expuso la falta de acceso a trabajo y discriminación que sufren personas con VIH/SIDA, pues a pesar de la existencia de la Ley 135-11 -que contempla la privacidad de la información sobre el diagnóstico del VIH, las instituciones públicas realizan pruebas de laboratorios como parte del proceso de preselección de candidatos a puestos de trabajos, teniendo como consecuencia no emplear a las personas que resultan positivas aun poseyendo las habilidades necesarias.</p>
<p>La delegación hizo un balance positivo de la visita pues además de visibilizar la crisis que vive el país debido a políticas racistas, xenofóbicas y discriminatorias, así como de posicionar sus recomendaciones, sirvió para advertir sobre la Ley 1/2024, la cual crea un organismo centralizado del Estado, con el objetivo de proteger los intereses de la nación y evaluar amenazas internas y externas contra este. La sociedad civil considera que esta ley genera las herramientas necesarias para avalar al Estado en su labor de criminalización de activistas y personas defensoras de derechos humanos, por lo tanto, la delegación hizo un fuerte llamado para demandar su derogación.</p>
<p>A ello se suma que, al regreso de la delegación a República Dominicana, se conoció la aprobación de la Resolución No. 13, del 17 de febrero de 2024, sobre tramitación de registro de nacimientos de hijos de extranjeros nacidos en República Dominicana. Después de algunos días de evaluación de esta Resolución, a primera vista esta resolución resulta ser una posible solución a varios de los temas abordados por esta delegación en Ginebra respecto a la situación de apatridia, pero al hacer un análisis de fondo genera preocupación porque no beneficia a la población en condición de apatridia en tanto establece la presentación de documentos que esta no posee.</p>
<p>A continuación, desatacamos algunas de las recomendaciones presentadas por esta delegación durante su gira de incidencia en la Pre-sesión del EPU en Ginebra:</p>
<ul>
<li>Promover la creación de una mesa técnica de acompañamiento, revisión e implementación de las recomendaciones realizadas en el EPU, con la participación de la sociedad civil, un estado miembro del Consejo, organismos internacionales y el Estado Dominicano.</li>
<li>Promover una ley nacional de igualdad y no discriminación que persiga, tipifique y sancione el racismo y la discriminación en todas sus formas.</li>
<li>Motivar al Estado para que modifique y/o elimine cualquier legislación, sentencia o disposición que no esté alineada con los tratados y acuerdos internacionales de protección de los derechos humanos.</li>
<li>Motivar al Estado a firmar, ratificar e implementar la Convención Interamericana contra el Racismo, la Discriminación Racial y Formas Conexas de Intolerancia (CIRDI).</li>
<li>Prevenir la apatridia creando mecanismos claros, gratuitos y expeditos para beneficiar a las personas víctimas de la Sentencia 168.13, dado que la Ley 169.14 no ha solucionado el problema causado por la Sentencia 168.13. Además, ratificar la Convención de 1954 sobre el Estatuto de los Apátridas y la Convención de 1961 para Reducir los Casos de Apatridia.</li>
<li>Sensibilizar a las autoridades, para que eviten la criminalización de la migración y eliminar la política de arresto, deportación y expulsión basados en el perfil racial. Además, tomar las previsiones necesarias para que ninguna persona dominicana por su color de piel o descendencia sea expulsada del territorio nacional.</li>
<li>Promover la interculturalidad en la esfera de la educación y en los medios de comunicación.</li>
<li>Promover la protección de los derechos humanos de las mujeres y las niñas que se encuentren en contexto de vulnerabilidad.</li>
<li>Crear una legislación que integre los beneficios de los Convenios 156, 190, 189.</li>
<li>Promover e incentivar la integración social de grupos vulnerables (personas que viven con VIH-SIDA, usuarios de drogas) para que puedan aportar a su comunidad.</li>
<li>Motivar la elaboración y promulgación del reglamento de aplicación de la ley 135-11 de VIH/SIDA, que a 12 años aún no cuenta con ese importante instrumento jurídico.</li>
<li>Promover el fortalecimiento del rol del Defensor del Pueblo, para que promueva y defienda los derechos humanos independientemente del género, nacionalidad y creencia.</li>
</ul>
<p>Raza e Igualdad agradece a MUDHA, COLESDOM y ODH-GV por obtener sus recursos y sumarse a la delegación inicialmente compuesta por MOSCTHA y la Red Jacques Viau, y les invita a seguir construyendo en unión estrategias para contrarrestar la cruda realidad que viven algunas poblaciones en República Dominicana. También, reiteramos nuestro compromiso de luchar contra las diferentes discriminaciones existentes en este país de la mano con las organizaciones miembros a la Red Jacques Viau y la coalición de ONGs CODHAJUR.</p>
<p>&nbsp;</p>
<p><em><strong>En la foto (de izquierda a derecha): Elvia Duque (Raza e Igualdad), María Martínez (MOSCTHA), Manuel Dandre (Red Jacques Viau), Rosalba Díaz (COLESDOM), Roberto Acevedo (ODH-GV) y Jenny Morón (MUDHA), en Sala XXII, Edificio E de Naciones Unidas. Ginebra, Suiza. </strong></em></p>
<p>&nbsp;</p>
<p><a href="#_ftnref1" name="_ftn1">[1]</a> Ministerio de la Mujer. Ministerio de la Mujer pone en marcha ruta para la ratificación del Convenio 190 de Violencia y Acoso en el Mundo Laboral. 28 Junio, 2023. Disponible en https://mujer.gob.do/index.php/noticias/itemlist/tag/Convenio%20190#:~:text=M%C3%A1s%20del%2095%25%20de%20las,Convenio%20n%C3%BAmero%20190%20contra%20la</p>

<p>Ginebra, 6 de marzo de 2024.&#8211; Una delegación de sociedad civil dominicana participó en la Pre-sesión del Examen Periódico Universal (EPU) realizada el viernes 16 de febrero de 2024 en [&hellip;]</p>
