{"id":18279,"date":"2024-04-18T13:08:20","date_gmt":"2024-04-18T13:08:20","guid":{"rendered":"https:\/\/raceandequality.org\/?post_type=resources&#038;p=18279"},"modified":"2024-04-18T19:26:05","modified_gmt":"2024-04-18T19:26:05","slug":"seis-anos-de-crimenes-de-lesa-humanidad-en-nicaragua-la-justicia-no-debe-demorar-mas","status":"publish","type":"resources","link":"https:\/\/raceandequality.org\/es\/resources\/seis-anos-de-crimenes-de-lesa-humanidad-en-nicaragua-la-justicia-no-debe-demorar-mas\/","title":{"rendered":"Seis a\u00f1os de cr\u00edmenes de lesa humanidad en Nicaragua: \u00a1La justicia no debe demorar m\u00e1s!"},"content":{"rendered":"<p dir=\"ltr\"><strong>Washington D.C, 18 de abril 2024.<\/strong>&#8211; En el sexto aniversario de la crisis sociopol\u00edtica y de derechos humanos en Nicaragua, el <a href=\"https:\/\/raceandequality.org\/es\" target=\"_blank\" rel=\"noopener\" data-cke-saved-href=\"https:\/\/raceandequality.org\/es\">Instituto sobre Raza, Igualdad y Derechos Humanos<\/a> (Raza e Igualdad) <strong>insta a la solidaridad internacional con las v\u00edctimas directas de la represi\u00f3n y sus familiares<\/strong>, quienes merecen verdad, justicia, reparaci\u00f3n y garant\u00edas de no repetici\u00f3n. <strong>Raza e Igualdad llama urgentemente a los pa\u00edses aliados del pueblo nicarag\u00fcense<\/strong> <strong>a aplicar los mecanismos de justicia universal para investigar las responsabilidades penales individuales del\u00a0dictador Daniel Ortega<\/strong>, la Vicepresidenta Rosario Murillo y otros altos funcionarios perpetradores de cr\u00edmenes de lesa humanidad, as\u00ed como a demandar a Nicaragua ante la Corte Internacional de Justicia de La Haya.<\/p>\n<p dir=\"ltr\">\u201cEn esta fecha no podemos dejar de pensar en las madres de abril, las y los familiares de las personas presas pol\u00edticas y el resto del pueblo nicarag\u00fcense que tiene seis a\u00f1os clamando paz.\u00a0 La paz solo puede llegar con verdad, justicia, reparaci\u00f3n y garant\u00edas de no repetici\u00f3n para las v\u00edctimas de estos cr\u00edmenes atroces. Entre m\u00e1s tiempo pase, m\u00e1s dif\u00edcil ser\u00e1 reconstruir a la Nicaragua, Nicarag\u00fcita; por eso, pa\u00edses amigos del pueblo nicarag\u00fcense: <strong>\u00a1La justicia no debe demorar m\u00e1s, actuemos, busquemos mecanismos para la rendici\u00f3n de cuentas!<\/strong>\u201d, inst\u00f3 Carlos Quesada, Director Ejecutivo de Raza e Igualdad.<\/p>\n<p dir=\"ltr\"><strong>Las atrocidades cometidas por el r\u00e9gimen dictatorial de Ortega y Murillo han dejado miles de v\u00edctimas<\/strong>: Al menos 355 personas asesinadas y m\u00e1s de 2000 personas manifestantes heridas por agentes estatales o paraestatales en el contexto de las protestas del a\u00f1o 2018; 317 personas arbitrariamente despojadas de su\u00a0 nacionalidad y derechos ciudadanos, 200 periodistas exiliados; m\u00e1s de 240 personas desterradas, incluyendo religiosos cat\u00f3licos; aproximadamente 6.5% de la poblaci\u00f3n en el exilio, en b\u00fasqueda de asilo o refugio; m\u00e1s de 3625 organizaciones de sociedad civil canceladas; y 121 personas privadas de libertad por motivos pol\u00edticos, entre las cuales se encuentran mujeres, personas adultas mayores, artistas, liderazgos pol\u00edticos y guardabosques ind\u00edgenas.<\/p>\n<p dir=\"ltr\">\u201cOrtega y Murillo, con sus c\u00f3mplices intelectuales y autores directos, han logrado sembrar terror m\u00e1s all\u00e1 de las fronteras de Nicaragua con la aplicaci\u00f3n de la apatridia; sin embargo, vemos madres de v\u00edctimas letales, defensoras y defensores de derechos humanos, periodistas venciendo la censura, monitoreando y haciendo incidencia pese a los riesgos y las represalias. <strong>\u00a1Su resiliencia es impresionante, no les dejemos solos y solas en la lucha!<\/strong>\u201d, dijo Christina Fetterhoff, Directora de Programas de Raza e Igualdad.<\/p>\n<p dir=\"ltr\">En el segundo informe del Grupo de Expertos en Derechos Humanos sobre Nicaragua <a href=\"https:\/\/raceandequality.org\/es\/resources\/regimen-de-nicaragua-comete-crimenes-de-lesa-humanidad-la-comunidad-internacional-debe-colaborar-en-investigaciones-judiciales\/\" target=\"_blank\" rel=\"noopener\" data-cke-saved-href=\"https:\/\/raceandequality.org\/es\/resources\/regimen-de-nicaragua-comete-crimenes-de-lesa-humanidad-la-comunidad-internacional-debe-colaborar-en-investigaciones-judiciales\/\">se identificaron a <strong>altos funcionarios del Estado como perpetradores de cr\u00edmenes de lesa humanidad<\/strong>.<\/a> Entre estos figuran: Fidel Moreno; Secretario P\u00fablico (FSLN), Alcald\u00eda de Managua; Ana Julia Guido, fiscal general de la Rep\u00fablica; Maria Amelia Coronel Kinloch, Ministra de Gobernaci\u00f3n; y Luis Ca\u00f1as Novoa, viceministro y secretario pol\u00edtico del Ministerio del Interior; Gustavo Porras, presidente de la Asamblea Nacional; Horacio Rocha, Ministro asesor para asuntos de seguridad de la Presidencia de Nicaragua; Alba Luz Ramos, magistrada presidenta de la Corte Suprema de Justicia; Marvin Aguilar, magistrado de la Corte Suprema; Francisco D\u00edaz, Director General de la Polic\u00eda Nacimiento; y N\u00e9stor Moncada Lau, asesor de seguridad e inteligencia. El Grupo recomend\u00f3 a los Estados reforzar sanciones contra instituciones y personas identificadas por su involucramiento en los cr\u00edmenes.<\/p>\n<p dir=\"ltr\">Asimismo, un grupo de parlamentarios brit\u00e1nicos, tras su reciente investigaci\u00f3n <a href=\"https:\/\/static1.squarespace.com\/static\/65bb7bc6ca858f2fff65eabe\/t\/660d44e6d9cad30542c26a2c\/1712145642340\/Nicaragua+Inquiry+report+3+April+2024+%281%29.pdf\" data-cke-saved-href=\"https:\/\/static1.squarespace.com\/static\/65bb7bc6ca858f2fff65eabe\/t\/660d44e6d9cad30542c26a2c\/1712145642340\/Nicaragua+Inquiry+report+3+April+2024+%281%29.pdf\">\u201cThe Nicaraguan Inquiry: The Silencing of Democracy in Nicaragua\u201d<\/a>, sugirieron a los Estados <strong>acudir a la CIJ para demandar a la dictadura por las violaciones a los convenios para prevenir la tortura y la apatridia, y aplicar los mecanismos de justicia universal<\/strong> para <a href=\"https:\/\/confidencial.digital\/nacion\/expertos-onu-enjuiciar-a-ortega-murillo-y-cadena-de-mando-de-la-persecucion-politica\/\" data-cke-saved-href=\"https:\/\/confidencial.digital\/nacion\/expertos-onu-enjuiciar-a-ortega-murillo-y-cadena-de-mando-de-la-persecucion-politica\/\">investigar las responsabilidades penales individuales<\/a> de los perpetradores de delitos de lesa humanidad.<\/p>\n<p>\u201cEste a\u00f1o la justicia debe ser una prioridad en las agendas de los Estados aliados del pueblo nicarag\u00fcense. <strong>Desde Raza e Igualdad continuamos acompa\u00f1ando a v\u00edctimas a denunciar ante Naciones Unidas y el Sistema Interamericano de Derechos Humanos<\/strong>, y proveyendo informaci\u00f3n al Grupo de Expertos para sus investigaciones. A las v\u00edctimas les reafirmamos que estamos aqu\u00ed para escucharles y dar eco a\u00a0 sus clamores. A la comunidad internacional y Estados les decimos: aqu\u00ed tienen una organizaci\u00f3n aliada, ponemos nuestros esfuerzos a la orden. <strong>\u00a1Justicia para Nicaragua! <\/strong>\u201d Carlos Quesada, Director Ejecutivo de Raza e Igualdad.<\/p>\n<p dir=\"ltr\"><strong>Campa\u00f1a<\/strong><\/p>\n<p dir=\"ltr\">Este abril, Raza e Igualdad te invita a seguir nuestras actividades a trav\u00e9s de nuestras cuentas de <a href=\"https:\/\/twitter.com\/raceandequality\" target=\"_blank\" rel=\"noopener\" data-cke-saved-href=\"https:\/\/twitter.com\/raceandequality\">X<\/a>, <a href=\"https:\/\/www.facebook.com\/raceandequality\" target=\"_blank\" rel=\"noopener\" data-cke-saved-href=\"https:\/\/www.facebook.com\/raceandequality\">Facebook<\/a> e <a href=\"https:\/\/raceandequality.org\/481\" data-cke-saved-href=\"https:\/\/raceandequality.org\/481\">Instagram<\/a> y el <a href=\"https:\/\/raceandequality.org\/373\" data-cke-saved-href=\"https:\/\/raceandequality.org\/373\">sitio web<\/a>, y a compartir el contenido usando los hashtags #SOSNicaragua y #JusticiaParaNicaragua.<\/p>\n<p dir=\"ltr\"><img decoding=\"async\" class=\"alignnone wp-image-18286 lazyload\" data-src=\"https:\/\/raceandequality.org\/wp-content\/uploads\/2024\/04\/Valla-San-jose-300x139.jpeg\" alt=\"\" width=\"363\" height=\"168\" data-srcset=\"https:\/\/raceandequality.org\/wp-content\/uploads\/2024\/04\/Valla-San-jose-300x139.jpeg 300w, https:\/\/raceandequality.org\/wp-content\/uploads\/2024\/04\/Valla-San-jose-1024x473.jpeg 1024w, https:\/\/raceandequality.org\/wp-content\/uploads\/2024\/04\/Valla-San-jose-768x355.jpeg 768w, https:\/\/raceandequality.org\/wp-content\/uploads\/2024\/04\/Valla-San-jose-1536x709.jpeg 1536w, https:\/\/raceandequality.org\/wp-content\/uploads\/2024\/04\/Valla-San-jose-900x416.jpeg 900w, https:\/\/raceandequality.org\/wp-content\/uploads\/2024\/04\/Valla-San-jose-600x277.jpeg 600w, https:\/\/raceandequality.org\/wp-content\/uploads\/2024\/04\/Valla-San-jose.jpeg 1600w\" data-sizes=\"(max-width: 363px) 100vw, 363px\" src=\"data:image\/svg+xml;base64,PHN2ZyB3aWR0aD0iMSIgaGVpZ2h0PSIxIiB4bWxucz0iaHR0cDovL3d3dy53My5vcmcvMjAwMC9zdmciPjwvc3ZnPg==\" style=\"--smush-placeholder-width: 363px; --smush-placeholder-aspect-ratio: 363\/168;\" \/><\/p>\n<p dir=\"ltr\">Si est\u00e1s en Miami, Florida oen San Jos\u00e9, Costa Rica, te invitamos a\u00a0tomar fotos a nuestras vallas (o billboards) exigiendo libertad y justicia para las personas presas pol\u00edticas nicarag\u00fcenses. S\u00fabelas a tus redes con los hashtags de la campa\u00f1a. \u00a1Etiqu\u00e9tanos!<\/p>\n<p dir=\"ltr\"><strong>Direcci\u00f3n de valla en Costa Rica:<\/strong> Los Yoses, del Automercado 300 mts al oeste, o de KFC 400 mts al este. San Pedro hacia San Jos\u00e9, Costa Rica.<\/p>\n<p dir=\"ltr\"><strong>Direcci\u00f3n de valla en Miami: <\/strong>SW 17 Ave 50.00 ft South of SW 1st Street West Side Facing North<\/p>\n<p><strong><u>Tuitazo #JusticiaParaNicaragua<\/u><\/strong><\/p>\n<p dir=\"ltr\">Este 19 de abril a partir de las 10 de la ma\u00f1ana (hora Centroam\u00e9rica), llamemos a los Estados a unir esfuerzos para que Ortega y Murillo rindan cuentas por los cr\u00edmenes de lesa humanidad cometidos desde el a\u00f1o 2018.<\/p>\n<p dir=\"ltr\">\u00a1Usa\u00a0\u00a0#JusticiaParaNicaragua, y etiqueta a estos Estados aliados de Nicaragua!<\/p>\n","protected":false},"excerpt":{"rendered":"<p>Washington D.C, 18 de abril 2024.&#8211; En el sexto aniversario de la crisis sociopol\u00edtica y de derechos humanos en Nicaragua, el Instituto sobre Raza, Igualdad y Derechos Humanos (Raza e [&hellip;]<\/p>\n","protected":false},"author":11,"featured_media":18280,"parent":0,"menu_order":0,"template":"","format":"standard","categories":[],"resources_country":[1199],"resources_language":[],"resources_audience":[],"resources_format":[],"resources_topic":[1097],"resources_year":[],"class_list":["post-18279","resources","type-resources","status-publish","format-standard","has-post-thumbnail","hentry","resources_country-nicaragua-es","resources_topic-derechos-humanos"],"acf":[],"aioseo_notices":[],"_links":{"self":[{"href":"https:\/\/raceandequality.org\/es\/wp-json\/wp\/v2\/resources\/18279","targetHints":{"allow":["GET"]}}],"collection":[{"href":"https:\/\/raceandequality.org\/es\/wp-json\/wp\/v2\/resources"}],"about":[{"href":"https:\/\/raceandequality.org\/es\/wp-json\/wp\/v2\/types\/resources"}],"author":[{"embeddable":true,"href":"https:\/\/raceandequality.org\/es\/wp-json\/wp\/v2\/users\/11"}],"wp:featuredmedia":[{"embeddable":true,"href":"https:\/\/raceandequality.org\/es\/wp-json\/wp\/v2\/media\/18280"}],"wp:attachment":[{"href":"https:\/\/raceandequality.org\/es\/wp-json\/wp\/v2\/media?parent=18279"}],"wp:term":[{"taxonomy":"category","embeddable":true,"href":"https:\/\/raceandequality.org\/es\/wp-json\/wp\/v2\/categories?post=18279"},{"taxonomy":"resources_country","embeddable":true,"href":"https:\/\/raceandequality.org\/es\/wp-json\/wp\/v2\/resources_country?post=18279"},{"taxonomy":"resources_language","embeddable":true,"href":"https:\/\/raceandequality.org\/es\/wp-json\/wp\/v2\/resources_language?post=18279"},{"taxonomy":"resources_audience","embeddable":true,"href":"https:\/\/raceandequality.org\/es\/wp-json\/wp\/v2\/resources_audience?post=18279"},{"taxonomy":"resources_format","embeddable":true,"href":"https:\/\/raceandequality.org\/es\/wp-json\/wp\/v2\/resources_format?post=18279"},{"taxonomy":"resources_topic","embeddable":true,"href":"https:\/\/raceandequality.org\/es\/wp-json\/wp\/v2\/resources_topic?post=18279"},{"taxonomy":"resources_year","embeddable":true,"href":"https:\/\/raceandequality.org\/es\/wp-json\/wp\/v2\/resources_year?post=18279"}],"curies":[{"name":"wp","href":"https:\/\/api.w.org\/{rel}","templated":true}]}}

Seis años de crímenes de lesa humanidad en Nicaragua: ¡La justicia no debe demorar más!

<p dir="ltr"><strong>Washington D.C, 18 de abril 2024.</strong>&#8211; En el sexto aniversario de la crisis sociopolítica y de derechos humanos en Nicaragua, el <a href="https://raceandequality.org/es" target="_blank" rel="noopener" data-cke-saved-href="https://raceandequality.org/es">Instituto sobre Raza, Igualdad y Derechos Humanos</a> (Raza e Igualdad) <strong>insta a la solidaridad internacional con las víctimas directas de la represión y sus familiares</strong>, quienes merecen verdad, justicia, reparación y garantías de no repetición. <strong>Raza e Igualdad llama urgentemente a los países aliados del pueblo nicaragüense</strong> <strong>a aplicar los mecanismos de justicia universal para investigar las responsabilidades penales individuales del dictador Daniel Ortega</strong>, la Vicepresidenta Rosario Murillo y otros altos funcionarios perpetradores de crímenes de lesa humanidad, así como a demandar a Nicaragua ante la Corte Internacional de Justicia de La Haya.</p>
<p dir="ltr">“En esta fecha no podemos dejar de pensar en las madres de abril, las y los familiares de las personas presas políticas y el resto del pueblo nicaragüense que tiene seis años clamando paz.  La paz solo puede llegar con verdad, justicia, reparación y garantías de no repetición para las víctimas de estos crímenes atroces. Entre más tiempo pase, más difícil será reconstruir a la Nicaragua, Nicaragüita; por eso, países amigos del pueblo nicaragüense: <strong>¡La justicia no debe demorar más, actuemos, busquemos mecanismos para la rendición de cuentas!</strong>”, instó Carlos Quesada, Director Ejecutivo de Raza e Igualdad.</p>
<p dir="ltr"><strong>Las atrocidades cometidas por el régimen dictatorial de Ortega y Murillo han dejado miles de víctimas</strong>: Al menos 355 personas asesinadas y más de 2000 personas manifestantes heridas por agentes estatales o paraestatales en el contexto de las protestas del año 2018; 317 personas arbitrariamente despojadas de su  nacionalidad y derechos ciudadanos, 200 periodistas exiliados; más de 240 personas desterradas, incluyendo religiosos católicos; aproximadamente 6.5% de la población en el exilio, en búsqueda de asilo o refugio; más de 3625 organizaciones de sociedad civil canceladas; y 121 personas privadas de libertad por motivos políticos, entre las cuales se encuentran mujeres, personas adultas mayores, artistas, liderazgos políticos y guardabosques indígenas.</p>
<p dir="ltr">“Ortega y Murillo, con sus cómplices intelectuales y autores directos, han logrado sembrar terror más allá de las fronteras de Nicaragua con la aplicación de la apatridia; sin embargo, vemos madres de víctimas letales, defensoras y defensores de derechos humanos, periodistas venciendo la censura, monitoreando y haciendo incidencia pese a los riesgos y las represalias. <strong>¡Su resiliencia es impresionante, no les dejemos solos y solas en la lucha!</strong>”, dijo Christina Fetterhoff, Directora de Programas de Raza e Igualdad.</p>
<p dir="ltr">En el segundo informe del Grupo de Expertos en Derechos Humanos sobre Nicaragua <a href="https://raceandequality.org/es/resources/regimen-de-nicaragua-comete-crimenes-de-lesa-humanidad-la-comunidad-internacional-debe-colaborar-en-investigaciones-judiciales/" target="_blank" rel="noopener" data-cke-saved-href="https://raceandequality.org/es/resources/regimen-de-nicaragua-comete-crimenes-de-lesa-humanidad-la-comunidad-internacional-debe-colaborar-en-investigaciones-judiciales/">se identificaron a <strong>altos funcionarios del Estado como perpetradores de crímenes de lesa humanidad</strong>.</a> Entre estos figuran: Fidel Moreno; Secretario Público (FSLN), Alcaldía de Managua; Ana Julia Guido, fiscal general de la República; Maria Amelia Coronel Kinloch, Ministra de Gobernación; y Luis Cañas Novoa, viceministro y secretario político del Ministerio del Interior; Gustavo Porras, presidente de la Asamblea Nacional; Horacio Rocha, Ministro asesor para asuntos de seguridad de la Presidencia de Nicaragua; Alba Luz Ramos, magistrada presidenta de la Corte Suprema de Justicia; Marvin Aguilar, magistrado de la Corte Suprema; Francisco Díaz, Director General de la Policía Nacimiento; y Néstor Moncada Lau, asesor de seguridad e inteligencia. El Grupo recomendó a los Estados reforzar sanciones contra instituciones y personas identificadas por su involucramiento en los crímenes.</p>
<p dir="ltr">Asimismo, un grupo de parlamentarios británicos, tras su reciente investigación <a href="https://static1.squarespace.com/static/65bb7bc6ca858f2fff65eabe/t/660d44e6d9cad30542c26a2c/1712145642340/Nicaragua+Inquiry+report+3+April+2024+%281%29.pdf" data-cke-saved-href="https://static1.squarespace.com/static/65bb7bc6ca858f2fff65eabe/t/660d44e6d9cad30542c26a2c/1712145642340/Nicaragua+Inquiry+report+3+April+2024+%281%29.pdf">“The Nicaraguan Inquiry: The Silencing of Democracy in Nicaragua”</a>, sugirieron a los Estados <strong>acudir a la CIJ para demandar a la dictadura por las violaciones a los convenios para prevenir la tortura y la apatridia, y aplicar los mecanismos de justicia universal</strong> para <a href="https://confidencial.digital/nacion/expertos-onu-enjuiciar-a-ortega-murillo-y-cadena-de-mando-de-la-persecucion-politica/" data-cke-saved-href="https://confidencial.digital/nacion/expertos-onu-enjuiciar-a-ortega-murillo-y-cadena-de-mando-de-la-persecucion-politica/">investigar las responsabilidades penales individuales</a> de los perpetradores de delitos de lesa humanidad.</p>
<p>“Este año la justicia debe ser una prioridad en las agendas de los Estados aliados del pueblo nicaragüense. <strong>Desde Raza e Igualdad continuamos acompañando a víctimas a denunciar ante Naciones Unidas y el Sistema Interamericano de Derechos Humanos</strong>, y proveyendo información al Grupo de Expertos para sus investigaciones. A las víctimas les reafirmamos que estamos aquí para escucharles y dar eco a  sus clamores. A la comunidad internacional y Estados les decimos: aquí tienen una organización aliada, ponemos nuestros esfuerzos a la orden. <strong>¡Justicia para Nicaragua! </strong>” Carlos Quesada, Director Ejecutivo de Raza e Igualdad.</p>
<p dir="ltr"><strong>Campaña</strong></p>
<p dir="ltr">Este abril, Raza e Igualdad te invita a seguir nuestras actividades a través de nuestras cuentas de <a href="https://twitter.com/raceandequality" target="_blank" rel="noopener" data-cke-saved-href="https://twitter.com/raceandequality">X</a>, <a href="https://www.facebook.com/raceandequality" target="_blank" rel="noopener" data-cke-saved-href="https://www.facebook.com/raceandequality">Facebook</a> e <a href="https://raceandequality.org/481" data-cke-saved-href="https://raceandequality.org/481">Instagram</a> y el <a href="https://raceandequality.org/373" data-cke-saved-href="https://raceandequality.org/373">sitio web</a>, y a compartir el contenido usando los hashtags #SOSNicaragua y #JusticiaParaNicaragua.</p>
<p dir="ltr"><img decoding="async" class="alignnone wp-image-18286 lazyload" data-src="https://raceandequality.org/wp-content/uploads/2024/04/Valla-San-jose-300x139.jpeg" alt="" width="363" height="168" data-srcset="https://raceandequality.org/wp-content/uploads/2024/04/Valla-San-jose-300x139.jpeg 300w, https://raceandequality.org/wp-content/uploads/2024/04/Valla-San-jose-1024x473.jpeg 1024w, https://raceandequality.org/wp-content/uploads/2024/04/Valla-San-jose-768x355.jpeg 768w, https://raceandequality.org/wp-content/uploads/2024/04/Valla-San-jose-1536x709.jpeg 1536w, https://raceandequality.org/wp-content/uploads/2024/04/Valla-San-jose-900x416.jpeg 900w, https://raceandequality.org/wp-content/uploads/2024/04/Valla-San-jose-600x277.jpeg 600w, https://raceandequality.org/wp-content/uploads/2024/04/Valla-San-jose.jpeg 1600w" data-sizes="(max-width: 363px) 100vw, 363px" src="data:image/svg+xml;base64,PHN2ZyB3aWR0aD0iMSIgaGVpZ2h0PSIxIiB4bWxucz0iaHR0cDovL3d3dy53My5vcmcvMjAwMC9zdmciPjwvc3ZnPg==" style="--smush-placeholder-width: 363px; --smush-placeholder-aspect-ratio: 363/168;" /></p>
<p dir="ltr">Si estás en Miami, Florida oen San José, Costa Rica, te invitamos a tomar fotos a nuestras vallas (o billboards) exigiendo libertad y justicia para las personas presas políticas nicaragüenses. Súbelas a tus redes con los hashtags de la campaña. ¡Etiquétanos!</p>
<p dir="ltr"><strong>Dirección de valla en Costa Rica:</strong> Los Yoses, del Automercado 300 mts al oeste, o de KFC 400 mts al este. San Pedro hacia San José, Costa Rica.</p>
<p dir="ltr"><strong>Dirección de valla en Miami: </strong>SW 17 Ave 50.00 ft South of SW 1st Street West Side Facing North</p>
<p><strong><u>Tuitazo #JusticiaParaNicaragua</u></strong></p>
<p dir="ltr">Este 19 de abril a partir de las 10 de la mañana (hora Centroamérica), llamemos a los Estados a unir esfuerzos para que Ortega y Murillo rindan cuentas por los crímenes de lesa humanidad cometidos desde el año 2018.</p>
<p dir="ltr">¡Usa  #JusticiaParaNicaragua, y etiqueta a estos Estados aliados de Nicaragua!</p>

<p>Washington D.C, 18 de abril 2024.&#8211; En el sexto aniversario de la crisis sociopolítica y de derechos humanos en Nicaragua, el Instituto sobre Raza, Igualdad y Derechos Humanos (Raza e [&hellip;]</p>
