{"id":18357,"date":"2024-05-17T12:35:38","date_gmt":"2024-05-17T12:35:38","guid":{"rendered":"https:\/\/raceandequality.org\/?post_type=resources&#038;p=18357"},"modified":"2024-05-17T12:35:38","modified_gmt":"2024-05-17T12:35:38","slug":"idahobit-celebrando-los-ultimos-avances-de-la-lucha-de-las-personas-lgbti","status":"publish","type":"resources","link":"https:\/\/raceandequality.org\/es\/resources\/idahobit-celebrando-los-ultimos-avances-de-la-lucha-de-las-personas-lgbti\/","title":{"rendered":"IDAHOBIT: Celebrando los \u00faltimos avances de la lucha de las personas LGBTI+"},"content":{"rendered":"<p><strong>Washington D.C., 17 de mayo de 2024<\/strong> -. \u201cNadie se queda atr\u00e1s: igualdad, libertad y justicia para todes\u201d es el lema global para este 17 de mayo, D\u00eda Internacional contra la Homofobia, Transfobia y Bifobia + (IDAHOBIT por sus siglas en ingl\u00e9s). Hoy conmemoramos la fecha en que la Organizaci\u00f3n Mundial de la Salud (OMS) elimin\u00f3 a la homosexualidad de la lista de patolog\u00edas mentales del Manual de Clasificaci\u00f3n Internacional de Enfermedades (CIE) y recordamos que no hay democracia sin la inclusi\u00f3n de las personas LGBTI+.<\/p>\n<p>Exaltar que <strong>nadie debe quedarse atr\u00e1s<\/strong> implica reflexionar sobre cu\u00e1ntas veces las personas LGBTI+ han sido excluidas de espacios p\u00fablicos y privados debido a su orientaci\u00f3n sexual, expresi\u00f3n de g\u00e9nero e identidad de g\u00e9nero; significa, por eso mismo, pensar en una inclusi\u00f3n real donde no haya lugar para el odio y el rechazo ya que matan, matan arrinconando hacia la marginalizaci\u00f3n, matan con el bullying y el suicidio, matan violentando sus cuerpos y torturando sus mentes, y matan asesin\u00e1ndoles.<\/p>\n<p>Por ello, este d\u00eda nos compromete a la tarea de erradicar la LGBTI+fobia en todas sus manifestaciones y de cualquier \u00e1mbito de la sociedad. \u00a0Desde el Instituto sobre Raza, Igualdad y Derechos Humanos (Raza e Igualdad), apostamos por ello y creemos que en ese esfuerzo es importante el reconocimiento de cada logro conseguido con la fuerza y ardua incidencia de las organizaciones LGBTI+ contra el odio y a favor de los derechos humanos.<\/p>\n<p><strong>Cifras que visibilizan<\/strong><\/p>\n<p>En Nicaragua, por ejemplo, existe del Observatorio de Violaciones a Derechos Humanos de Personas LGTBIQ+, la \u00fanica plataforma de denuncia social en el pa\u00eds creada por la organizaci\u00f3n feminista <a href=\"https:\/\/lacorrientenicaragua.org\/sobre-la-corriente-2\/\">La Corriente<\/a> desde hace m\u00e1s de dos d\u00e9cadas. Pese al cierre total del espacio c\u00edvico y del contexto de censura impuesto por el r\u00e9gimen Ortega-Murillo, la vigencia del Observatorio es una demostraci\u00f3n del rechazo a la violencia y otras formas de discriminaci\u00f3n por parte de sociedad.<\/p>\n<p>Una situaci\u00f3n similar es la de Cuba cuyo logro m\u00e1s reciente a trav\u00e9s del refer\u00e9ndum ha sido la aprobaci\u00f3n del C\u00f3digo de Las Familias, donde las parejas del mismo sexo pueden casarse y adoptar. Sin embargo, en este pa\u00eds no hay una\u00a0<a href=\"https:\/\/www.14ymedio.com\/cuba\/lgbti-parlamento-integral-identidad-genero_1_1090805.html\">Ley de identidad de g\u00e9nero<\/a> ni registros oficiales que aborden estas violencias que sufren a diario esta poblaci\u00f3n.<\/p>\n<p><strong>Voces firmes ante el avasallamiento<\/strong><\/p>\n<p>En Per\u00fa, hace poco, las organizaciones LGBTI+ y de derechos humanos se pronunciaron firme y masivamente contra un <a href=\"https:\/\/busquedas.elperuano.pe\/dispositivo\/NL\/2287398-1\">Decreto Supremo<\/a> del Ministerio de Salud que modifica el Plan Esencial de Aseguramiento en Salud (PEAS), donde aplica la obsoleta CIE-10 e incorpora al travestismo, la identidad de g\u00e9nero y a la orientaci\u00f3n sexual egodist\u00f3nica como trastornos mentales para poder acceder a procedimientos m\u00e9dicos y sanitarios a trav\u00e9s del seguro de salud. Ante la reacci\u00f3n colectiva de la sociedad civil, el Ministerio de Salud emiti\u00f3 un <a href=\"https:\/\/twitter.com\/Minsa_Peru\/status\/1789483382822309904\">comunicado<\/a> se\u00f1alando que la implementaci\u00f3n de la CIE-11 se encuentra en proceso y afirmando su posici\u00f3n de que la identidad de g\u00e9nero y la orientaci\u00f3n sexual no constitu\u00edan enfermedades. Otro ejemplo inspirador de persistencia es el hecho de que el caso \u201cTengo Dos Mam\u00e1s\u201d lleg\u00f3 a la Comisi\u00f3n Interamericana de Derechos Humanos (CIDH) y est\u00e1n a la espera del pronunciamiento sobre admisibilidad del caso que busca el reconocimiento de las familias lesboparentales en el pa\u00eds.<\/p>\n<p><strong>Construyendo un marco legal contra la discriminaci\u00f3n<\/strong><\/p>\n<p>En Brasil, adem\u00e1s de la creaci\u00f3n de la Secretar\u00eda Nacional para la Promoci\u00f3n y Defensa de los Derechos de las Personas LGBTQIA+ en 2023, hubo 21 proyectos de ley pro-LGBTQIA+ presentados en el Congreso Nacional, entre los cuales estaba la prohibici\u00f3n de las mal llamadas \u201cterapias de conversi\u00f3n sexual\u201d, la reserva de plazas para personas trans y travestis en universidades federales, la tipificaci\u00f3n del delito de violencia pol\u00edtica contra parlamentarios LGBTI+, entre otros. Ese mismo a\u00f1o, el Tribunal Supremo Federal reconoci\u00f3 que los delitos de homofobia y transfobia deber\u00edan equipararse a insultos raciales.<\/p>\n<p><strong>Un alto a los discursos y pr\u00e1cticas de odio<\/strong><\/p>\n<p>Por otro lado, en Colombia la Corte Constitucional de Colombia realiz\u00f3 dos importantes avances jurisprudenciales sobre los derechos de las personas LGBTI+. En primer lugar, la sentencia T-061 de 2024 declara la violaci\u00f3n de los derechos fundamentales de personas LGBTI+ y manda a rectificar al influencer Luis Villa Westcol por la publicaci\u00f3n de contenidos que promueven discursos de odio. Para el alto tribunal, la publicaci\u00f3n excedi\u00f3 los l\u00edmites de la libertad de expresi\u00f3n e incit\u00f3 el odio contra las personas LGBTI+. En segundo lugar, la Corte Constitucional, mediante sentencia T-033 de 2024, declar\u00f3 la violaci\u00f3n de los derechos fundamentales de dos madres que fueron interrogadas por un m\u00e9dico de la Cl\u00ednica Noel porque, seg\u00fan \u00e9l, s\u00f3lo la madre biol\u00f3gica pod\u00eda ser considerada la \u00abreal\u00bb madre. Esta instancia orden\u00f3 a la cl\u00ednica pedir disculpas y reconocer el derecho de la pareja a la igualdad, rechazando la discriminaci\u00f3n por orientaci\u00f3n sexual.<\/p>\n<p>Si bien falta mucho por avanzar y actualmente estamos viendo movimiento anti democr\u00e1ticos que tiene como blanco de ataque al movimiento LGBTI+, estos avances demuestran la resilencia del movimiento LGBTI+. Demuestran que avanzar es posible inclusive en contextos adversos como Nicaragua y Cuba y que la inclusi\u00f3n LGBTI+ es fundamental para garantizar nuestra democracia. Es necesario salir del papel y que el avance sea social y cale en la consciencia de la gente a fin de un cambio duradero y transformador. Los Estados y sociedad en general debemos comprometernos a tomar acci\u00f3n contra la discriminaci\u00f3n y violencia en todas las esferas de la sociedad. Por ello, Raza e Igualdad recomienda a los Estados, en l\u00ednea con los est\u00e1ndares internacionales de derechos humanos:<\/p>\n<ol>\n<li>Derogar las leyes que penalizan las relaciones sexuales consentidas entre adultos del mismo sexo y asegurar con marcos legales el respeto por la diversidad sexual y de g\u00e9nero.<\/li>\n<li>Elaborar normas y leyes que garanticen la igualdad y no discriminaci\u00f3n en los espacios p\u00fablicos y privados.<\/li>\n<li>Sancionar los delitos de odio cometidos contra personas LGBTI+ y elaborar protocolos de atenci\u00f3n para su correcta investigaci\u00f3n. Asimismo, establecer, cumplir y monitorear las medidas de reparaci\u00f3n correspondientes.<\/li>\n<li>Reconocer la identidad de g\u00e9nero de las personas trans y de g\u00e9nero diverso a fin de que puedan obtener documentos de identidad que les representen, as\u00ed como acceder y ejercer sus derechos b\u00e1sicos.<\/li>\n<li>Poner en marcha programas de capacitaci\u00f3n y sensibilizaci\u00f3n sobre derechos humanos, diversidad sexual y de g\u00e9nero para agentes de la polic\u00eda, personal de salud, de establecimientos penitenciarios, docentes, trabajadores y funcionarios p\u00fablicos en general a fin de que cumplan sus funciones sin humillar, maltratar, discriminar o violentar a personas LGBTI+.<\/li>\n<\/ol>\n","protected":false},"excerpt":{"rendered":"<p>Washington D.C., 17 de mayo de 2024 -. \u201cNadie se queda atr\u00e1s: igualdad, libertad y justicia para todes\u201d es el lema global para este 17 de mayo, D\u00eda Internacional contra [&hellip;]<\/p>\n","protected":false},"author":13,"featured_media":18364,"parent":0,"menu_order":0,"template":"","format":"standard","categories":[],"resources_country":[],"resources_language":[],"resources_audience":[],"resources_format":[],"resources_topic":[1104],"resources_year":[],"class_list":["post-18357","resources","type-resources","status-publish","format-standard","has-post-thumbnail","hentry","resources_topic-lgbti-es"],"acf":[],"aioseo_notices":[],"_links":{"self":[{"href":"https:\/\/raceandequality.org\/es\/wp-json\/wp\/v2\/resources\/18357","targetHints":{"allow":["GET"]}}],"collection":[{"href":"https:\/\/raceandequality.org\/es\/wp-json\/wp\/v2\/resources"}],"about":[{"href":"https:\/\/raceandequality.org\/es\/wp-json\/wp\/v2\/types\/resources"}],"author":[{"embeddable":true,"href":"https:\/\/raceandequality.org\/es\/wp-json\/wp\/v2\/users\/13"}],"wp:featuredmedia":[{"embeddable":true,"href":"https:\/\/raceandequality.org\/es\/wp-json\/wp\/v2\/media\/18364"}],"wp:attachment":[{"href":"https:\/\/raceandequality.org\/es\/wp-json\/wp\/v2\/media?parent=18357"}],"wp:term":[{"taxonomy":"category","embeddable":true,"href":"https:\/\/raceandequality.org\/es\/wp-json\/wp\/v2\/categories?post=18357"},{"taxonomy":"resources_country","embeddable":true,"href":"https:\/\/raceandequality.org\/es\/wp-json\/wp\/v2\/resources_country?post=18357"},{"taxonomy":"resources_language","embeddable":true,"href":"https:\/\/raceandequality.org\/es\/wp-json\/wp\/v2\/resources_language?post=18357"},{"taxonomy":"resources_audience","embeddable":true,"href":"https:\/\/raceandequality.org\/es\/wp-json\/wp\/v2\/resources_audience?post=18357"},{"taxonomy":"resources_format","embeddable":true,"href":"https:\/\/raceandequality.org\/es\/wp-json\/wp\/v2\/resources_format?post=18357"},{"taxonomy":"resources_topic","embeddable":true,"href":"https:\/\/raceandequality.org\/es\/wp-json\/wp\/v2\/resources_topic?post=18357"},{"taxonomy":"resources_year","embeddable":true,"href":"https:\/\/raceandequality.org\/es\/wp-json\/wp\/v2\/resources_year?post=18357"}],"curies":[{"name":"wp","href":"https:\/\/api.w.org\/{rel}","templated":true}]}}

IDAHOBIT: Celebrando los últimos avances de la lucha de las personas LGBTI+

<p><strong>Washington D.C., 17 de mayo de 2024</strong> -. “Nadie se queda atrás: igualdad, libertad y justicia para todes” es el lema global para este 17 de mayo, Día Internacional contra la Homofobia, Transfobia y Bifobia + (IDAHOBIT por sus siglas en inglés). Hoy conmemoramos la fecha en que la Organización Mundial de la Salud (OMS) eliminó a la homosexualidad de la lista de patologías mentales del Manual de Clasificación Internacional de Enfermedades (CIE) y recordamos que no hay democracia sin la inclusión de las personas LGBTI+.</p>
<p>Exaltar que <strong>nadie debe quedarse atrás</strong> implica reflexionar sobre cuántas veces las personas LGBTI+ han sido excluidas de espacios públicos y privados debido a su orientación sexual, expresión de género e identidad de género; significa, por eso mismo, pensar en una inclusión real donde no haya lugar para el odio y el rechazo ya que matan, matan arrinconando hacia la marginalización, matan con el bullying y el suicidio, matan violentando sus cuerpos y torturando sus mentes, y matan asesinándoles.</p>
<p>Por ello, este día nos compromete a la tarea de erradicar la LGBTI+fobia en todas sus manifestaciones y de cualquier ámbito de la sociedad.  Desde el Instituto sobre Raza, Igualdad y Derechos Humanos (Raza e Igualdad), apostamos por ello y creemos que en ese esfuerzo es importante el reconocimiento de cada logro conseguido con la fuerza y ardua incidencia de las organizaciones LGBTI+ contra el odio y a favor de los derechos humanos.</p>
<p><strong>Cifras que visibilizan</strong></p>
<p>En Nicaragua, por ejemplo, existe del Observatorio de Violaciones a Derechos Humanos de Personas LGTBIQ+, la única plataforma de denuncia social en el país creada por la organización feminista <a href="https://lacorrientenicaragua.org/sobre-la-corriente-2/">La Corriente</a> desde hace más de dos décadas. Pese al cierre total del espacio cívico y del contexto de censura impuesto por el régimen Ortega-Murillo, la vigencia del Observatorio es una demostración del rechazo a la violencia y otras formas de discriminación por parte de sociedad.</p>
<p>Una situación similar es la de Cuba cuyo logro más reciente a través del referéndum ha sido la aprobación del Código de Las Familias, donde las parejas del mismo sexo pueden casarse y adoptar. Sin embargo, en este país no hay una <a href="https://www.14ymedio.com/cuba/lgbti-parlamento-integral-identidad-genero_1_1090805.html">Ley de identidad de género</a> ni registros oficiales que aborden estas violencias que sufren a diario esta población.</p>
<p><strong>Voces firmes ante el avasallamiento</strong></p>
<p>En Perú, hace poco, las organizaciones LGBTI+ y de derechos humanos se pronunciaron firme y masivamente contra un <a href="https://busquedas.elperuano.pe/dispositivo/NL/2287398-1">Decreto Supremo</a> del Ministerio de Salud que modifica el Plan Esencial de Aseguramiento en Salud (PEAS), donde aplica la obsoleta CIE-10 e incorpora al travestismo, la identidad de género y a la orientación sexual egodistónica como trastornos mentales para poder acceder a procedimientos médicos y sanitarios a través del seguro de salud. Ante la reacción colectiva de la sociedad civil, el Ministerio de Salud emitió un <a href="https://twitter.com/Minsa_Peru/status/1789483382822309904">comunicado</a> señalando que la implementación de la CIE-11 se encuentra en proceso y afirmando su posición de que la identidad de género y la orientación sexual no constituían enfermedades. Otro ejemplo inspirador de persistencia es el hecho de que el caso “Tengo Dos Mamás” llegó a la Comisión Interamericana de Derechos Humanos (CIDH) y están a la espera del pronunciamiento sobre admisibilidad del caso que busca el reconocimiento de las familias lesboparentales en el país.</p>
<p><strong>Construyendo un marco legal contra la discriminación</strong></p>
<p>En Brasil, además de la creación de la Secretaría Nacional para la Promoción y Defensa de los Derechos de las Personas LGBTQIA+ en 2023, hubo 21 proyectos de ley pro-LGBTQIA+ presentados en el Congreso Nacional, entre los cuales estaba la prohibición de las mal llamadas “terapias de conversión sexual”, la reserva de plazas para personas trans y travestis en universidades federales, la tipificación del delito de violencia política contra parlamentarios LGBTI+, entre otros. Ese mismo año, el Tribunal Supremo Federal reconoció que los delitos de homofobia y transfobia deberían equipararse a insultos raciales.</p>
<p><strong>Un alto a los discursos y prácticas de odio</strong></p>
<p>Por otro lado, en Colombia la Corte Constitucional de Colombia realizó dos importantes avances jurisprudenciales sobre los derechos de las personas LGBTI+. En primer lugar, la sentencia T-061 de 2024 declara la violación de los derechos fundamentales de personas LGBTI+ y manda a rectificar al influencer Luis Villa Westcol por la publicación de contenidos que promueven discursos de odio. Para el alto tribunal, la publicación excedió los límites de la libertad de expresión e incitó el odio contra las personas LGBTI+. En segundo lugar, la Corte Constitucional, mediante sentencia T-033 de 2024, declaró la violación de los derechos fundamentales de dos madres que fueron interrogadas por un médico de la Clínica Noel porque, según él, sólo la madre biológica podía ser considerada la «real» madre. Esta instancia ordenó a la clínica pedir disculpas y reconocer el derecho de la pareja a la igualdad, rechazando la discriminación por orientación sexual.</p>
<p>Si bien falta mucho por avanzar y actualmente estamos viendo movimiento anti democráticos que tiene como blanco de ataque al movimiento LGBTI+, estos avances demuestran la resilencia del movimiento LGBTI+. Demuestran que avanzar es posible inclusive en contextos adversos como Nicaragua y Cuba y que la inclusión LGBTI+ es fundamental para garantizar nuestra democracia. Es necesario salir del papel y que el avance sea social y cale en la consciencia de la gente a fin de un cambio duradero y transformador. Los Estados y sociedad en general debemos comprometernos a tomar acción contra la discriminación y violencia en todas las esferas de la sociedad. Por ello, Raza e Igualdad recomienda a los Estados, en línea con los estándares internacionales de derechos humanos:</p>
<ol>
<li>Derogar las leyes que penalizan las relaciones sexuales consentidas entre adultos del mismo sexo y asegurar con marcos legales el respeto por la diversidad sexual y de género.</li>
<li>Elaborar normas y leyes que garanticen la igualdad y no discriminación en los espacios públicos y privados.</li>
<li>Sancionar los delitos de odio cometidos contra personas LGBTI+ y elaborar protocolos de atención para su correcta investigación. Asimismo, establecer, cumplir y monitorear las medidas de reparación correspondientes.</li>
<li>Reconocer la identidad de género de las personas trans y de género diverso a fin de que puedan obtener documentos de identidad que les representen, así como acceder y ejercer sus derechos básicos.</li>
<li>Poner en marcha programas de capacitación y sensibilización sobre derechos humanos, diversidad sexual y de género para agentes de la policía, personal de salud, de establecimientos penitenciarios, docentes, trabajadores y funcionarios públicos en general a fin de que cumplan sus funciones sin humillar, maltratar, discriminar o violentar a personas LGBTI+.</li>
</ol>

<p>Washington D.C., 17 de mayo de 2024 -. “Nadie se queda atrás: igualdad, libertad y justicia para todes” es el lema global para este 17 de mayo, Día Internacional contra [&hellip;]</p>
