{"id":18695,"date":"2024-07-10T10:58:28","date_gmt":"2024-07-10T10:58:28","guid":{"rendered":"https:\/\/raceandequality.org\/?post_type=resources&#038;p=18695"},"modified":"2024-07-10T11:13:57","modified_gmt":"2024-07-10T11:13:57","slug":"a-tres-anos-del-11j-mas-de-600-personas-permanecen-privadas-de-libertad-por-protestar-pacificamente-en-cuba","status":"publish","type":"resources","link":"https:\/\/raceandequality.org\/es\/resources\/a-tres-anos-del-11j-mas-de-600-personas-permanecen-privadas-de-libertad-por-protestar-pacificamente-en-cuba\/","title":{"rendered":"Tres a\u00f1os del 11J: M\u00e1s de 600 personas permanecen privadas de libertad por protestar pac\u00edficamente en Cuba"},"content":{"rendered":"<p><strong>Washington D.C., 10 de julio de 2024<\/strong> \u2013 Las organizaciones firmantes realizan la siguiente declaraci\u00f3n en conmemoraci\u00f3n del tercer aniversario de las manifestaciones realizadas el 11 de julio de 2021 (11J -en adelante) y los d\u00edas siguientes en Cuba, y demandan al Estado cubano el respeto, protecci\u00f3n y garant\u00eda de los derechos humanos de todos sus habitantes, sin discriminaci\u00f3n de ning\u00fan tipo.<\/p>\n<p>Las protestas del 11J surgieron como una respuesta de la poblaci\u00f3n a la crisis social, econ\u00f3mica y de derechos en Cuba. Pese a que han transcurrido tres a\u00f1os de estas hist\u00f3ricas manifestaciones, la situaci\u00f3n en la isla no ha mejorado, resultando, por el contrario, en el incremento de violaciones de derechos. Tan solo entre enero y febrero de 2024, las organizaciones de la sociedad civil independiente <a href=\"https:\/\/www.oas.org\/es\/CIDH\/jsForm\/?File=\/es\/cidh\/prensa\/comunicados\/2024\/038.asp\">reportaron<\/a> a la Comisi\u00f3n Interamericana de Derechos Humanos (CIDH) \u201ccerca de 300 acciones represivas contra personas activistas y defensoras de derechos humanos, disidentes pol\u00edticos, periodistas, artistas independientes, y familiares de personas privadas de libertad por motivos pol\u00edticos\u201d.<\/p>\n<p>Estos hechos surgen en medio del incremento de restricciones ileg\u00edtimas a la libertad de expresi\u00f3n, de reuni\u00f3n, asociaci\u00f3n y de otros derechos humanos. En palabras de la <a href=\"https:\/\/www.oas.org\/es\/cidh\/docs\/anual\/2023\/capitulos\/IA2023_Cap_4B_Cuba_SPA.PDF\">CIDH<\/a>, en Cuba existe un patr\u00f3n de \u201cviolaciones masivas, graves y sistem\u00e1ticas de derechos humanos\u201d, lo que se corrobora en datos documentados por organizaciones de la sociedad civil independiente como el Observatorio Cubano de Derechos Humanos y <a href=\"https:\/\/cubalex.org\/report\/informe-mensual-sobre-la-situacion-de-los-derechos-humanos-en-cuba-mayo-2024\/\">Cubalex<\/a>.<\/p>\n<p>En este contexto, los y las cubanas contin\u00faan alzando sus voces. De acuerdo con el <a href=\"https:\/\/observatoriocubano.com\/2024\/07\/01\/cuba-671-protestas-en-junio\/\">Observatorio Cubano de Conflictos<\/a>, en junio de 2024 se registraron al menos 671 protestas. A la par, el gobierno cubano contin\u00faa reprimiendo y asediando a quienes deciden manifestarse pac\u00edficamente. La organizaci\u00f3n Justicia 11J ha documentado que m\u00e1s de 650 personas permanecen privadas de libertad por su participaci\u00f3n en diferentes protestas que se han realizado desde julio de 2021. A esto se suma la <a href=\"https:\/\/artistsatriskconnection.org\/story\/metodo-cuba-independent-artists-testimonies-of-forced-exile\">cifra de personas exiliadas<\/a> forzosamente quienes se vieron obligadas a abandonar la isla en b\u00fasqueda de protecci\u00f3n. El <a href=\"https:\/\/publications.iom.int\/books\/world-migration-report-2024\">informe 2024<\/a> sobre Migraci\u00f3n Mundial de la Organizaci\u00f3n Internacional para las Migraciones (OIM) revel\u00f3 que m\u00e1s de 340 mil personas cubanas salieron de su pa\u00eds en 2022, uno de los mayores \u00e9xodos que se hayan registrado en la historia de la Isla.<\/p>\n<p>Los hechos descritos evidencian un panorama preocupante en materia de derechos humanos en Cuba. Los efectos del 11J persisten hasta la actualidad afectando a miles de familias cubanas. Para limitar el ejercicio del derecho a la protesta y la libertad de expresi\u00f3n, se han intensificado las detenciones arbitrarias, las desapariciones forzadas de corta duraci\u00f3n, la vigilancia, las citaciones ilegales y las amenazas, entre otras pr\u00e1cticas sistem\u00e1ticas. Adem\u00e1s, el gobierno cubano ha amenazado con aplicar severas sanciones, e incluso la pena de muerte, a las personas manifestantes. La pol\u00edtica estatal, basada en la represi\u00f3n y el amedrentamiento constante a la poblaci\u00f3n, requiere acciones urgentes para cesar estas violaciones a sus derechos humanos. Por ello, con motivo del tercer aniversario del 11J hacemos un llamado al Estado de Cuba para que respete, proteja y garantice los derechos humanos de todos sus habitantes sin discriminaci\u00f3n de ning\u00fan tipo; adem\u00e1s, exigimos la liberaci\u00f3n de las personas privadas de libertad por ejercer sus derechos civiles y pol\u00edticos.<\/p>\n<p><strong>\u00a0<\/strong><\/p>\n<p>Firmamos,<\/p>\n<ul>\n<li>ARTICLE 19 M\u00e9xico y Centroam\u00e9rica<\/li>\n<li>Artists at Risk Connection (ARC)<\/li>\n<li>Civil Rights Defenders<\/li>\n<li>Centro de Documentaci\u00f3n de Prisiones Cubanas<\/li>\n<li>Cubalex<\/li>\n<li>Instituto sobre Raza, Igualdad y Derechos Humanos (Raza e Igualdad)<\/li>\n<li>Justicia 11J<\/li>\n<li>Mesa de Di\u00e1logo de la Juventud Cubana<\/li>\n<li>PEN Internacional<\/li>\n<li>PEN de Escritores cubanos en el exilio<\/li>\n<\/ul>\n","protected":false},"excerpt":{"rendered":"<p>Diez organizaciones de la sociedad civil independiente hacemos un llamado al Estado de Cuba para que respete, proteja y garantice los derechos humanos de todos sus habitantes sin discriminaci\u00f3n de ning\u00fan tipo; adem\u00e1s, exigimos la liberaci\u00f3n de las personas privadas de libertad por ejercer sus derechos civiles y pol\u00edticos.<\/p>\n","protected":false},"author":12,"featured_media":18696,"parent":0,"menu_order":0,"template":"","format":"standard","categories":[],"resources_country":[1193],"resources_language":[],"resources_audience":[],"resources_format":[],"resources_topic":[1100,1097],"resources_year":[],"class_list":["post-18695","resources","type-resources","status-publish","format-standard","has-post-thumbnail","hentry","resources_country-cuba-es","resources_topic-cidh","resources_topic-derechos-humanos"],"acf":[],"aioseo_notices":[],"_links":{"self":[{"href":"https:\/\/raceandequality.org\/es\/wp-json\/wp\/v2\/resources\/18695","targetHints":{"allow":["GET"]}}],"collection":[{"href":"https:\/\/raceandequality.org\/es\/wp-json\/wp\/v2\/resources"}],"about":[{"href":"https:\/\/raceandequality.org\/es\/wp-json\/wp\/v2\/types\/resources"}],"author":[{"embeddable":true,"href":"https:\/\/raceandequality.org\/es\/wp-json\/wp\/v2\/users\/12"}],"wp:featuredmedia":[{"embeddable":true,"href":"https:\/\/raceandequality.org\/es\/wp-json\/wp\/v2\/media\/18696"}],"wp:attachment":[{"href":"https:\/\/raceandequality.org\/es\/wp-json\/wp\/v2\/media?parent=18695"}],"wp:term":[{"taxonomy":"category","embeddable":true,"href":"https:\/\/raceandequality.org\/es\/wp-json\/wp\/v2\/categories?post=18695"},{"taxonomy":"resources_country","embeddable":true,"href":"https:\/\/raceandequality.org\/es\/wp-json\/wp\/v2\/resources_country?post=18695"},{"taxonomy":"resources_language","embeddable":true,"href":"https:\/\/raceandequality.org\/es\/wp-json\/wp\/v2\/resources_language?post=18695"},{"taxonomy":"resources_audience","embeddable":true,"href":"https:\/\/raceandequality.org\/es\/wp-json\/wp\/v2\/resources_audience?post=18695"},{"taxonomy":"resources_format","embeddable":true,"href":"https:\/\/raceandequality.org\/es\/wp-json\/wp\/v2\/resources_format?post=18695"},{"taxonomy":"resources_topic","embeddable":true,"href":"https:\/\/raceandequality.org\/es\/wp-json\/wp\/v2\/resources_topic?post=18695"},{"taxonomy":"resources_year","embeddable":true,"href":"https:\/\/raceandequality.org\/es\/wp-json\/wp\/v2\/resources_year?post=18695"}],"curies":[{"name":"wp","href":"https:\/\/api.w.org\/{rel}","templated":true}]}}

Tres años del 11J: Más de 600 personas permanecen privadas de libertad por protestar pacíficamente en Cuba

<p><strong>Washington D.C., 10 de julio de 2024</strong> – Las organizaciones firmantes realizan la siguiente declaración en conmemoración del tercer aniversario de las manifestaciones realizadas el 11 de julio de 2021 (11J -en adelante) y los días siguientes en Cuba, y demandan al Estado cubano el respeto, protección y garantía de los derechos humanos de todos sus habitantes, sin discriminación de ningún tipo.</p>
<p>Las protestas del 11J surgieron como una respuesta de la población a la crisis social, económica y de derechos en Cuba. Pese a que han transcurrido tres años de estas históricas manifestaciones, la situación en la isla no ha mejorado, resultando, por el contrario, en el incremento de violaciones de derechos. Tan solo entre enero y febrero de 2024, las organizaciones de la sociedad civil independiente <a href="https://www.oas.org/es/CIDH/jsForm/?File=/es/cidh/prensa/comunicados/2024/038.asp">reportaron</a> a la Comisión Interamericana de Derechos Humanos (CIDH) “cerca de 300 acciones represivas contra personas activistas y defensoras de derechos humanos, disidentes políticos, periodistas, artistas independientes, y familiares de personas privadas de libertad por motivos políticos”.</p>
<p>Estos hechos surgen en medio del incremento de restricciones ilegítimas a la libertad de expresión, de reunión, asociación y de otros derechos humanos. En palabras de la <a href="https://www.oas.org/es/cidh/docs/anual/2023/capitulos/IA2023_Cap_4B_Cuba_SPA.PDF">CIDH</a>, en Cuba existe un patrón de “violaciones masivas, graves y sistemáticas de derechos humanos”, lo que se corrobora en datos documentados por organizaciones de la sociedad civil independiente como el Observatorio Cubano de Derechos Humanos y <a href="https://cubalex.org/report/informe-mensual-sobre-la-situacion-de-los-derechos-humanos-en-cuba-mayo-2024/">Cubalex</a>.</p>
<p>En este contexto, los y las cubanas continúan alzando sus voces. De acuerdo con el <a href="https://observatoriocubano.com/2024/07/01/cuba-671-protestas-en-junio/">Observatorio Cubano de Conflictos</a>, en junio de 2024 se registraron al menos 671 protestas. A la par, el gobierno cubano continúa reprimiendo y asediando a quienes deciden manifestarse pacíficamente. La organización Justicia 11J ha documentado que más de 650 personas permanecen privadas de libertad por su participación en diferentes protestas que se han realizado desde julio de 2021. A esto se suma la <a href="https://artistsatriskconnection.org/story/metodo-cuba-independent-artists-testimonies-of-forced-exile">cifra de personas exiliadas</a> forzosamente quienes se vieron obligadas a abandonar la isla en búsqueda de protección. El <a href="https://publications.iom.int/books/world-migration-report-2024">informe 2024</a> sobre Migración Mundial de la Organización Internacional para las Migraciones (OIM) reveló que más de 340 mil personas cubanas salieron de su país en 2022, uno de los mayores éxodos que se hayan registrado en la historia de la Isla.</p>
<p>Los hechos descritos evidencian un panorama preocupante en materia de derechos humanos en Cuba. Los efectos del 11J persisten hasta la actualidad afectando a miles de familias cubanas. Para limitar el ejercicio del derecho a la protesta y la libertad de expresión, se han intensificado las detenciones arbitrarias, las desapariciones forzadas de corta duración, la vigilancia, las citaciones ilegales y las amenazas, entre otras prácticas sistemáticas. Además, el gobierno cubano ha amenazado con aplicar severas sanciones, e incluso la pena de muerte, a las personas manifestantes. La política estatal, basada en la represión y el amedrentamiento constante a la población, requiere acciones urgentes para cesar estas violaciones a sus derechos humanos. Por ello, con motivo del tercer aniversario del 11J hacemos un llamado al Estado de Cuba para que respete, proteja y garantice los derechos humanos de todos sus habitantes sin discriminación de ningún tipo; además, exigimos la liberación de las personas privadas de libertad por ejercer sus derechos civiles y políticos.</p>
<p><strong> </strong></p>
<p>Firmamos,</p>
<ul>
<li>ARTICLE 19 México y Centroamérica</li>
<li>Artists at Risk Connection (ARC)</li>
<li>Civil Rights Defenders</li>
<li>Centro de Documentación de Prisiones Cubanas</li>
<li>Cubalex</li>
<li>Instituto sobre Raza, Igualdad y Derechos Humanos (Raza e Igualdad)</li>
<li>Justicia 11J</li>
<li>Mesa de Diálogo de la Juventud Cubana</li>
<li>PEN Internacional</li>
<li>PEN de Escritores cubanos en el exilio</li>
</ul>

<p>Diez organizaciones de la sociedad civil independiente hacemos un llamado al Estado de Cuba para que respete, proteja y garantice los derechos humanos de todos sus habitantes sin discriminación de ningún tipo; además, exigimos la liberación de las personas privadas de libertad por ejercer sus derechos civiles y políticos.</p>
