{"id":18986,"date":"2024-09-13T15:28:17","date_gmt":"2024-09-13T15:28:17","guid":{"rendered":"https:\/\/raceandequality.org\/?post_type=resources&#038;p=18986"},"modified":"2024-09-13T16:00:09","modified_gmt":"2024-09-13T16:00:09","slug":"nicaragua-pone-a-prueba-los-limites-del-sistema-de-naciones-unidas-dicen-personas-expertas-en-evento-paralelo-al-57o-periodo-de-sesiones-del-consejo-onu","status":"publish","type":"resources","link":"https:\/\/raceandequality.org\/es\/resources\/nicaragua-pone-a-prueba-los-limites-del-sistema-de-naciones-unidas-dicen-personas-expertas-en-evento-paralelo-al-57o-periodo-de-sesiones-del-consejo-onu\/","title":{"rendered":"\u00abNicaragua pone a prueba los l\u00edmites del Sistema de Naciones Unidas\u00bb, dicen personas expertas en evento paralelo al 57\u00ba per\u00edodo de sesiones del Consejo ONU"},"content":{"rendered":"<p><b>Ginebra 13 de septiembre de 2024.-<\/b><span style=\"font-weight: 400;\"> \u201c<\/span><i><span style=\"font-weight: 400;\">Nicaragua no solo se est\u00e1 aislando, est\u00e1 poniendo a prueba los l\u00edmites del Sistema Internacional de Naciones Unidas<\/span><\/i><span style=\"font-weight: 400;\">\u201d, afirm\u00f3 Jan Michael Simon, presidente del Grupo de Expertos en Derechos Humanos sobre Nicaragua (GHREN), durante un evento paralelo organizado por el Instituto sobre Raza, Igualdad y Derechos Humanos (Raza e Igualdad), en el marco del 57\u00ba per\u00edodo de sesiones del Consejo de Derechos Humanos de la ONU. Simon inst\u00f3 a una <\/span><b>incidencia coordinada por parte de la comunidad internacional, especialmente ante las Instituciones Financieras Internacionales.<\/b><\/p>\n<p><span style=\"font-weight: 400;\">** El evento, titulado <\/span><a href=\"https:\/\/youtu.be\/CPp0VZcnHI0\"><strong><i>\u00abSolidaridad Internacional con Nicaragua: retrocesos, avances y retos futuros\u00bb<\/i><\/strong><\/a><span style=\"font-weight: 400;\">, fue co-patrocinado por las organizaciones de derechos humanos CCPR, ISHR, MAM, INANA, y las embajadas de Chile, Per\u00fa, Paraguay, Ecuador, Canad\u00e1, Argentina y Costa Rica en Ginebra. En el di\u00e1logo participaron defensoras de derechos humanos nicarag\u00fcenses, representantes del GHREN, de la Oficina del Alto Comisionado de las Naciones Unidas para los Derechos Humanos (OACNUDH), del Mecanismo Especial de Seguimiento para Nicaragua (MESENI) de la Comisi\u00f3n Interamericana de Derechos Humanos (CIDH), y personas delegadas de embajadas aliadas del pueblo nicarag\u00fcense.<\/span><\/p>\n<p><span style=\"font-weight: 400;\">En sus palabras de bienvenida, la Embajadora de la Misi\u00f3n Permanente de Chile ante las Naciones Unidas en Ginebra, Claudia Fuentes-Julio record\u00f3 que las bases del Consejo de Derechos Humanos de Naciones Unidas y del Sistema de Naciones Unidas en general, se sostienen sobre la voluntad de cooperar y trabajar en conjunto y por tanto, <\/span><b>el aislamiento de Nicaragua es una amenaza<\/b><span style=\"font-weight: 400;\">. \u201c<\/span><i><span style=\"font-weight: 400;\">Cuando tenemos un Estado como Nicaragua, que corta relaciones pol\u00edticas con el mundo exterior y cuyo r\u00e9gimen se mantiene en el poder en consecuencia de sus relaciones econ\u00f3micas, es que hay cuestionar las verdaderas prioridades del Sistema que estamos construyend<\/span><\/i><span style=\"font-weight: 400;\">o\u201d, alert\u00f3.<\/span><\/p>\n<p><span style=\"font-weight: 400;\">Por su parte, Jan-Michael Simon, Presidente del GHREN, se\u00f1al\u00f3 que el \u00fanico espacio en el que <\/span><b>Nicaragua no se est\u00e1 aislando es en los \u00f3rganos multilaterales en materia de financiamiento internacional,<\/b><span style=\"font-weight: 400;\"> conocidas como Instituciones Financieras Internacionales (IFIs), particularmente el Fondo Monetario Internacional (FMI). Por ello, el experto hace \u00e9nfasis en que <\/span><b>se debe hacer incidencia en estos \u00f3rganos.<\/b><\/p>\n<p><span style=\"font-weight: 400;\">\u201cQuisi\u00e9ramos que los pa\u00edses representados y los respectivos directorios de esas IFIs, ya sea en el Fondo (Monetario Internacional), el Grupo de Acci\u00f3n Financiera Internacional, y\/o los pa\u00edses que tienen relaciones bilaterales con Nicaragua tomen en serio sus compromisos con los tratados de libre comercio\u201d, finaliz\u00f3 el experto.<\/span><\/p>\n<p><em><b>Pueblos ind\u00edgenas y afrodescendientes son un \u201ctarget\u201d del r\u00e9gimen\u00a0<\/b><\/em><\/p>\n<p><span style=\"font-weight: 400;\">Para Ariela Peralta, experta del GHREN, la persecuci\u00f3n pol\u00edtica est\u00e1 centrada en acallar cualquier voz\u00a0 aut\u00f3noma de disidencia que pueda convocar.\u00a0 Seg\u00fan la experta,<strong> los pueblos ind\u00edgenas y afrodescendientes de la Costa Caribe de Nicaragua son un \u201ctarget\u201d de la persecuci\u00f3n pol\u00edtica del r\u00e9gimen \u201cpor su capacidad de convocar y manifestar expresiones contrarias<\/strong>\u2026se demuestra en una lectura tanto de los hallazgos como de los contextos hist\u00f3ricos\u201d.<\/span><\/p>\n<p><span style=\"font-weight: 400;\">Peralta lament\u00f3 que entre el grupo de 135 personas nicarag\u00fcenses que fueron excarceladas y desterradas hacia Guatemala, no se encontraban los liderazgos ind\u00edgenas Brooklyn Rivera y Nancy Elizabeth Henr\u00edquez. Rivera se encuentra en situaci\u00f3n de desaparici\u00f3n forzada desde septiembre de 2023.<\/span><\/p>\n<p><span style=\"font-weight: 400;\">Anexa Alfred Cunningham, experta nicarag\u00fcense del Mecanismo de Expertos sobre los Derechos de los Pueblos Ind\u00edgenas y fundadora de la Plataforma de Pueblos Ind\u00edgenas y Afrodescendientes INANA, denunci\u00f3 que la violencia contra los pueblos ind\u00edgenas y afrodescendientes es sistem\u00e1tica. Seg\u00fan los registros de INANA, <strong>las masacres han sido una constante entre 2020 y 2023.<\/strong> En este per\u00edodo, se perpetraron tres masacres en las comunidades ind\u00edgenas mayangnas, ubicadas en la Reserva Bi\u00f3sfera de Bosaw\u00e1s, que dejaron al menos 20 ind\u00edgenas muertos, incluidas mujeres y ni\u00f1as que fueron v\u00edctimas de violencia sexual y torturas.<\/span><\/p>\n<p><span style=\"font-weight: 400;\">Alfred tambi\u00e9n lament\u00f3 el reciente cierre de la Iglesia Morava, que brindaba asistencia \u00abante la ausencia del Estado en temas de salud y educaci\u00f3n\u201d.\u00a0<\/span><\/p>\n<p><b><i>EPU es una oportunidad crucial<\/i><\/b><\/p>\n<p><span style=\"font-weight: 400;\">\u201cEl ejercicio de los derechos fundamentales es delictivo (en Nicaragua). <\/span><span style=\"font-weight: 400;\">Desde hace muchos a\u00f1os, t\u00e9rminos como incidencia pol\u00edtica o participaci\u00f3n ciudadana son perseguibles. Demandar derechos se llama \u201cterrorismo\u201d. Exigir que los funcionarios y las autoridades se sometan a la ley, se llama \u201cmenoscabo a la integridad nacional\u201d. <strong>Demandar democracia es ser \u201cgolpista\u201d<\/strong>\u201d, denunci\u00f3 Azahalia Sol\u00eds, defensora nicarag\u00fcense e integrante del Movimiento Aut\u00f3nomo de Mujeres (MAM) que fue despojada arbitrariamente de su nacionalidad en el a\u00f1o 2023.<\/span><\/p>\n<p><span style=\"font-weight: 400;\">Por su parte, Fiorella Melzi, Coordinadora del MESENI, alert\u00f3 que \u201cla represi\u00f3n ha continuado con expresiones a\u00fan m\u00e1s severas al espacio c\u00edvico y democr\u00e1tico.<strong> Todo ello con el fin de eliminar a la sociedad civil organizada y <\/strong><\/span><span style=\"font-weight: 400;\"><strong>afianzar un r\u00e9gimen de concentraci\u00f3n de poder en el Ejecutivo -orquestado desde hace a\u00f1os- basado en un estado policial<\/strong>\u201d. El Estado de Nicaragua contin\u00faa cometiendo graves y sistem\u00e1ticas violaciones en contra de la poblaci\u00f3n, principalmente por motivos de persecuci\u00f3n pol\u00edtica, \u201co por simplemente ser personas consideradas no<\/span><span style=\"font-weight: 400;\"> afines <\/span><span style=\"font-weight: 400;\">a los intereses del gobierno\u201d.<\/span><\/p>\n<p><span style=\"font-weight: 400;\">Andr\u00e9s S\u00e1nchez, Representante Adjunto y Funcionario encargado de la Oficina Regional del ACNUDH para Am\u00e9rica Central y la Rep\u00fablica Dominicana, coincidi\u00f3 en que \u201c el panorama es extremadamente alarmante\u2026 Este desmantelamiento del tejido social deja a miles de personas sin acceso a servicios esenciales lo cual exacerba la crisis social y econ\u00f3mica del pa\u00eds\u201d.<\/span><\/p>\n<p><span style=\"font-weight: 400;\">\u201cEn ese contexto quiero subrayar la importancia del pr\u00f3ximo Examen Peri\u00f3dico Universal. <strong>Este EPU es una oportunidad crucial para que los Estados presenten sus recomendaciones al Gobierno nicarag\u00fcense<\/strong>, inst\u00e1ndole a cesar estas violaciones y apoy\u00e1ndose en las recomendaciones del Alto Comisionado, que pueden servir de una base o gu\u00eda s\u00f3lida\u201d, finaliz\u00f3.<\/span><\/p>\n<p>&nbsp;<\/p>\n<p><b>Pronunciamiento<\/b><\/p>\n<p><span style=\"font-weight: 400;\">El Instituto sobre Raza, Igualdad y Derechos Humanos (Raza e Igualdad) denuncia que el r\u00e9gimen de Nicaragua sigue utilizando las detenciones arbitrarias como un mecanismo para silenciar voces disidentes. Carlos Quesada, Director de Raza e Igualdad, se\u00f1al\u00f3 que el r\u00e9gimen contin\u00faa recurriendo a esta pr\u00e1ctica, \u201cmanteniendo a centenares de personas en prisi\u00f3n, para luego excarcelarlas y desterrarlas\u00bb. Recordamos que en febrero de 2023, 222 personas nicarag\u00fcenses fueron excarceladas y desterradas hacia Estados Unidos, y ahora el r\u00e9gimen ha repetido esta acci\u00f3n con 135 personas m\u00e1s, envi\u00e1ndolas a Guatemala. Estos destierros destruyen los proyectos de vida de las personas afectadas, dej\u00e1ndolas en una situaci\u00f3n de indefensi\u00f3n.<\/span><\/p>\n<p><span style=\"font-weight: 400;\">Asimismo, Raza e Igualdad exhorta con urgencia a actuar para implementar la recomendaci\u00f3n del GHREN sobre la importancia de realizar acciones de incidencia ante las Instituciones Financieras Internacionales. Estas Instituciones deben reconocer que en Nicaragua se cometen cr\u00edmenes de lesa humanidad, y en\u00a0 consecuencia implementar pol\u00edticas de debida diligencia en derechos humanos para identificar, prevenir, abordar y remediar los impactos negativos asociados a sus actividades en el pa\u00eds.<\/span><\/p>\n","protected":false},"excerpt":{"rendered":"<p>Ginebra 13 de septiembre de 2024.- \u201cNicaragua no solo se est\u00e1 aislando, est\u00e1 poniendo a prueba los l\u00edmites del Sistema Internacional de Naciones Unidas\u201d, afirm\u00f3 Jan Michael Simon, presidente del [&hellip;]<\/p>\n","protected":false},"author":11,"featured_media":18987,"parent":0,"menu_order":0,"template":"","format":"standard","categories":[],"resources_country":[1199],"resources_language":[],"resources_audience":[],"resources_format":[],"resources_topic":[],"resources_year":[],"class_list":["post-18986","resources","type-resources","status-publish","format-standard","has-post-thumbnail","hentry","resources_country-nicaragua-es"],"acf":[],"aioseo_notices":[],"_links":{"self":[{"href":"https:\/\/raceandequality.org\/es\/wp-json\/wp\/v2\/resources\/18986","targetHints":{"allow":["GET"]}}],"collection":[{"href":"https:\/\/raceandequality.org\/es\/wp-json\/wp\/v2\/resources"}],"about":[{"href":"https:\/\/raceandequality.org\/es\/wp-json\/wp\/v2\/types\/resources"}],"author":[{"embeddable":true,"href":"https:\/\/raceandequality.org\/es\/wp-json\/wp\/v2\/users\/11"}],"wp:featuredmedia":[{"embeddable":true,"href":"https:\/\/raceandequality.org\/es\/wp-json\/wp\/v2\/media\/18987"}],"wp:attachment":[{"href":"https:\/\/raceandequality.org\/es\/wp-json\/wp\/v2\/media?parent=18986"}],"wp:term":[{"taxonomy":"category","embeddable":true,"href":"https:\/\/raceandequality.org\/es\/wp-json\/wp\/v2\/categories?post=18986"},{"taxonomy":"resources_country","embeddable":true,"href":"https:\/\/raceandequality.org\/es\/wp-json\/wp\/v2\/resources_country?post=18986"},{"taxonomy":"resources_language","embeddable":true,"href":"https:\/\/raceandequality.org\/es\/wp-json\/wp\/v2\/resources_language?post=18986"},{"taxonomy":"resources_audience","embeddable":true,"href":"https:\/\/raceandequality.org\/es\/wp-json\/wp\/v2\/resources_audience?post=18986"},{"taxonomy":"resources_format","embeddable":true,"href":"https:\/\/raceandequality.org\/es\/wp-json\/wp\/v2\/resources_format?post=18986"},{"taxonomy":"resources_topic","embeddable":true,"href":"https:\/\/raceandequality.org\/es\/wp-json\/wp\/v2\/resources_topic?post=18986"},{"taxonomy":"resources_year","embeddable":true,"href":"https:\/\/raceandequality.org\/es\/wp-json\/wp\/v2\/resources_year?post=18986"}],"curies":[{"name":"wp","href":"https:\/\/api.w.org\/{rel}","templated":true}]}}

«Nicaragua pone a prueba los límites del Sistema de Naciones Unidas», dicen personas expertas en evento paralelo al 57º período de sesiones del Consejo ONU

<p><b>Ginebra 13 de septiembre de 2024.-</b><span style="font-weight: 400;"> “</span><i><span style="font-weight: 400;">Nicaragua no solo se está aislando, está poniendo a prueba los límites del Sistema Internacional de Naciones Unidas</span></i><span style="font-weight: 400;">”, afirmó Jan Michael Simon, presidente del Grupo de Expertos en Derechos Humanos sobre Nicaragua (GHREN), durante un evento paralelo organizado por el Instituto sobre Raza, Igualdad y Derechos Humanos (Raza e Igualdad), en el marco del 57º período de sesiones del Consejo de Derechos Humanos de la ONU. Simon instó a una </span><b>incidencia coordinada por parte de la comunidad internacional, especialmente ante las Instituciones Financieras Internacionales.</b></p>
<p><span style="font-weight: 400;">** El evento, titulado </span><a href="https://youtu.be/CPp0VZcnHI0"><strong><i>«Solidaridad Internacional con Nicaragua: retrocesos, avances y retos futuros»</i></strong></a><span style="font-weight: 400;">, fue co-patrocinado por las organizaciones de derechos humanos CCPR, ISHR, MAM, INANA, y las embajadas de Chile, Perú, Paraguay, Ecuador, Canadá, Argentina y Costa Rica en Ginebra. En el diálogo participaron defensoras de derechos humanos nicaragüenses, representantes del GHREN, de la Oficina del Alto Comisionado de las Naciones Unidas para los Derechos Humanos (OACNUDH), del Mecanismo Especial de Seguimiento para Nicaragua (MESENI) de la Comisión Interamericana de Derechos Humanos (CIDH), y personas delegadas de embajadas aliadas del pueblo nicaragüense.</span></p>
<p><span style="font-weight: 400;">En sus palabras de bienvenida, la Embajadora de la Misión Permanente de Chile ante las Naciones Unidas en Ginebra, Claudia Fuentes-Julio recordó que las bases del Consejo de Derechos Humanos de Naciones Unidas y del Sistema de Naciones Unidas en general, se sostienen sobre la voluntad de cooperar y trabajar en conjunto y por tanto, </span><b>el aislamiento de Nicaragua es una amenaza</b><span style="font-weight: 400;">. “</span><i><span style="font-weight: 400;">Cuando tenemos un Estado como Nicaragua, que corta relaciones políticas con el mundo exterior y cuyo régimen se mantiene en el poder en consecuencia de sus relaciones económicas, es que hay cuestionar las verdaderas prioridades del Sistema que estamos construyend</span></i><span style="font-weight: 400;">o”, alertó.</span></p>
<p><span style="font-weight: 400;">Por su parte, Jan-Michael Simon, Presidente del GHREN, señaló que el único espacio en el que </span><b>Nicaragua no se está aislando es en los órganos multilaterales en materia de financiamiento internacional,</b><span style="font-weight: 400;"> conocidas como Instituciones Financieras Internacionales (IFIs), particularmente el Fondo Monetario Internacional (FMI). Por ello, el experto hace énfasis en que </span><b>se debe hacer incidencia en estos órganos.</b></p>
<p><span style="font-weight: 400;">“Quisiéramos que los países representados y los respectivos directorios de esas IFIs, ya sea en el Fondo (Monetario Internacional), el Grupo de Acción Financiera Internacional, y/o los países que tienen relaciones bilaterales con Nicaragua tomen en serio sus compromisos con los tratados de libre comercio”, finalizó el experto.</span></p>
<p><em><b>Pueblos indígenas y afrodescendientes son un “target” del régimen </b></em></p>
<p><span style="font-weight: 400;">Para Ariela Peralta, experta del GHREN, la persecución política está centrada en acallar cualquier voz  autónoma de disidencia que pueda convocar.  Según la experta,<strong> los pueblos indígenas y afrodescendientes de la Costa Caribe de Nicaragua son un “target” de la persecución política del régimen “por su capacidad de convocar y manifestar expresiones contrarias</strong>…se demuestra en una lectura tanto de los hallazgos como de los contextos históricos”.</span></p>
<p><span style="font-weight: 400;">Peralta lamentó que entre el grupo de 135 personas nicaragüenses que fueron excarceladas y desterradas hacia Guatemala, no se encontraban los liderazgos indígenas Brooklyn Rivera y Nancy Elizabeth Henríquez. Rivera se encuentra en situación de desaparición forzada desde septiembre de 2023.</span></p>
<p><span style="font-weight: 400;">Anexa Alfred Cunningham, experta nicaragüense del Mecanismo de Expertos sobre los Derechos de los Pueblos Indígenas y fundadora de la Plataforma de Pueblos Indígenas y Afrodescendientes INANA, denunció que la violencia contra los pueblos indígenas y afrodescendientes es sistemática. Según los registros de INANA, <strong>las masacres han sido una constante entre 2020 y 2023.</strong> En este período, se perpetraron tres masacres en las comunidades indígenas mayangnas, ubicadas en la Reserva Biósfera de Bosawás, que dejaron al menos 20 indígenas muertos, incluidas mujeres y niñas que fueron víctimas de violencia sexual y torturas.</span></p>
<p><span style="font-weight: 400;">Alfred también lamentó el reciente cierre de la Iglesia Morava, que brindaba asistencia «ante la ausencia del Estado en temas de salud y educación”. </span></p>
<p><b><i>EPU es una oportunidad crucial</i></b></p>
<p><span style="font-weight: 400;">“El ejercicio de los derechos fundamentales es delictivo (en Nicaragua). </span><span style="font-weight: 400;">Desde hace muchos años, términos como incidencia política o participación ciudadana son perseguibles. Demandar derechos se llama “terrorismo”. Exigir que los funcionarios y las autoridades se sometan a la ley, se llama “menoscabo a la integridad nacional”. <strong>Demandar democracia es ser “golpista”</strong>”, denunció Azahalia Solís, defensora nicaragüense e integrante del Movimiento Autónomo de Mujeres (MAM) que fue despojada arbitrariamente de su nacionalidad en el año 2023.</span></p>
<p><span style="font-weight: 400;">Por su parte, Fiorella Melzi, Coordinadora del MESENI, alertó que “la represión ha continuado con expresiones aún más severas al espacio cívico y democrático.<strong> Todo ello con el fin de eliminar a la sociedad civil organizada y </strong></span><span style="font-weight: 400;"><strong>afianzar un régimen de concentración de poder en el Ejecutivo -orquestado desde hace años- basado en un estado policial</strong>”. El Estado de Nicaragua continúa cometiendo graves y sistemáticas violaciones en contra de la población, principalmente por motivos de persecución política, “o por simplemente ser personas consideradas no</span><span style="font-weight: 400;"> afines </span><span style="font-weight: 400;">a los intereses del gobierno”.</span></p>
<p><span style="font-weight: 400;">Andrés Sánchez, Representante Adjunto y Funcionario encargado de la Oficina Regional del ACNUDH para América Central y la República Dominicana, coincidió en que “ el panorama es extremadamente alarmante… Este desmantelamiento del tejido social deja a miles de personas sin acceso a servicios esenciales lo cual exacerba la crisis social y económica del país”.</span></p>
<p><span style="font-weight: 400;">“En ese contexto quiero subrayar la importancia del próximo Examen Periódico Universal. <strong>Este EPU es una oportunidad crucial para que los Estados presenten sus recomendaciones al Gobierno nicaragüense</strong>, instándole a cesar estas violaciones y apoyándose en las recomendaciones del Alto Comisionado, que pueden servir de una base o guía sólida”, finalizó.</span></p>
<p>&nbsp;</p>
<p><b>Pronunciamiento</b></p>
<p><span style="font-weight: 400;">El Instituto sobre Raza, Igualdad y Derechos Humanos (Raza e Igualdad) denuncia que el régimen de Nicaragua sigue utilizando las detenciones arbitrarias como un mecanismo para silenciar voces disidentes. Carlos Quesada, Director de Raza e Igualdad, señaló que el régimen continúa recurriendo a esta práctica, “manteniendo a centenares de personas en prisión, para luego excarcelarlas y desterrarlas». Recordamos que en febrero de 2023, 222 personas nicaragüenses fueron excarceladas y desterradas hacia Estados Unidos, y ahora el régimen ha repetido esta acción con 135 personas más, enviándolas a Guatemala. Estos destierros destruyen los proyectos de vida de las personas afectadas, dejándolas en una situación de indefensión.</span></p>
<p><span style="font-weight: 400;">Asimismo, Raza e Igualdad exhorta con urgencia a actuar para implementar la recomendación del GHREN sobre la importancia de realizar acciones de incidencia ante las Instituciones Financieras Internacionales. Estas Instituciones deben reconocer que en Nicaragua se cometen crímenes de lesa humanidad, y en  consecuencia implementar políticas de debida diligencia en derechos humanos para identificar, prevenir, abordar y remediar los impactos negativos asociados a sus actividades en el país.</span></p>

<p>Ginebra 13 de septiembre de 2024.- “Nicaragua no solo se está aislando, está poniendo a prueba los límites del Sistema Internacional de Naciones Unidas”, afirmó Jan Michael Simon, presidente del [&hellip;]</p>
