{"id":19020,"date":"2024-09-23T19:11:21","date_gmt":"2024-09-23T19:11:21","guid":{"rendered":"https:\/\/raceandequality.org\/?post_type=resources&#038;p=19020"},"modified":"2024-09-23T19:11:21","modified_gmt":"2024-09-23T19:11:21","slug":"desapariciones-forzadas-crean-clima-de-terror-entre-opositores-grupo-de-trabajo-presenta-informe-sobre-efectos-de-las-desapariciones-forzadas-en-contextos-electorales-en-nicaragua-y","status":"publish","type":"resources","link":"https:\/\/raceandequality.org\/es\/resources\/desapariciones-forzadas-crean-clima-de-terror-entre-opositores-grupo-de-trabajo-presenta-informe-sobre-efectos-de-las-desapariciones-forzadas-en-contextos-electorales-en-nicaragua-y\/","title":{"rendered":"\u201cDesapariciones forzadas crean clima de terror entre opositores\u201d: Grupo de Trabajo presenta informe sobre efectos de las desapariciones forzadas en contextos electorales en Nicaragua y el mundo"},"content":{"rendered":"<p><b>Ginebra, 23 de septiembre de 2024<\/b><span style=\"font-weight: 400;\">. El Grupo de Trabajo sobre Desapariciones Forzadas o Involuntarias present\u00f3 su m\u00e1s reciente informe sobre el impacto que estas acciones tienen sobre los procesos electorales en el mundo y, destac\u00f3, que la pr\u00e1ctica est\u00e1 siendo utilizada por las \u201celites en el poder\u201d, para mantenerlo y consolidarlo haciendo menci\u00f3n de las desapariciones en Nicaragua desde el a\u00f1o 2018 y, especialmente, durante el a\u00f1o electoral 2021.<\/span><\/p>\n<p><span style=\"font-weight: 400;\">Durante la presentaci\u00f3n del informe tem\u00e1tico: \u201cDesapariciones forzadas y elecciones\u201d, la relatora a cargo d el informe Aua Bald\u00e9, quien es tambi\u00e9n la presidenta y relatora del Grupo de Trabajo sobre las Desapariciones Forzadas, mencion\u00f3 que, al menos 60 pa\u00edses en el mundo celebraron elecciones en condiciones de deterioro democr\u00e1tico.<\/span><\/p>\n<p><span style=\"font-weight: 400;\">Bald\u00e9 explic\u00f3 que las desapariciones forzadas est\u00e1n siendo utilizadas como herramienta por parte de algunos gobiernos para crear \u201cun clima de terror entre los opositores\u201d, de un pa\u00eds y as\u00ed consolidarse en el poder.\u00a0<\/span><\/p>\n<p><span style=\"font-weight: 400;\">\u201cUna de las tendencias m\u00e1s prominentes es la de desapariciones forzadas de corta duraci\u00f3n, se hace desaparecer al individuo por per\u00edodos cortos de tiempo, sin avisarle nada a las familias, (mientras los detenidos) son v\u00edctimas de diversas violaciones de derechos humanos\u201d, dijo la presidenta Bald\u00e9.\u00a0<\/span><\/p>\n<p><span style=\"font-weight: 400;\">Desde entonces, miles de personas en el pa\u00eds centroamericano han sido y siguen siendo sometidas a condici\u00f3n de desaparici\u00f3n forzada, como el caso del l\u00edder ind\u00edgena y exdiputado Brooklyn Rivera, quien el pr\u00f3ximo 29 de septiembre cumplir\u00e1 un a\u00f1o de haber sido secuestrado por la polic\u00eda del r\u00e9gimen sin que se aclare cu\u00e1l es su paradero o condici\u00f3n de salud.\u00a0<\/span><\/p>\n<p><span style=\"font-weight: 400;\">A finales de mayo de 2021, en a\u00f1o electoral, el r\u00e9gimen Ortega-Murillo inici\u00f3 una cacer\u00eda en contra de precandidatos presidenciales, periodistas, defensores de derechos humanos y cualquier persona percibida como opositora, para mantenerse el poder.\u00a0<\/span><\/p>\n<p><span style=\"font-weight: 400;\">Juan Sebasti\u00e1n Chamorro fue uno de los detenidos, estuvo desaparecido por casi 3 meses y, tras ser condenado, fue preso pol\u00edtico por dos a\u00f1os. Durante su intervenci\u00f3n en la presentaci\u00f3n del informe, Chamorro resalt\u00f3: \u201cEs extremadamente importante concienciar de que la desaparici\u00f3n significa la privaci\u00f3n de libertad por parte de agentes del Estado que se niegan a revelar el paradero de los detenidos, as\u00ed como su suerte\u201d.\u00a0<\/span><\/p>\n<p><span style=\"font-weight: 400;\">Chamorro mencion\u00f3 que las personas que son v\u00edctimas de desapariciones forzadas, tambi\u00e9n pasan por un proceso previo de acoso policial y violencia pol\u00edtica que pueden ser identificados como patrones que sirvan para prevenir futuras desapariciones forzadas en contextos electorales.\u00a0<\/span><\/p>\n<p><span style=\"font-weight: 400;\">\u201cLa violencia electoral y la desaparici\u00f3n forzada son cada vez m\u00e1s comunes para desalentar la participaci\u00f3n pol\u00edtica. Y lo que es m\u00e1s importante, es un ataque directo a la \u00fanica forma de supervivencia de la democracia: el respeto del voto popular y el derecho pol\u00edtico a elegir y ser elegido\u201d, agreg\u00f3 Chamorro.<\/span><\/p>\n<p><span style=\"font-weight: 400;\">El informe resalta que la pr\u00e1ctica de desapariciones forzadas no discrimina edad, g\u00e9nero, profesi\u00f3n; afectando a todo tipo de personas, periodistas, miembros de sociedad civil y sus familias.<\/span><span style=\"font-weight: 400;\">\u00a0<\/span><\/p>\n<p><span style=\"font-weight: 400;\">Raza e Igualdad exige al r\u00e9gimen Ortega-Murillo informar sobre el paradero de las personas actualmente en situaci\u00f3n de desaparici\u00f3n forzada. La comunidad internacional debe demandar que los responsables sean sancionados por tales cr\u00edmenes.<\/span><\/p>\n<p><span style=\"font-weight: 400;\">El informe Desapariciones forzadas y las elecciones, est\u00e1 disponible en el <\/span><a href=\"https:\/\/www.ohchr.org\/en\/documents\/thematic-reports\/ahrc5754-enforced-or-involuntary-disappearance-report-working-group\"><span style=\"font-weight: 400;\">siguiente v\u00ednculo.<\/span><\/a><span style=\"font-weight: 400;\">\u00a0<\/span><\/p>\n","protected":false},"excerpt":{"rendered":"<p>Ginebra, 23 de septiembre de 2024. El Grupo de Trabajo sobre Desapariciones Forzadas o Involuntarias present\u00f3 su m\u00e1s reciente informe sobre el impacto que estas acciones tienen sobre los procesos [&hellip;]<\/p>\n","protected":false},"author":14,"featured_media":19024,"parent":0,"menu_order":0,"template":"","format":"standard","categories":[1169],"resources_country":[1199],"resources_language":[],"resources_audience":[],"resources_format":[],"resources_topic":[],"resources_year":[],"class_list":["post-19020","resources","type-resources","status-publish","format-standard","has-post-thumbnail","hentry","category-nicaragua","resources_country-nicaragua-es"],"acf":[],"aioseo_notices":[],"_links":{"self":[{"href":"https:\/\/raceandequality.org\/es\/wp-json\/wp\/v2\/resources\/19020","targetHints":{"allow":["GET"]}}],"collection":[{"href":"https:\/\/raceandequality.org\/es\/wp-json\/wp\/v2\/resources"}],"about":[{"href":"https:\/\/raceandequality.org\/es\/wp-json\/wp\/v2\/types\/resources"}],"author":[{"embeddable":true,"href":"https:\/\/raceandequality.org\/es\/wp-json\/wp\/v2\/users\/14"}],"wp:featuredmedia":[{"embeddable":true,"href":"https:\/\/raceandequality.org\/es\/wp-json\/wp\/v2\/media\/19024"}],"wp:attachment":[{"href":"https:\/\/raceandequality.org\/es\/wp-json\/wp\/v2\/media?parent=19020"}],"wp:term":[{"taxonomy":"category","embeddable":true,"href":"https:\/\/raceandequality.org\/es\/wp-json\/wp\/v2\/categories?post=19020"},{"taxonomy":"resources_country","embeddable":true,"href":"https:\/\/raceandequality.org\/es\/wp-json\/wp\/v2\/resources_country?post=19020"},{"taxonomy":"resources_language","embeddable":true,"href":"https:\/\/raceandequality.org\/es\/wp-json\/wp\/v2\/resources_language?post=19020"},{"taxonomy":"resources_audience","embeddable":true,"href":"https:\/\/raceandequality.org\/es\/wp-json\/wp\/v2\/resources_audience?post=19020"},{"taxonomy":"resources_format","embeddable":true,"href":"https:\/\/raceandequality.org\/es\/wp-json\/wp\/v2\/resources_format?post=19020"},{"taxonomy":"resources_topic","embeddable":true,"href":"https:\/\/raceandequality.org\/es\/wp-json\/wp\/v2\/resources_topic?post=19020"},{"taxonomy":"resources_year","embeddable":true,"href":"https:\/\/raceandequality.org\/es\/wp-json\/wp\/v2\/resources_year?post=19020"}],"curies":[{"name":"wp","href":"https:\/\/api.w.org\/{rel}","templated":true}]}}

<p><b>Ginebra, 23 de septiembre de 2024</b><span style="font-weight: 400;">. El Grupo de Trabajo sobre Desapariciones Forzadas o Involuntarias presentó su más reciente informe sobre el impacto que estas acciones tienen sobre los procesos electorales en el mundo y, destacó, que la práctica está siendo utilizada por las “elites en el poder”, para mantenerlo y consolidarlo haciendo mención de las desapariciones en Nicaragua desde el año 2018 y, especialmente, durante el año electoral 2021.</span></p>
<p><span style="font-weight: 400;">Durante la presentación del informe temático: “Desapariciones forzadas y elecciones”, la relatora a cargo d el informe Aua Baldé, quien es también la presidenta y relatora del Grupo de Trabajo sobre las Desapariciones Forzadas, mencionó que, al menos 60 países en el mundo celebraron elecciones en condiciones de deterioro democrático.</span></p>
<p><span style="font-weight: 400;">Baldé explicó que las desapariciones forzadas están siendo utilizadas como herramienta por parte de algunos gobiernos para crear “un clima de terror entre los opositores”, de un país y así consolidarse en el poder. </span></p>
<p><span style="font-weight: 400;">“Una de las tendencias más prominentes es la de desapariciones forzadas de corta duración, se hace desaparecer al individuo por períodos cortos de tiempo, sin avisarle nada a las familias, (mientras los detenidos) son víctimas de diversas violaciones de derechos humanos”, dijo la presidenta Baldé. </span></p>
<p><span style="font-weight: 400;">Desde entonces, miles de personas en el país centroamericano han sido y siguen siendo sometidas a condición de desaparición forzada, como el caso del líder indígena y exdiputado Brooklyn Rivera, quien el próximo 29 de septiembre cumplirá un año de haber sido secuestrado por la policía del régimen sin que se aclare cuál es su paradero o condición de salud. </span></p>
<p><span style="font-weight: 400;">A finales de mayo de 2021, en año electoral, el régimen Ortega-Murillo inició una cacería en contra de precandidatos presidenciales, periodistas, defensores de derechos humanos y cualquier persona percibida como opositora, para mantenerse el poder. </span></p>
<p><span style="font-weight: 400;">Juan Sebastián Chamorro fue uno de los detenidos, estuvo desaparecido por casi 3 meses y, tras ser condenado, fue preso político por dos años. Durante su intervención en la presentación del informe, Chamorro resaltó: “Es extremadamente importante concienciar de que la desaparición significa la privación de libertad por parte de agentes del Estado que se niegan a revelar el paradero de los detenidos, así como su suerte”. </span></p>
<p><span style="font-weight: 400;">Chamorro mencionó que las personas que son víctimas de desapariciones forzadas, también pasan por un proceso previo de acoso policial y violencia política que pueden ser identificados como patrones que sirvan para prevenir futuras desapariciones forzadas en contextos electorales. </span></p>
<p><span style="font-weight: 400;">“La violencia electoral y la desaparición forzada son cada vez más comunes para desalentar la participación política. Y lo que es más importante, es un ataque directo a la única forma de supervivencia de la democracia: el respeto del voto popular y el derecho político a elegir y ser elegido”, agregó Chamorro.</span></p>
<p><span style="font-weight: 400;">El informe resalta que la práctica de desapariciones forzadas no discrimina edad, género, profesión; afectando a todo tipo de personas, periodistas, miembros de sociedad civil y sus familias.</span><span style="font-weight: 400;"> </span></p>
<p><span style="font-weight: 400;">Raza e Igualdad exige al régimen Ortega-Murillo informar sobre el paradero de las personas actualmente en situación de desaparición forzada. La comunidad internacional debe demandar que los responsables sean sancionados por tales crímenes.</span></p>
<p><span style="font-weight: 400;">El informe Desapariciones forzadas y las elecciones, está disponible en el </span><a href="https://www.ohchr.org/en/documents/thematic-reports/ahrc5754-enforced-or-involuntary-disappearance-report-working-group"><span style="font-weight: 400;">siguiente vínculo.</span></a><span style="font-weight: 400;"> </span></p>

<p>Ginebra, 23 de septiembre de 2024. El Grupo de Trabajo sobre Desapariciones Forzadas o Involuntarias presentó su más reciente informe sobre el impacto que estas acciones tienen sobre los procesos [&hellip;]</p>
