{"id":19121,"date":"2024-10-23T14:36:12","date_gmt":"2024-10-23T14:36:12","guid":{"rendered":"https:\/\/raceandequality.org\/?post_type=resources&#038;p=19121"},"modified":"2024-10-23T14:36:12","modified_gmt":"2024-10-23T14:36:12","slug":"consejo-de-gobierno-de-la-union-interparlamentaria-pide-enviar-una-delegacion-que-investigue-desaparicion-forzada-de-brooklyn-rivera-en-nicaragua","status":"publish","type":"resources","link":"https:\/\/raceandequality.org\/es\/resources\/consejo-de-gobierno-de-la-union-interparlamentaria-pide-enviar-una-delegacion-que-investigue-desaparicion-forzada-de-brooklyn-rivera-en-nicaragua\/","title":{"rendered":"Consejo de Gobierno de la Uni\u00f3n Interparlamentaria pide enviar una delegaci\u00f3n que investigue desaparici\u00f3n forzada de Brooklyn Rivera en Nicaragua"},"content":{"rendered":"<p><b>Ginebra, 23 de octubre 2024.-<\/b><span style=\"font-weight: 400;\"> En la <a href=\"https:\/\/www.ipu.org\/news\/press-releases\/2024-10\/ipu-assembly-highlights-alarming-human-rights-violations-against-mps-worldwide\">149\u00aa Asamblea<\/a> de la Uni\u00f3n Interparlamentaria (UIP), los delegados y delegadas escucharon el impactante testimonio de Tininiska Rivera Castell\u00f3n, hija del l\u00edder ind\u00edgena miskitu y diputado del partido ind\u00edgena YATAMA, <a href=\"https:\/\/nicaslibresya.org\/perfiles_pp\/brooklyn-rivera\/\">Brooklyn Rivera Brya<\/a>n, desaparecido forzosamente desde septiembre de 2023. El <\/span><span style=\"font-weight: 400;\">Consejo de Gobierno<\/span><span style=\"font-weight: 400;\"> de la UIP decidi\u00f3 solicitar al Comit\u00e9 de Derechos Humanos de los Parlamentarios enviar una delegaci\u00f3n a Nicaragua para reunirse con autoridades de los poderes del Estado, otras instituciones u organizaciones que puedan ofrecer informaci\u00f3n sobre el caso de Rivera y su diputada suplente <a href=\"https:\/\/nicaslibresya.org\/perfiles_pp\/nancy-henriquez\/\">Nancy Henr\u00edquez.<\/a><\/span><\/p>\n<p><b>Brooklyn Rivera<\/b> <b>Bryan <\/b><span style=\"font-weight: 400;\">fue arrestado arbitrariamente en su hogar en Bilwi, y desde entonces, su paradero sigue siendo desconocido. Su hija Tininiska, durante su intervenci\u00f3n, destac\u00f3 el legado de su padre como l\u00edder de la comunidad miskitu y defensor incansable de los territorios ind\u00edgenas. Asimismo, denunci\u00f3 la persecuci\u00f3n que ha sufrido su familia, y pidi\u00f3 a los parlamentarios de todo el mundo que \u201c<\/span><i><span style=\"font-weight: 400;\">tomen acci\u00f3n concreta en el caso de mi padre para que las autoridades del gobierno de Nicaragua den prueba de vida de mi padre e informaci\u00f3n sobre su paradero, su estado de salud; y se unan a las voces que ya exigen su liberaci\u00f3n inmediata\u201d<\/span><\/i><span style=\"font-weight: 400;\">.\u00a0\u00a0<\/span><\/p>\n<p><b>Nancy Elizabeth Henr\u00edquez James<\/b><span style=\"font-weight: 400;\">, tambi\u00e9n l\u00edder ind\u00edgena miskitu, asumi\u00f3 el cargo parlamentario de Brooklyn Rivera como su suplente en abril de 2023. El 1 de octubre de 2023, fue arrestada por oficiales de la polic\u00eda encubiertos, y su paradero permaneci\u00f3 desconocido durante aproximadamente dos meses. El d\u00eda 13 de diciembre de 2023, fue condenada a ocho a\u00f1os de prisi\u00f3n en un juicio llevado a cabo dentro de la prisi\u00f3n de mujeres \u00abLa Esperanza\u00bb, donde se le neg\u00f3 el derecho a una representaci\u00f3n legal.<\/span><\/p>\n<p><span style=\"font-weight: 400;\">Hasta la fecha, el diputado Brooklyn Rivera Bryan y Nancy Henr\u00edquez James no han sido objeto de ning\u00fan procedimiento legal para el cese de su mandato en el Parlamento nicarag\u00fcense; sin embargo, ambos han sido eliminados de la lista de miembros de la Asamblea Nacional.<\/span><\/p>\n<p><b>UIP no ha recibido informaci\u00f3n de la Asamblea nicarag\u00fcense<\/b><\/p>\n<p><span style=\"font-weight: 400;\">Seg\u00fan el documento Decisiones del Comit\u00e9 de Derechos Humanos de los Parlamentarios, la UIP ha solicitado formalmente informaci\u00f3n y comentarios oficiales a la Asamblea Nacional sobre ambos casos en abril y septiembre de este a\u00f1o; sin embargo, hasta la fecha, el Parlamento nicarag\u00fcense no ha presentado ninguna informaci\u00f3n. Al respecto, la UIP alent\u00f3 a la Asamblea Nacional de Nicaragua a entablar \u201c<\/span><i><span style=\"font-weight: 400;\">un di\u00e1logo constructivo y continuo con el Comit\u00e9 a fin de garantizar una soluci\u00f3n satisfactoria y r\u00e1pida<\/span><\/i><span style=\"font-weight: 400;\">\u201d.<\/span><\/p>\n<p><span style=\"font-weight: 400;\">La UIP expres\u00f3 su profunda preocupaci\u00f3n porque la desaparici\u00f3n de Brooklyn Rivera est\u00e1 presuntamente relacionada con sus actividades parlamentarias como diputado de la oposici\u00f3n y dirigente ind\u00edgena, y con su participaci\u00f3n en la 22\u00aa sesi\u00f3n del Foro Permanente de las Naciones Unidas para las Cuestiones Ind\u00edgenas, celebrada en Nueva York en abril de 2023. La UIP enfatiz\u00f3 en la responsabilidad de las autoridades nicarag\u00fcenses de investigar exhaustivamente su desaparici\u00f3n y de garantizar el derecho de su familia a ser informada sobre su situaci\u00f3n.<\/span><\/p>\n<p><span style=\"font-weight: 400;\">En el caso de Nancy Henr\u00edquez, la Comisi\u00f3n manifest\u00f3 preocupaci\u00f3n por las graves violaciones al derecho de un juicio justo, as\u00ed como por el deterioro de su salud. La UIP exigi\u00f3 que se le proporcione tratamiento m\u00e9dico adecuado de manera urgente.<\/span><\/p>\n<p><span style=\"font-weight: 400;\">\u201cLos ataques y represalias contra parlamentarios por su labor violan sus derechos fundamentales y socavan el papel del parlamento como instituci\u00f3n\u201d, cita el documento de Decisiones del Comit\u00e9.<\/span><\/p>\n<p><b>Misi\u00f3n de la UIP a Nicaragua<\/b><\/p>\n<p><span style=\"font-weight: 400;\">El <\/span><span style=\"font-weight: 400;\">Consejo de Gobierno<\/span><span style=\"font-weight: 400;\"> de la UIP solicit\u00f3 al Comit\u00e9 de Derechos Humanos de los Parlamentarios que env\u00ede una delegaci\u00f3n a Nicaragua lo antes posible para que se re\u00fana con todas las autoridades que ejercen poderes legislativos, ejecutivos o judiciales, as\u00ed como con las autoridades penitenciarias competentes y cualquier otra instituci\u00f3n, organizaci\u00f3n de la sociedad civil o individuo que est\u00e9 en condiciones de proporcionar informaci\u00f3n pertinente en el presente caso. Asimismo, encarg\u00f3<\/span> <span style=\"font-weight: 400;\">a la delegaci\u00f3n que visite a Nancy Henr\u00edquez en prisi\u00f3n.<\/span><\/p>\n<p><span style=\"font-weight: 400;\">El Consejo expres\u00f3 que \u201cespera sinceramente que las autoridades nacionales competentes cooperen plenamente y que la misi\u00f3n contribuya a encontrar r\u00e1pidamente soluciones satisfactorias a este caso de conformidad con las normas nacionales e internacionales de derechos humanos aplicables\u201d.\u00a0<\/span><\/p>\n<p><span style=\"font-weight: 400;\">Finalmente, la UIP hizo un llamado a todos los parlamentos nacionales, observadores permanentes de la UIP, organizaciones de derechos humanos y la comunidad internacional a tomar medidas concretas para ayudar a resolver estos casos y otros similares en Nicaragua.<\/span><\/p>\n<p><b>Pronunciamiento<\/b><\/p>\n<p><span style=\"font-weight: 400;\">Desde el Instituto sobre Raza, Igualdad y Derechos Humanos, respaldamos el compromiso de la Uni\u00f3n Interparlamentaria con la defensa de los derechos humanos de los parlamentarios y la promoci\u00f3n de la justicia en Nicaragua. Las crecientes denuncias de represi\u00f3n pol\u00edtica y persecuci\u00f3n contra l\u00edderes ind\u00edgenas y opositores pol\u00edticos en Nicaragua son alarmantes. Exhortamos a la comunidad internacional a continuar ejerciendo presi\u00f3n para exigir verdad, justicia, reparaci\u00f3n y no repetici\u00f3n, as\u00ed como la liberaci\u00f3n inmediata de Brooklyn Rivera y Nancy Elizabeth Henr\u00edquez.<\/span><\/p>\n","protected":false},"excerpt":{"rendered":"<p>Ginebra, 23 de octubre 2024.- En la 149\u00aa Asamblea de la Uni\u00f3n Interparlamentaria (UIP), los delegados y delegadas escucharon el impactante testimonio de Tininiska Rivera Castell\u00f3n, hija del l\u00edder ind\u00edgena [&hellip;]<\/p>\n","protected":false},"author":11,"featured_media":19125,"parent":0,"menu_order":0,"template":"","format":"standard","categories":[],"resources_country":[1199],"resources_language":[],"resources_audience":[],"resources_format":[],"resources_topic":[],"resources_year":[],"class_list":["post-19121","resources","type-resources","status-publish","format-standard","has-post-thumbnail","hentry","resources_country-nicaragua-es"],"acf":[],"aioseo_notices":[],"_links":{"self":[{"href":"https:\/\/raceandequality.org\/es\/wp-json\/wp\/v2\/resources\/19121","targetHints":{"allow":["GET"]}}],"collection":[{"href":"https:\/\/raceandequality.org\/es\/wp-json\/wp\/v2\/resources"}],"about":[{"href":"https:\/\/raceandequality.org\/es\/wp-json\/wp\/v2\/types\/resources"}],"author":[{"embeddable":true,"href":"https:\/\/raceandequality.org\/es\/wp-json\/wp\/v2\/users\/11"}],"wp:featuredmedia":[{"embeddable":true,"href":"https:\/\/raceandequality.org\/es\/wp-json\/wp\/v2\/media\/19125"}],"wp:attachment":[{"href":"https:\/\/raceandequality.org\/es\/wp-json\/wp\/v2\/media?parent=19121"}],"wp:term":[{"taxonomy":"category","embeddable":true,"href":"https:\/\/raceandequality.org\/es\/wp-json\/wp\/v2\/categories?post=19121"},{"taxonomy":"resources_country","embeddable":true,"href":"https:\/\/raceandequality.org\/es\/wp-json\/wp\/v2\/resources_country?post=19121"},{"taxonomy":"resources_language","embeddable":true,"href":"https:\/\/raceandequality.org\/es\/wp-json\/wp\/v2\/resources_language?post=19121"},{"taxonomy":"resources_audience","embeddable":true,"href":"https:\/\/raceandequality.org\/es\/wp-json\/wp\/v2\/resources_audience?post=19121"},{"taxonomy":"resources_format","embeddable":true,"href":"https:\/\/raceandequality.org\/es\/wp-json\/wp\/v2\/resources_format?post=19121"},{"taxonomy":"resources_topic","embeddable":true,"href":"https:\/\/raceandequality.org\/es\/wp-json\/wp\/v2\/resources_topic?post=19121"},{"taxonomy":"resources_year","embeddable":true,"href":"https:\/\/raceandequality.org\/es\/wp-json\/wp\/v2\/resources_year?post=19121"}],"curies":[{"name":"wp","href":"https:\/\/api.w.org\/{rel}","templated":true}]}}

Consejo de Gobierno de la Unión Interparlamentaria pide enviar una delegación que investigue desaparición forzada de Brooklyn Rivera en Nicaragua

<p><b>Ginebra, 23 de octubre 2024.-</b><span style="font-weight: 400;"> En la <a href="https://www.ipu.org/news/press-releases/2024-10/ipu-assembly-highlights-alarming-human-rights-violations-against-mps-worldwide">149ª Asamblea</a> de la Unión Interparlamentaria (UIP), los delegados y delegadas escucharon el impactante testimonio de Tininiska Rivera Castellón, hija del líder indígena miskitu y diputado del partido indígena YATAMA, <a href="https://nicaslibresya.org/perfiles_pp/brooklyn-rivera/">Brooklyn Rivera Brya</a>n, desaparecido forzosamente desde septiembre de 2023. El </span><span style="font-weight: 400;">Consejo de Gobierno</span><span style="font-weight: 400;"> de la UIP decidió solicitar al Comité de Derechos Humanos de los Parlamentarios enviar una delegación a Nicaragua para reunirse con autoridades de los poderes del Estado, otras instituciones u organizaciones que puedan ofrecer información sobre el caso de Rivera y su diputada suplente <a href="https://nicaslibresya.org/perfiles_pp/nancy-henriquez/">Nancy Henríquez.</a></span></p>
<p><b>Brooklyn Rivera</b> <b>Bryan </b><span style="font-weight: 400;">fue arrestado arbitrariamente en su hogar en Bilwi, y desde entonces, su paradero sigue siendo desconocido. Su hija Tininiska, durante su intervención, destacó el legado de su padre como líder de la comunidad miskitu y defensor incansable de los territorios indígenas. Asimismo, denunció la persecución que ha sufrido su familia, y pidió a los parlamentarios de todo el mundo que “</span><i><span style="font-weight: 400;">tomen acción concreta en el caso de mi padre para que las autoridades del gobierno de Nicaragua den prueba de vida de mi padre e información sobre su paradero, su estado de salud; y se unan a las voces que ya exigen su liberación inmediata”</span></i><span style="font-weight: 400;">.  </span></p>
<p><b>Nancy Elizabeth Henríquez James</b><span style="font-weight: 400;">, también líder indígena miskitu, asumió el cargo parlamentario de Brooklyn Rivera como su suplente en abril de 2023. El 1 de octubre de 2023, fue arrestada por oficiales de la policía encubiertos, y su paradero permaneció desconocido durante aproximadamente dos meses. El día 13 de diciembre de 2023, fue condenada a ocho años de prisión en un juicio llevado a cabo dentro de la prisión de mujeres «La Esperanza», donde se le negó el derecho a una representación legal.</span></p>
<p><span style="font-weight: 400;">Hasta la fecha, el diputado Brooklyn Rivera Bryan y Nancy Henríquez James no han sido objeto de ningún procedimiento legal para el cese de su mandato en el Parlamento nicaragüense; sin embargo, ambos han sido eliminados de la lista de miembros de la Asamblea Nacional.</span></p>
<p><b>UIP no ha recibido información de la Asamblea nicaragüense</b></p>
<p><span style="font-weight: 400;">Según el documento Decisiones del Comité de Derechos Humanos de los Parlamentarios, la UIP ha solicitado formalmente información y comentarios oficiales a la Asamblea Nacional sobre ambos casos en abril y septiembre de este año; sin embargo, hasta la fecha, el Parlamento nicaragüense no ha presentado ninguna información. Al respecto, la UIP alentó a la Asamblea Nacional de Nicaragua a entablar “</span><i><span style="font-weight: 400;">un diálogo constructivo y continuo con el Comité a fin de garantizar una solución satisfactoria y rápida</span></i><span style="font-weight: 400;">”.</span></p>
<p><span style="font-weight: 400;">La UIP expresó su profunda preocupación porque la desaparición de Brooklyn Rivera está presuntamente relacionada con sus actividades parlamentarias como diputado de la oposición y dirigente indígena, y con su participación en la 22ª sesión del Foro Permanente de las Naciones Unidas para las Cuestiones Indígenas, celebrada en Nueva York en abril de 2023. La UIP enfatizó en la responsabilidad de las autoridades nicaragüenses de investigar exhaustivamente su desaparición y de garantizar el derecho de su familia a ser informada sobre su situación.</span></p>
<p><span style="font-weight: 400;">En el caso de Nancy Henríquez, la Comisión manifestó preocupación por las graves violaciones al derecho de un juicio justo, así como por el deterioro de su salud. La UIP exigió que se le proporcione tratamiento médico adecuado de manera urgente.</span></p>
<p><span style="font-weight: 400;">“Los ataques y represalias contra parlamentarios por su labor violan sus derechos fundamentales y socavan el papel del parlamento como institución”, cita el documento de Decisiones del Comité.</span></p>
<p><b>Misión de la UIP a Nicaragua</b></p>
<p><span style="font-weight: 400;">El </span><span style="font-weight: 400;">Consejo de Gobierno</span><span style="font-weight: 400;"> de la UIP solicitó al Comité de Derechos Humanos de los Parlamentarios que envíe una delegación a Nicaragua lo antes posible para que se reúna con todas las autoridades que ejercen poderes legislativos, ejecutivos o judiciales, así como con las autoridades penitenciarias competentes y cualquier otra institución, organización de la sociedad civil o individuo que esté en condiciones de proporcionar información pertinente en el presente caso. Asimismo, encargó</span> <span style="font-weight: 400;">a la delegación que visite a Nancy Henríquez en prisión.</span></p>
<p><span style="font-weight: 400;">El Consejo expresó que “espera sinceramente que las autoridades nacionales competentes cooperen plenamente y que la misión contribuya a encontrar rápidamente soluciones satisfactorias a este caso de conformidad con las normas nacionales e internacionales de derechos humanos aplicables”. </span></p>
<p><span style="font-weight: 400;">Finalmente, la UIP hizo un llamado a todos los parlamentos nacionales, observadores permanentes de la UIP, organizaciones de derechos humanos y la comunidad internacional a tomar medidas concretas para ayudar a resolver estos casos y otros similares en Nicaragua.</span></p>
<p><b>Pronunciamiento</b></p>
<p><span style="font-weight: 400;">Desde el Instituto sobre Raza, Igualdad y Derechos Humanos, respaldamos el compromiso de la Unión Interparlamentaria con la defensa de los derechos humanos de los parlamentarios y la promoción de la justicia en Nicaragua. Las crecientes denuncias de represión política y persecución contra líderes indígenas y opositores políticos en Nicaragua son alarmantes. Exhortamos a la comunidad internacional a continuar ejerciendo presión para exigir verdad, justicia, reparación y no repetición, así como la liberación inmediata de Brooklyn Rivera y Nancy Elizabeth Henríquez.</span></p>

<p>Ginebra, 23 de octubre 2024.- En la 149ª Asamblea de la Unión Interparlamentaria (UIP), los delegados y delegadas escucharon el impactante testimonio de Tininiska Rivera Castellón, hija del líder indígena [&hellip;]</p>
