{"id":19212,"date":"2024-11-05T15:07:56","date_gmt":"2024-11-05T15:07:56","guid":{"rendered":"https:\/\/raceandequality.org\/?post_type=resources&#038;p=19212"},"modified":"2024-11-05T15:07:56","modified_gmt":"2024-11-05T15:07:56","slug":"situacion-personas-defensoras-derechos-humanos-republica-dominicana","status":"publish","type":"resources","link":"https:\/\/raceandequality.org\/es\/resources\/situacion-personas-defensoras-derechos-humanos-republica-dominicana\/","title":{"rendered":"Organizaciones de sociedad civil expresamos preocupaci\u00f3n por el agravamiento de la situaci\u00f3n de personas defensoras de derechos humanos en Rep\u00fablica Dominicana"},"content":{"rendered":"<ul>\n<li>\n<h6>Desde el inicio del plan para incrementar las deportaciones, se han denunciado m\u00faltiples violaciones a los derechos humanos, incluyendo expulsiones masivas y deportaci\u00f3n de ni\u00f1as, ni\u00f1os y adolescentes no acompa\u00f1ados.<\/h6>\n<\/li>\n<li>\n<h6>Las denuncias de violaciones de derechos humanos en la Rep\u00fablica Dominicana han conducido a un aumento en las agresiones y ataques a organizaciones de la sociedad civil y a activistas que promueven y defienden los derechos de las personas inmigrantes haitianas y sus descendientes.<\/h6>\n<\/li>\n<\/ul>\n<p><strong>Washington D.C., 5 de noviembre del 2024.<\/strong>&#8211; Las organizaciones abajo firmantes, que hemos trabajado durante d\u00e9cadas en favor de la protecci\u00f3n y promoci\u00f3n de los derechos humanos en la Rep\u00fablica Dominicana, expresamos nuestra profunda preocupaci\u00f3n por la alarmante escalada de hostilidad, acoso y violencia hacia personas y organizaciones defensoras de derechos humanos en la Rep\u00fablica Dominicana.<\/p>\n<p>El pasado 2 de octubre el presidente Luis Abinader, <a href=\"https:\/\/presidencia.gob.do\/noticias\/consejo-de-seguridad-y-defensa-nacional-acuerda-operativo-para-repatriar-hasta-10000\">anunci\u00f3 la implementaci\u00f3n inmediata de un plan<\/a> para deportar semanalmente a m\u00e1s de 10.000 personas en \u201csituaci\u00f3n migratoria irregular\u201d. Desde entonces, diversas organizaciones de sociedad civil que trabajan en la protecci\u00f3n de los derechos de las personas migrantes y ap\u00e1tridas han denunciado m\u00faltiples violaciones a los derechos humanos, tales como <a href=\"https:\/\/x.com\/search?q=ca%C3%B1eros%20organizados&amp;src=typed_query\">expulsiones <\/a>colectivas, <a href=\"https:\/\/www.diariolibre.com\/actualidad\/nacional\/2024\/10\/06\/migracion-detiene-y-deporta-menores-de-edad-haitianos\/2872271?utm_source=whatsapp&amp;utm_medium=social&amp;utm_campaign=whatsapp\">deportaci\u00f3n de ni\u00f1as, ni\u00f1os y adolescentes<\/a> no acompa\u00f1ados<a href=\"https:\/\/x.com\/EsclavizadosRD\/status\/1843619362353356951\">, confiscaci\u00f3n de documentos de identidad<\/a> y <a href=\"https:\/\/x.com\/EsclavizadosRD\/status\/1843619362353356951\">hacinamiento en los centros de detenci\u00f3n<\/a>.<\/p>\n<p>A ra\u00edz de estas denuncias se han incrementado las agresiones, discursos estigmatizantes y ataques a organizaciones de sociedad civil y personas defensoras de derechos humanos. Recientemente, el 8 de octubre, integrantes de un grupo autodenominado \u201cMovimiento C\u00f3digo Patria\u201d <a href=\"https:\/\/acento.com.do\/actualidad\/grupo-de-supuestos-patriotas-amenazan-a-organizacion-moschta-y-agreden-a-un-hombre-9405651.html\">amenazaron <\/a>a integrantes del <a href=\"https:\/\/moscthaong.org\/historia.html\">Movimiento Sociocultural de Trabajo Humanitario y Ambiental<\/a><a href=\"https:\/\/moscthaong.org\/historia.html\"><strong> (<\/strong><\/a><a href=\"https:\/\/moscthaong.org\/historia.html\">MOSCTHA).<\/a> Tan solo cuatro d\u00edas m\u00e1s tarde se llev\u00f3 a cabo\u00a0 la <a href=\"https:\/\/x.com\/reconoci_do\/status\/1845564411739525271\">detenci\u00f3n arbitraria de Franklin <\/a><a href=\"https:\/\/x.com\/reconoci_do\/status\/1845564411739525271\">Dinol<\/a>, coordinador del <a href=\"https:\/\/www.reconoci.do\/\">Movimiento Reconoci.do<\/a>. Esta no es la primera vez que se\u00a0 atenta contra organizaciones de la sociedad civil o sus integrantes. En diciembre de 2022, tuvo lugar un <a href=\"https:\/\/www.frontlinedefenders.org\/es\/statement-report\/concern-security-members-movimiento-de-mujeres-dominico-haitianas-dominican\">allanamiento ilegal<\/a> en las oficinas del Movimiento de Mujeres Dominico-Haitianas (MUDHA).<\/p>\n<p>Las recientes agresiones se inscriben en un contexto m\u00e1s amplio de racismo, xenofobia y persecuci\u00f3n contra personas defensoras de derechos humanos en el pa\u00eds, que ha sido reconocido y condenado por la <a href=\"https:\/\/www.oas.org\/pt\/CIDH\/jsForm\/?File=\/es\/cidh\/prensa\/comunicados\/2024\/248.asp&amp;utm_content=country-dom&amp;utm_term=class-mon\">Comisi\u00f3n Interamericana<\/a>, la <a href=\"https:\/\/corteidh.or.cr\/docs\/casos\/articulos\/seriec_282_esp.pdf\">Corte Interamericana<\/a> y las <a href=\"https:\/\/documents.un.org\/doc\/undoc\/gen\/g24\/090\/61\/pdf\/g2409061.pdf\">Naciones Unidas<\/a>. A pesar de la gravedad de esta situaci\u00f3n, el gobierno de Luis Abinader no cuenta con una pol\u00edtica p\u00fablica espec\u00edfica para la protecci\u00f3n de las personas defensoras de derechos humanos. Aunque el Estado cuenta con un <a href=\"https:\/\/mirex.gob.do\/mirex-presenta-actualizacion-y-extension-del-plan-nacional-de-derechos-humanos-del-gobierno-dominicano\/\">Plan Nacional de Derechos Humanos (PNDH)<\/a>, el cual establece objetivos para promover y defender los derechos humanos de todas las personas en el pa\u00eds, el mismo carece de medidas concretas que salvaguarden a quienes se dedican a la defensa de estos derechos, aunado a la situaci\u00f3n de riesgo de quienes se dedican a la protecci\u00f3n y defensa de los derechos humanos.<\/p>\n<p>Recordamos que los est\u00e1ndares internacionales establecen la obligaci\u00f3n de los Estados de <a href=\"https:\/\/www.oas.org\/es\/cidh\/informes\/pdfs\/Proteccion-Personas-Defensoras.pdf\">adoptar pol\u00edticas p\u00fablicas, medidas legislativas y reglamentarias para garantizar que quienes promuevan y defienden derechos humanos puedan hacerlo sin represalias.<\/a> Asimismo, destacamos que los Estados tienen la obligaci\u00f3n de <a href=\"https:\/\/www.ohchr.org\/es\/special-procedures\/sr-human-rights-defenders\/declaration-human-rights-defenders\">investigar , perseguir y sancionar seria y eficazmente las amenazas, discursos de odios y atentados en su contra<\/a>, puesto que mantener los hechos en la<a href=\"https:\/\/www.corteidh.or.cr\/docs\/casos\/articulos\/seriec_506_esp.pdf\"> impunidad puede llevar a su repetici\u00f3n y el amedrentamiento de otras personas defensoras.<\/a><\/p>\n<p>El gobierno de Luis Abinader, tiene la obligaci\u00f3n de cumplir con los compromisos adquiridos en virtud de estos instrumentos. En este sentido, las organizaciones firmantes exhortamos al Estado a adoptar una pol\u00edtica p\u00fablica que garantice la protecci\u00f3n de las personas defensoras de derechos humanos y a actuar con la debida diligencia para investigar las agresiones cometidas en su contra.<\/p>\n<p><strong>Firman:<\/strong><\/p>\n<p>Amnist\u00eda Internacional<\/p>\n<p>Centro por la Justicia y el Derecho Internacional<\/p>\n<p>Cl\u00ednica de Derechos Humanos de la Universidad de Santa Clara<\/p>\n<p>Colectivo #HaitianosRD<\/p>\n<p>Fundaci\u00f3n C\u00f3nclave Investigativo de las Ciencias Jur\u00eddicas Y Sociales (CIJYS)<\/p>\n<p>Global Justice Clinic, NYU School of Law<\/p>\n<p>Instituto sobre Raza, Igualdad y Derechos Humanos (Raza e Igualdad)<\/p>\n<p>Instituto Caribe\u00f1o de Derechos Humanos (ICADH)<\/p>\n<p>Movimiento Sociocultural de Trabajo Humanitario y Ambiental (MOSCTHA)<\/p>\n<p>Robert F. Kennedy Human Rights<\/p>\n","protected":false},"excerpt":{"rendered":"<p>Desde el inicio del plan para incrementar las deportaciones, se han denunciado m\u00faltiples violaciones a los derechos humanos, incluyendo expulsiones masivas y deportaci\u00f3n de ni\u00f1as, ni\u00f1os y adolescentes no acompa\u00f1ados. [&hellip;]<\/p>\n","protected":false},"author":8,"featured_media":19213,"parent":0,"menu_order":0,"template":"","format":"standard","categories":[],"resources_country":[1195],"resources_language":[],"resources_audience":[],"resources_format":[],"resources_topic":[1097],"resources_year":[],"class_list":["post-19212","resources","type-resources","status-publish","format-standard","has-post-thumbnail","hentry","resources_country-republica-dominicana","resources_topic-derechos-humanos"],"acf":[],"aioseo_notices":[],"_links":{"self":[{"href":"https:\/\/raceandequality.org\/es\/wp-json\/wp\/v2\/resources\/19212","targetHints":{"allow":["GET"]}}],"collection":[{"href":"https:\/\/raceandequality.org\/es\/wp-json\/wp\/v2\/resources"}],"about":[{"href":"https:\/\/raceandequality.org\/es\/wp-json\/wp\/v2\/types\/resources"}],"author":[{"embeddable":true,"href":"https:\/\/raceandequality.org\/es\/wp-json\/wp\/v2\/users\/8"}],"wp:featuredmedia":[{"embeddable":true,"href":"https:\/\/raceandequality.org\/es\/wp-json\/wp\/v2\/media\/19213"}],"wp:attachment":[{"href":"https:\/\/raceandequality.org\/es\/wp-json\/wp\/v2\/media?parent=19212"}],"wp:term":[{"taxonomy":"category","embeddable":true,"href":"https:\/\/raceandequality.org\/es\/wp-json\/wp\/v2\/categories?post=19212"},{"taxonomy":"resources_country","embeddable":true,"href":"https:\/\/raceandequality.org\/es\/wp-json\/wp\/v2\/resources_country?post=19212"},{"taxonomy":"resources_language","embeddable":true,"href":"https:\/\/raceandequality.org\/es\/wp-json\/wp\/v2\/resources_language?post=19212"},{"taxonomy":"resources_audience","embeddable":true,"href":"https:\/\/raceandequality.org\/es\/wp-json\/wp\/v2\/resources_audience?post=19212"},{"taxonomy":"resources_format","embeddable":true,"href":"https:\/\/raceandequality.org\/es\/wp-json\/wp\/v2\/resources_format?post=19212"},{"taxonomy":"resources_topic","embeddable":true,"href":"https:\/\/raceandequality.org\/es\/wp-json\/wp\/v2\/resources_topic?post=19212"},{"taxonomy":"resources_year","embeddable":true,"href":"https:\/\/raceandequality.org\/es\/wp-json\/wp\/v2\/resources_year?post=19212"}],"curies":[{"name":"wp","href":"https:\/\/api.w.org\/{rel}","templated":true}]}}

Organizaciones de sociedad civil expresamos preocupación por el agravamiento de la situación de personas defensoras de derechos humanos en República Dominicana

<ul>
<li>
<h6>Desde el inicio del plan para incrementar las deportaciones, se han denunciado múltiples violaciones a los derechos humanos, incluyendo expulsiones masivas y deportación de niñas, niños y adolescentes no acompañados.</h6>
</li>
<li>
<h6>Las denuncias de violaciones de derechos humanos en la República Dominicana han conducido a un aumento en las agresiones y ataques a organizaciones de la sociedad civil y a activistas que promueven y defienden los derechos de las personas inmigrantes haitianas y sus descendientes.</h6>
</li>
</ul>
<p><strong>Washington D.C., 5 de noviembre del 2024.</strong>&#8211; Las organizaciones abajo firmantes, que hemos trabajado durante décadas en favor de la protección y promoción de los derechos humanos en la República Dominicana, expresamos nuestra profunda preocupación por la alarmante escalada de hostilidad, acoso y violencia hacia personas y organizaciones defensoras de derechos humanos en la República Dominicana.</p>
<p>El pasado 2 de octubre el presidente Luis Abinader, <a href="https://presidencia.gob.do/noticias/consejo-de-seguridad-y-defensa-nacional-acuerda-operativo-para-repatriar-hasta-10000">anunció la implementación inmediata de un plan</a> para deportar semanalmente a más de 10.000 personas en “situación migratoria irregular”. Desde entonces, diversas organizaciones de sociedad civil que trabajan en la protección de los derechos de las personas migrantes y apátridas han denunciado múltiples violaciones a los derechos humanos, tales como <a href="https://x.com/search?q=ca%C3%B1eros%20organizados&amp;src=typed_query">expulsiones </a>colectivas, <a href="https://www.diariolibre.com/actualidad/nacional/2024/10/06/migracion-detiene-y-deporta-menores-de-edad-haitianos/2872271?utm_source=whatsapp&amp;utm_medium=social&amp;utm_campaign=whatsapp">deportación de niñas, niños y adolescentes</a> no acompañados<a href="https://x.com/EsclavizadosRD/status/1843619362353356951">, confiscación de documentos de identidad</a> y <a href="https://x.com/EsclavizadosRD/status/1843619362353356951">hacinamiento en los centros de detención</a>.</p>
<p>A raíz de estas denuncias se han incrementado las agresiones, discursos estigmatizantes y ataques a organizaciones de sociedad civil y personas defensoras de derechos humanos. Recientemente, el 8 de octubre, integrantes de un grupo autodenominado “Movimiento Código Patria” <a href="https://acento.com.do/actualidad/grupo-de-supuestos-patriotas-amenazan-a-organizacion-moschta-y-agreden-a-un-hombre-9405651.html">amenazaron </a>a integrantes del <a href="https://moscthaong.org/historia.html">Movimiento Sociocultural de Trabajo Humanitario y Ambiental</a><a href="https://moscthaong.org/historia.html"><strong> (</strong></a><a href="https://moscthaong.org/historia.html">MOSCTHA).</a> Tan solo cuatro días más tarde se llevó a cabo  la <a href="https://x.com/reconoci_do/status/1845564411739525271">detención arbitraria de Franklin </a><a href="https://x.com/reconoci_do/status/1845564411739525271">Dinol</a>, coordinador del <a href="https://www.reconoci.do/">Movimiento Reconoci.do</a>. Esta no es la primera vez que se  atenta contra organizaciones de la sociedad civil o sus integrantes. En diciembre de 2022, tuvo lugar un <a href="https://www.frontlinedefenders.org/es/statement-report/concern-security-members-movimiento-de-mujeres-dominico-haitianas-dominican">allanamiento ilegal</a> en las oficinas del Movimiento de Mujeres Dominico-Haitianas (MUDHA).</p>
<p>Las recientes agresiones se inscriben en un contexto más amplio de racismo, xenofobia y persecución contra personas defensoras de derechos humanos en el país, que ha sido reconocido y condenado por la <a href="https://www.oas.org/pt/CIDH/jsForm/?File=/es/cidh/prensa/comunicados/2024/248.asp&amp;utm_content=country-dom&amp;utm_term=class-mon">Comisión Interamericana</a>, la <a href="https://corteidh.or.cr/docs/casos/articulos/seriec_282_esp.pdf">Corte Interamericana</a> y las <a href="https://documents.un.org/doc/undoc/gen/g24/090/61/pdf/g2409061.pdf">Naciones Unidas</a>. A pesar de la gravedad de esta situación, el gobierno de Luis Abinader no cuenta con una política pública específica para la protección de las personas defensoras de derechos humanos. Aunque el Estado cuenta con un <a href="https://mirex.gob.do/mirex-presenta-actualizacion-y-extension-del-plan-nacional-de-derechos-humanos-del-gobierno-dominicano/">Plan Nacional de Derechos Humanos (PNDH)</a>, el cual establece objetivos para promover y defender los derechos humanos de todas las personas en el país, el mismo carece de medidas concretas que salvaguarden a quienes se dedican a la defensa de estos derechos, aunado a la situación de riesgo de quienes se dedican a la protección y defensa de los derechos humanos.</p>
<p>Recordamos que los estándares internacionales establecen la obligación de los Estados de <a href="https://www.oas.org/es/cidh/informes/pdfs/Proteccion-Personas-Defensoras.pdf">adoptar políticas públicas, medidas legislativas y reglamentarias para garantizar que quienes promuevan y defienden derechos humanos puedan hacerlo sin represalias.</a> Asimismo, destacamos que los Estados tienen la obligación de <a href="https://www.ohchr.org/es/special-procedures/sr-human-rights-defenders/declaration-human-rights-defenders">investigar , perseguir y sancionar seria y eficazmente las amenazas, discursos de odios y atentados en su contra</a>, puesto que mantener los hechos en la<a href="https://www.corteidh.or.cr/docs/casos/articulos/seriec_506_esp.pdf"> impunidad puede llevar a su repetición y el amedrentamiento de otras personas defensoras.</a></p>
<p>El gobierno de Luis Abinader, tiene la obligación de cumplir con los compromisos adquiridos en virtud de estos instrumentos. En este sentido, las organizaciones firmantes exhortamos al Estado a adoptar una política pública que garantice la protección de las personas defensoras de derechos humanos y a actuar con la debida diligencia para investigar las agresiones cometidas en su contra.</p>
<p><strong>Firman:</strong></p>
<p>Amnistía Internacional</p>
<p>Centro por la Justicia y el Derecho Internacional</p>
<p>Clínica de Derechos Humanos de la Universidad de Santa Clara</p>
<p>Colectivo #HaitianosRD</p>
<p>Fundación Cónclave Investigativo de las Ciencias Jurídicas Y Sociales (CIJYS)</p>
<p>Global Justice Clinic, NYU School of Law</p>
<p>Instituto sobre Raza, Igualdad y Derechos Humanos (Raza e Igualdad)</p>
<p>Instituto Caribeño de Derechos Humanos (ICADH)</p>
<p>Movimiento Sociocultural de Trabajo Humanitario y Ambiental (MOSCTHA)</p>
<p>Robert F. Kennedy Human Rights</p>

<p>Desde el inicio del plan para incrementar las deportaciones, se han denunciado múltiples violaciones a los derechos humanos, incluyendo expulsiones masivas y deportación de niñas, niños y adolescentes no acompañados. [&hellip;]</p>
