{"id":19677,"date":"2025-01-15T17:03:09","date_gmt":"2025-01-15T17:03:09","guid":{"rendered":"https:\/\/raceandequality.org\/?post_type=resources&#038;p=19677"},"modified":"2025-01-15T17:03:09","modified_gmt":"2025-01-15T17:03:09","slug":"celebramos-el-anuncio-de-excarcelacion-en-cuba-y-exigimos-que-todas-las-personas-privadas-de-libertad-por-motivos-politicos-sean-liberadas-sin-condiciones","status":"publish","type":"resources","link":"https:\/\/raceandequality.org\/es\/resources\/celebramos-el-anuncio-de-excarcelacion-en-cuba-y-exigimos-que-todas-las-personas-privadas-de-libertad-por-motivos-politicos-sean-liberadas-sin-condiciones\/","title":{"rendered":"Celebramos el anuncio de excarcelaci\u00f3n en Cuba, y exigimos que todas las personas privadas de libertad por motivos pol\u00edticos sean liberadas sin condiciones"},"content":{"rendered":"<p><b>Washington D.C., 15 de enero de 2024<\/b><span style=\"font-weight: 400;\"> \u2013 \u201cEl presidente D\u00edaz-Canel dirigi\u00f3 una carta al Sumo Pont\u00edfice (el Papa Francisco) en la que, en el esp\u00edritu del Jubileo Ordinario de 2025 declarado por Su Santidad, comunic\u00f3 la decisi\u00f3n de beneficiar con el otorgamiento de libertad a 553 personas sancionadas en debido proceso por delitos diversos contemplados en la ley\u201d, as\u00ed se lee el <\/span><a href=\"https:\/\/www.presidencia.gob.cu\/es\/noticias\/en-el-espiritu-del-jubileo-ordinario-de-2025-libera-el-estado-cubano-a-personas-que-cumplen-sancion\/\"><span style=\"font-weight: 400;\">anuncio<\/span><\/a><span style=\"font-weight: 400;\"> de liberaci\u00f3n que fue publicado este martes 14 de enero en un comunicado del Ministerio de Relaciones Exteriores de Cuba. No se menciona qui\u00e9nes ser\u00e1n las personas liberadas, ni si han sido encarceladas por motivos pol\u00edticos, ni cu\u00e1ndo ni c\u00f3mo saldr\u00e1n de prisi\u00f3n.\u00a0<\/span><\/p>\n<p><span style=\"font-weight: 400;\">El comunicado, que se conoci\u00f3 luego de que el presidente Joe Biden diera a conocer la eliminaci\u00f3n de Cuba de la lista de Estados patrocinadores del terrorismo, desencaden\u00f3 decenas de art\u00edculos y reacciones en los principales medios del mundo. Desde el Instituto sobre Raza, Igualdad y Derechos Humanos (Raza e Igualdad) celebramos esta medida, y exigimos al r\u00e9gimen autoritario cubano, la liberaci\u00f3n inmediata y sin condiciones de todas las personas privadas de libertad por motivos pol\u00edticos.\u00a0<\/span><\/p>\n<p><strong>De acuerdo con la organizaci\u00f3n <a href=\"https:\/\/justicia11j.org\/liberacion-de-personas-privadas-de-libertad\/\">Justicia 11J<\/a>, hasta este martes 14 de enero hab\u00edan 880 personas en prisi\u00f3n por exigir sus derechos en la Isla, y del total de esta cifra, 549 hab\u00edan participado en las protestas del 11 de julio de 2021. Estas \u00faltimas fueron reprimidas violentamente por las autoridades cubanas, que en aquel entonces <a href=\"https:\/\/justicia11j.org\/2024-un-ano-de-mas-protestas-en-cuba-pese-a-la-represion-del-estado\/\">detuvieron de forma arbitraria a m\u00e1s 1500 personas<\/a>.\u00a0<\/strong><\/p>\n<p><strong>\u201cEste anuncio es importante para las personas privadas de libertad y sus familias, y tambi\u00e9n es un llamado al Estado cubano para que libere de forma de inmediata a todas las personas que permanecen injustamente en las c\u00e1rceles cubanas, donde a diario se denuncian casos de represi\u00f3n, escasez de alimentos y falta de atenci\u00f3n m\u00e9dica\u201d, afirma Carlos Quesada, director Ejecutivo de Raza e Igualdad.\u00a0<\/strong><\/p>\n<p><span style=\"font-weight: 400;\">Desde el Instituto damos seguimiento al anuncio de liberaci\u00f3n hecho por el Estado cubano e invitamos a la comunidad internacional para que est\u00e9 atenta a c\u00f3mo transcurre esta medida, que tanto desean las personas presas y sus familias. Esperamos que en las pr\u00f3ximas horas se conozcan los nombres de las 553 personas que ser\u00e1n liberadas, y bajo qu\u00e9 condiciones. Del mismo modo, pedimos a las autoridades cubanas que reconozcan y respeten los derechos humanos de todos sus habitantes sin discriminaci\u00f3n de ningun tipo.<\/span><\/p>\n<p><br style=\"font-weight: 400;\" \/><br style=\"font-weight: 400;\" \/><\/p>\n","protected":false},"excerpt":{"rendered":"<p>El Ministerio de Relaciones Exteriores del gobierno cubano anunci\u00f3 este martes 14 de enero que liberar\u00eda a 553 personas sancionadas en debido proceso por delitos diversos contemplados en la ley. La medida se conoci\u00f3 luego de que el presidente Joe Biden anunciara la eliminaci\u00f3n de Cuba de la lista de Estados patrocinadores del terrorismo.<\/p>\n","protected":false},"author":12,"featured_media":19678,"parent":0,"menu_order":0,"template":"","format":"standard","categories":[],"resources_country":[1193],"resources_language":[],"resources_audience":[],"resources_format":[],"resources_topic":[1097],"resources_year":[],"class_list":["post-19677","resources","type-resources","status-publish","format-standard","has-post-thumbnail","hentry","resources_country-cuba-es","resources_topic-derechos-humanos"],"acf":[],"aioseo_notices":[],"_links":{"self":[{"href":"https:\/\/raceandequality.org\/es\/wp-json\/wp\/v2\/resources\/19677","targetHints":{"allow":["GET"]}}],"collection":[{"href":"https:\/\/raceandequality.org\/es\/wp-json\/wp\/v2\/resources"}],"about":[{"href":"https:\/\/raceandequality.org\/es\/wp-json\/wp\/v2\/types\/resources"}],"author":[{"embeddable":true,"href":"https:\/\/raceandequality.org\/es\/wp-json\/wp\/v2\/users\/12"}],"wp:featuredmedia":[{"embeddable":true,"href":"https:\/\/raceandequality.org\/es\/wp-json\/wp\/v2\/media\/19678"}],"wp:attachment":[{"href":"https:\/\/raceandequality.org\/es\/wp-json\/wp\/v2\/media?parent=19677"}],"wp:term":[{"taxonomy":"category","embeddable":true,"href":"https:\/\/raceandequality.org\/es\/wp-json\/wp\/v2\/categories?post=19677"},{"taxonomy":"resources_country","embeddable":true,"href":"https:\/\/raceandequality.org\/es\/wp-json\/wp\/v2\/resources_country?post=19677"},{"taxonomy":"resources_language","embeddable":true,"href":"https:\/\/raceandequality.org\/es\/wp-json\/wp\/v2\/resources_language?post=19677"},{"taxonomy":"resources_audience","embeddable":true,"href":"https:\/\/raceandequality.org\/es\/wp-json\/wp\/v2\/resources_audience?post=19677"},{"taxonomy":"resources_format","embeddable":true,"href":"https:\/\/raceandequality.org\/es\/wp-json\/wp\/v2\/resources_format?post=19677"},{"taxonomy":"resources_topic","embeddable":true,"href":"https:\/\/raceandequality.org\/es\/wp-json\/wp\/v2\/resources_topic?post=19677"},{"taxonomy":"resources_year","embeddable":true,"href":"https:\/\/raceandequality.org\/es\/wp-json\/wp\/v2\/resources_year?post=19677"}],"curies":[{"name":"wp","href":"https:\/\/api.w.org\/{rel}","templated":true}]}}

Celebramos el anuncio de excarcelación en Cuba, y exigimos que todas las personas privadas de libertad por motivos políticos sean liberadas sin condiciones

<p><b>Washington D.C., 15 de enero de 2024</b><span style="font-weight: 400;"> – “El presidente Díaz-Canel dirigió una carta al Sumo Pontífice (el Papa Francisco) en la que, en el espíritu del Jubileo Ordinario de 2025 declarado por Su Santidad, comunicó la decisión de beneficiar con el otorgamiento de libertad a 553 personas sancionadas en debido proceso por delitos diversos contemplados en la ley”, así se lee el </span><a href="https://www.presidencia.gob.cu/es/noticias/en-el-espiritu-del-jubileo-ordinario-de-2025-libera-el-estado-cubano-a-personas-que-cumplen-sancion/"><span style="font-weight: 400;">anuncio</span></a><span style="font-weight: 400;"> de liberación que fue publicado este martes 14 de enero en un comunicado del Ministerio de Relaciones Exteriores de Cuba. No se menciona quiénes serán las personas liberadas, ni si han sido encarceladas por motivos políticos, ni cuándo ni cómo saldrán de prisión. </span></p>
<p><span style="font-weight: 400;">El comunicado, que se conoció luego de que el presidente Joe Biden diera a conocer la eliminación de Cuba de la lista de Estados patrocinadores del terrorismo, desencadenó decenas de artículos y reacciones en los principales medios del mundo. Desde el Instituto sobre Raza, Igualdad y Derechos Humanos (Raza e Igualdad) celebramos esta medida, y exigimos al régimen autoritario cubano, la liberación inmediata y sin condiciones de todas las personas privadas de libertad por motivos políticos. </span></p>
<p><strong>De acuerdo con la organización <a href="https://justicia11j.org/liberacion-de-personas-privadas-de-libertad/">Justicia 11J</a>, hasta este martes 14 de enero habían 880 personas en prisión por exigir sus derechos en la Isla, y del total de esta cifra, 549 habían participado en las protestas del 11 de julio de 2021. Estas últimas fueron reprimidas violentamente por las autoridades cubanas, que en aquel entonces <a href="https://justicia11j.org/2024-un-ano-de-mas-protestas-en-cuba-pese-a-la-represion-del-estado/">detuvieron de forma arbitraria a más 1500 personas</a>. </strong></p>
<p><strong>“Este anuncio es importante para las personas privadas de libertad y sus familias, y también es un llamado al Estado cubano para que libere de forma de inmediata a todas las personas que permanecen injustamente en las cárceles cubanas, donde a diario se denuncian casos de represión, escasez de alimentos y falta de atención médica”, afirma Carlos Quesada, director Ejecutivo de Raza e Igualdad. </strong></p>
<p><span style="font-weight: 400;">Desde el Instituto damos seguimiento al anuncio de liberación hecho por el Estado cubano e invitamos a la comunidad internacional para que esté atenta a cómo transcurre esta medida, que tanto desean las personas presas y sus familias. Esperamos que en las próximas horas se conozcan los nombres de las 553 personas que serán liberadas, y bajo qué condiciones. Del mismo modo, pedimos a las autoridades cubanas que reconozcan y respeten los derechos humanos de todos sus habitantes sin discriminación de ningun tipo.</span></p>
<p><br style="font-weight: 400;" /><br style="font-weight: 400;" /></p>

<p>El Ministerio de Relaciones Exteriores del gobierno cubano anunció este martes 14 de enero que liberaría a 553 personas sancionadas en debido proceso por delitos diversos contemplados en la ley. La medida se conoció luego de que el presidente Joe Biden anunciara la eliminación de Cuba de la lista de Estados patrocinadores del terrorismo.</p>
