{"id":19732,"date":"2025-01-27T15:19:34","date_gmt":"2025-01-27T15:19:34","guid":{"rendered":"https:\/\/raceandequality.org\/?post_type=resources&#038;p=19732"},"modified":"2025-01-27T15:20:18","modified_gmt":"2025-01-27T15:20:18","slug":"cidh-admite-caso-de-lesbianas-peruanas-que-exigen-entrega-de-dni-para-su-hijo-con-datos-de-ambas-madres","status":"publish","type":"resources","link":"https:\/\/raceandequality.org\/es\/resources\/cidh-admite-caso-de-lesbianas-peruanas-que-exigen-entrega-de-dni-para-su-hijo-con-datos-de-ambas-madres\/","title":{"rendered":"CIDH admite caso de lesbianas peruanas que exigen entrega de DNI para su hijo con datos de ambas madres"},"content":{"rendered":"<p><strong>Lima, 24 de enero de 2024.-<\/strong> La Comisi\u00f3n Interamericana de Derechos Humanos (CIDH) notific\u00f3 a las ciudadanas peruanas Darling Delf\u00edn Ponce y Jenny Trujillo Cueva, as\u00ed como a sus representantes legales DEMUS, Lesbianas Independientes Feministas Socialistas \u2013 LIFS, Instituto sobre Raza, Igualdad y Derechos Humanos (Raza e Igualdad) y M\u00e1s Igualdad Per\u00fa, que se aprob\u00f3 la admisibilidad de su caso contra el Estado peruano.<\/p>\n<p><strong>Mar\u00eda Ysabel Cedano, coordinadora del equipo de litigio estrat\u00e9gico,<\/strong> explica que se ha cumplido con los requisitos para que la CIDH admita su petici\u00f3n y pueda pronunciarse sobre el fondo estableciendo la responsabilidad del Estado por violar sus derechos humanos, que cumpla con garantizarlos, hacer justicia, repararlas integralmente y adoptar medidas de no repetici\u00f3n.<\/p>\n<p>Este caso inici\u00f3 el 2014. El Registro Nacional de Identificaci\u00f3n y Estado Civil (RENIEC) se ha negado a emitir, en favor del ni\u00f1o D.A.D.T., un Documento Nacional de Identidad (DNI) que registre plenamente la maternidad de sus dos madres. A la fecha, el caso que incluso lleg\u00f3 hasta el Tribunal Constitucional no resolvi\u00f3 su situaci\u00f3n jur\u00eddica pese a que el caso estuvo en su sede desde el 2022.<\/p>\n<p>Las madres, Darling y Jenny, alegan que la falta de un DNI que registre la maternidad de ambas vulnera sus derechos a la igualdad y no discriminaci\u00f3n. Adem\u00e1s, se vulneran diversos derechos de su hijo, de 10 a\u00f1os de edad, uno de ellos, a la identidad adem\u00e1s de no respetarse el principio del inter\u00e9s superior del ni\u00f1o. Explican que en una ocasi\u00f3n el personal de una posta m\u00e9dica no permiti\u00f3 a Jenny Trujillo ingresar para acompa\u00f1ar a D.A.D.T. en un tratamiento de salud, argumentando que ella no figuraba como madre en el DNI del ni\u00f1o.<\/p>\n<p>Las organizaciones que acompa\u00f1an el caso argumentan que las autoridades peruanas han discriminado a las presuntas v\u00edctimas debido a la orientaci\u00f3n sexual de Darling y Jenny, afectando varios de sus derechos, incluso que hayan tenido que migrar a otro pa\u00eds para desarrollarse como familia. Y sostienen que la situaci\u00f3n les est\u00e1 ocasionando afectaciones a su salud mental, debido al estr\u00e9s, la angustia y el miedo causado por la incertidumbre jur\u00eddica en la que se encuentran.<\/p>\n<p>\u201cEn LIFS consideramos muy importante la admisi\u00f3n de este caso por parte de la CIDH, incluyendo la denuncia de que el Estado peruano puede haber cometido violencia contra las lesbianas por su orientaci\u00f3n sexual\u201d, se\u00f1ala <strong>Gissy Cedamanos, coordinadora de LIFS<\/strong>.<\/p>\n<p>\u201cEste es uno de los casos m\u00e1s emblem\u00e1ticos sobre la continua desprotecci\u00f3n en el Per\u00fa de las parejas del mismo sexo y sus hijos, impidiendo el reconocimiento legal de sus familias y las protecciones legales que tanto necesitan. Esperamos que la CIDH nos ayude a demostrar la responsabilidad del Estado sobre la desprotecci\u00f3n legal en la que viven las parejas y las mujeres lesbianas, y nos ayude a encontrar justicia para ellas y sus hijos\u201d, afirma <strong>Gabriela Zavaleta de M\u00e1s Igualdad Per\u00fa<\/strong>.<\/p>\n<p><strong>Cynthia Silva, directora de Demus<\/strong>, detalla que: \u201cLa ausencia de un DNI que informe plenamente el v\u00ednculo del ni\u00f1o con sus madres evita que pueda disfrutar de la integralidad de sus derechos civiles y sociales, ya que debido a su edad solo puede ejercerlos a trav\u00e9s de ellas. Por lo tanto, resulta indispensable que su DNI acredite adecuadamente estos lazos para que as\u00ed pueda gozar y ejercer todos sus derechos sin discriminaci\u00f3n\u201d.<\/p>\n<p>\u201cLa CIDH ha se\u00f1alado en su informe de admisibilidad que nuestros alegatos son fundados, por eso ha declarado admisible nuestra petici\u00f3n para un estudio de fondo. Es innegable las barreras legales y sociales que enfrentan las familias diversas en Per\u00fa y en toda la regi\u00f3n; por eso, esta decisi\u00f3n es importante ya que podr\u00eda fomentar un avance en la protecci\u00f3n de los derechos de las familias diversas y en el reconocimiento de la igualdad ante la ley\u201d, afirma <strong>Zuleika Rivera, Oficial Senior del Programa LGBTI de Raza e Igualdad<\/strong>.<\/p>\n<p>&nbsp;<\/p>\n<p>Oficina de Prensa DEMUS<\/p>\n<p>Contacto para entrevistas e informaci\u00f3n 949 107 956\u00a0 \/ 967 941 063<\/p>\n","protected":false},"excerpt":{"rendered":"<p>Lima, 24 de enero de 2024.- La Comisi\u00f3n Interamericana de Derechos Humanos (CIDH) notific\u00f3 a las ciudadanas peruanas Darling Delf\u00edn Ponce y Jenny Trujillo Cueva, as\u00ed como a sus representantes [&hellip;]<\/p>\n","protected":false},"author":13,"featured_media":19733,"parent":0,"menu_order":0,"template":"","format":"standard","categories":[],"resources_country":[1201],"resources_language":[],"resources_audience":[],"resources_format":[],"resources_topic":[1100,1104],"resources_year":[],"class_list":["post-19732","resources","type-resources","status-publish","format-standard","has-post-thumbnail","hentry","resources_country-peru-es","resources_topic-cidh","resources_topic-lgbti-es"],"acf":[],"aioseo_notices":[],"_links":{"self":[{"href":"https:\/\/raceandequality.org\/es\/wp-json\/wp\/v2\/resources\/19732","targetHints":{"allow":["GET"]}}],"collection":[{"href":"https:\/\/raceandequality.org\/es\/wp-json\/wp\/v2\/resources"}],"about":[{"href":"https:\/\/raceandequality.org\/es\/wp-json\/wp\/v2\/types\/resources"}],"author":[{"embeddable":true,"href":"https:\/\/raceandequality.org\/es\/wp-json\/wp\/v2\/users\/13"}],"wp:featuredmedia":[{"embeddable":true,"href":"https:\/\/raceandequality.org\/es\/wp-json\/wp\/v2\/media\/19733"}],"wp:attachment":[{"href":"https:\/\/raceandequality.org\/es\/wp-json\/wp\/v2\/media?parent=19732"}],"wp:term":[{"taxonomy":"category","embeddable":true,"href":"https:\/\/raceandequality.org\/es\/wp-json\/wp\/v2\/categories?post=19732"},{"taxonomy":"resources_country","embeddable":true,"href":"https:\/\/raceandequality.org\/es\/wp-json\/wp\/v2\/resources_country?post=19732"},{"taxonomy":"resources_language","embeddable":true,"href":"https:\/\/raceandequality.org\/es\/wp-json\/wp\/v2\/resources_language?post=19732"},{"taxonomy":"resources_audience","embeddable":true,"href":"https:\/\/raceandequality.org\/es\/wp-json\/wp\/v2\/resources_audience?post=19732"},{"taxonomy":"resources_format","embeddable":true,"href":"https:\/\/raceandequality.org\/es\/wp-json\/wp\/v2\/resources_format?post=19732"},{"taxonomy":"resources_topic","embeddable":true,"href":"https:\/\/raceandequality.org\/es\/wp-json\/wp\/v2\/resources_topic?post=19732"},{"taxonomy":"resources_year","embeddable":true,"href":"https:\/\/raceandequality.org\/es\/wp-json\/wp\/v2\/resources_year?post=19732"}],"curies":[{"name":"wp","href":"https:\/\/api.w.org\/{rel}","templated":true}]}}

<p><strong>Lima, 24 de enero de 2024.-</strong> La Comisión Interamericana de Derechos Humanos (CIDH) notificó a las ciudadanas peruanas Darling Delfín Ponce y Jenny Trujillo Cueva, así como a sus representantes legales DEMUS, Lesbianas Independientes Feministas Socialistas – LIFS, Instituto sobre Raza, Igualdad y Derechos Humanos (Raza e Igualdad) y Más Igualdad Perú, que se aprobó la admisibilidad de su caso contra el Estado peruano.</p>
<p><strong>María Ysabel Cedano, coordinadora del equipo de litigio estratégico,</strong> explica que se ha cumplido con los requisitos para que la CIDH admita su petición y pueda pronunciarse sobre el fondo estableciendo la responsabilidad del Estado por violar sus derechos humanos, que cumpla con garantizarlos, hacer justicia, repararlas integralmente y adoptar medidas de no repetición.</p>
<p>Este caso inició el 2014. El Registro Nacional de Identificación y Estado Civil (RENIEC) se ha negado a emitir, en favor del niño D.A.D.T., un Documento Nacional de Identidad (DNI) que registre plenamente la maternidad de sus dos madres. A la fecha, el caso que incluso llegó hasta el Tribunal Constitucional no resolvió su situación jurídica pese a que el caso estuvo en su sede desde el 2022.</p>
<p>Las madres, Darling y Jenny, alegan que la falta de un DNI que registre la maternidad de ambas vulnera sus derechos a la igualdad y no discriminación. Además, se vulneran diversos derechos de su hijo, de 10 años de edad, uno de ellos, a la identidad además de no respetarse el principio del interés superior del niño. Explican que en una ocasión el personal de una posta médica no permitió a Jenny Trujillo ingresar para acompañar a D.A.D.T. en un tratamiento de salud, argumentando que ella no figuraba como madre en el DNI del niño.</p>
<p>Las organizaciones que acompañan el caso argumentan que las autoridades peruanas han discriminado a las presuntas víctimas debido a la orientación sexual de Darling y Jenny, afectando varios de sus derechos, incluso que hayan tenido que migrar a otro país para desarrollarse como familia. Y sostienen que la situación les está ocasionando afectaciones a su salud mental, debido al estrés, la angustia y el miedo causado por la incertidumbre jurídica en la que se encuentran.</p>
<p>“En LIFS consideramos muy importante la admisión de este caso por parte de la CIDH, incluyendo la denuncia de que el Estado peruano puede haber cometido violencia contra las lesbianas por su orientación sexual”, señala <strong>Gissy Cedamanos, coordinadora de LIFS</strong>.</p>
<p>“Este es uno de los casos más emblemáticos sobre la continua desprotección en el Perú de las parejas del mismo sexo y sus hijos, impidiendo el reconocimiento legal de sus familias y las protecciones legales que tanto necesitan. Esperamos que la CIDH nos ayude a demostrar la responsabilidad del Estado sobre la desprotección legal en la que viven las parejas y las mujeres lesbianas, y nos ayude a encontrar justicia para ellas y sus hijos”, afirma <strong>Gabriela Zavaleta de Más Igualdad Perú</strong>.</p>
<p><strong>Cynthia Silva, directora de Demus</strong>, detalla que: “La ausencia de un DNI que informe plenamente el vínculo del niño con sus madres evita que pueda disfrutar de la integralidad de sus derechos civiles y sociales, ya que debido a su edad solo puede ejercerlos a través de ellas. Por lo tanto, resulta indispensable que su DNI acredite adecuadamente estos lazos para que así pueda gozar y ejercer todos sus derechos sin discriminación”.</p>
<p>“La CIDH ha señalado en su informe de admisibilidad que nuestros alegatos son fundados, por eso ha declarado admisible nuestra petición para un estudio de fondo. Es innegable las barreras legales y sociales que enfrentan las familias diversas en Perú y en toda la región; por eso, esta decisión es importante ya que podría fomentar un avance en la protección de los derechos de las familias diversas y en el reconocimiento de la igualdad ante la ley”, afirma <strong>Zuleika Rivera, Oficial Senior del Programa LGBTI de Raza e Igualdad</strong>.</p>
<p>&nbsp;</p>
<p>Oficina de Prensa DEMUS</p>
<p>Contacto para entrevistas e información 949 107 956  / 967 941 063</p>

<p>Lima, 24 de enero de 2024.- La Comisión Interamericana de Derechos Humanos (CIDH) notificó a las ciudadanas peruanas Darling Delfín Ponce y Jenny Trujillo Cueva, así como a sus representantes [&hellip;]</p>
