{"id":19813,"date":"2025-04-17T17:36:53","date_gmt":"2025-04-17T17:36:53","guid":{"rendered":"https:\/\/raceandequality.org\/?post_type=resources&#038;p=19813"},"modified":"2025-04-17T17:36:53","modified_gmt":"2025-04-17T17:36:53","slug":"nicaragua-siete-ano-represion-abril","status":"publish","type":"resources","link":"https:\/\/raceandequality.org\/es\/resources\/nicaragua-siete-ano-represion-abril\/","title":{"rendered":"Nicaragua: A siete a\u00f1os de las protestas de abril, las v\u00edctimas de la represi\u00f3n siguen reclamando justicia"},"content":{"rendered":"<p><strong>Washington, DC, 17 de abril de 2025.- <\/strong>Este abril se conmemora el s\u00e9ptimo aniversario de las protestas que desencadenaron una violenta represi\u00f3n por parte del <strong>r\u00e9gimen presidido por Daniel Ortega y Rosario Murillo<\/strong>, la cual \u00a0dej\u00f3 355 v\u00edctimas letales, m\u00e1s de 2000 personas heridas, m\u00e1s de 2000 personas detenidas y a m\u00e1s de 440,000 personas en el exilio, seg\u00fan <a href=\"https:\/\/www.oas.org\/es\/CIDH\/jsForm\/?File=\/es\/cidh\/prensa\/comunicados\/2025\/073.asp&amp;utm_content=country-nic&amp;utm_term=class-mon\"><strong>registro de la CIDH<\/strong><\/a> y su Mecanismo Especial de Seguimiento para Nicaragua (MESENI). Las v\u00edctimas no s\u00f3lo no han encontrado la justicia que merecen, sino que han sido perseguidas por un Estado que sigui\u00f3 tomando represalias en su contra.<\/p>\n<p>Raza e Igualdad expresa su solidaridad con todas las v\u00edctimas de la represi\u00f3n y su compromiso de \u00a0seguir acompa\u00f1\u00e1ndoles hasta que se haga justicia.<\/p>\n<p>Al cumplirse siete a\u00f1os del inicio de las protestas de abril, en Nicaragua, conforme el Mecanismo para el Reconocimiento de Personas Presas Pol\u00edticas, <strong>52 personas siguen detenidas arbitrariamente por motivos pol\u00edticos<\/strong>, 11 de ellas en situaci\u00f3n de desaparici\u00f3n forzada, entre \u00e9stas 5 mujeres. Mas de 450 personas han despojadas de su nacionalidad. El periodismo independiente no puede ejercer en el pa\u00eds y la defensa de los derechos humanos \u00a0y la libertad de asociaci\u00f3n ha sido impactada por el cierre de m\u00e1s de 5,400 organizaciones de sociedad civil y la confiscaci\u00f3n de sus bienes.<\/p>\n<p>Adicionalmente, una profunda <strong>reforma constitucional<\/strong> que entr\u00f3 en vigencia en febrero de este a\u00f1o termin\u00f3 de configurar a un r\u00e9gimen dictatorial\u00a0 co-gobernado por Ortega y Murillo. A consecuencia de esa reforma a la Constituci\u00f3n m\u00e1s de 80,000 civiles han sido armados y dotados de pasamonta\u00f1as para aterrorizar a la poblaci\u00f3n y terminar de someterla a la voluntad de permanencia en el poder de Daniel Ortega y Rosario Murillo.<\/p>\n<p>Estos siete a\u00f1os, <strong>Raza e Igualdad ha acompa\u00f1ado a las v\u00edctimas de la represi\u00f3n<\/strong> en su b\u00fasqueda de justicia, as\u00ed como para garantizarles la protecci\u00f3n que confieren las medidas cautelares y provisionales\u00a0 frente a los graves riesgos que enfrentan y en conjunto con otras organizaciones de sociedad civil, hemos desarrollado amplias acciones de incidencia y litigio con el prop\u00f3sito de contribuir a que dicha crisis sea superada.<\/p>\n<p>Raza e Igualdad ha acompa\u00f1ado tambi\u00e9n a organizaciones de sociedad civil tanto locales como las que siguen atendiendo la crisis nicarag\u00fcense desde el exilio, para que la labor de documentaci\u00f3n que realizan sirva de insumo para elaborar informes ante los \u00f3rganos de tratados que revisaron el cumplimiento por parte de Nicaragua de sus obligaciones internacionales en los a\u00f1os 2022 y 2023 y en las evaluaciones realizadas bajo el Examen Peri\u00f3dico Universal (EPU) en los a\u00f1os 2019 y 2024. Raza e Igualdad tambi\u00e9n ha llevado a cabo reiteradas acciones de incidencia ante el Parlamento Europeo con el prop\u00f3sito de que el r\u00e9gimen sea condenado y persuadido para obligarle a cumplir sus obligaciones internacionales de derechos humanos.<\/p>\n<p>A siete a\u00f1os del inicio de las protestas c\u00edvicas de abril, con profunda preocupaci\u00f3n vemos <strong>el rumbo al que un r\u00e9gimen despiadado y cruel conduce al pueblo nicarag\u00fcense<\/strong> mediante el ejercicio de un poder desbordado, que contin\u00faa violando de forma masiva y sistem\u00e1tica los derechos humanos. El r\u00e9gimen ha decidido aislarse, \u00a0abandonar la Organizaci\u00f3n de Estados Americanos y retirarse de toda actividad relacionada con el Consejo de Derechos Humanos para no ser declarado responsable de los graves cr\u00edmenes de lesa humanidad y violaciones de derechos humanos documentadas por el Grupo de Expertos en Derechos Humanos sobre Nicaragua (GHREN), por la Oficina del Alto Comisionado de Derechos Humanos y por los \u00f3rganos del Sistema Interamericano de Derechos Humanos.<\/p>\n<p>Estos siete a\u00f1os, las recomendaciones de los \u00f3rganos de tratados, del Examen Peri\u00f3dico Universal y las \u00f3rdenes emanadas de la Corte Interamericana de Derechos Humanos han sido absolutamente desatendidas y el Estado se ha ausentado de esos foros esgrimiendo cuestionamientos infundados mediante los cuales busca evadir sus responsabilidades internacionales.<\/p>\n<p>Sin embargo, Nicaragua contin\u00faa obligada por los instrumentos de derechos humanos universales y por la Convenci\u00f3n Americana sobre Derechos Humanos.<\/p>\n<p>La comunidad internacional, las organizaciones de sociedad civil y los \u00f3rganos de protecci\u00f3n de los derechos humanos, debemos seguir poniendo todo nuestro empe\u00f1o para que en Nicaragua <strong>se restablezca pronto la democracia y se garantice el respeto por los derechos humanos<\/strong>.<\/p>\n<p>\u00a1Sigamos trabajando codo a codo para que as\u00ed sea!<\/p>\n","protected":false},"excerpt":{"rendered":"<p>Washington, DC, 17 de abril de 2025.- Este abril se conmemora el s\u00e9ptimo aniversario de las protestas que desencadenaron una violenta represi\u00f3n por parte del r\u00e9gimen presidido por Daniel Ortega [&hellip;]<\/p>\n","protected":false},"author":8,"featured_media":19815,"parent":0,"menu_order":0,"template":"","format":"standard","categories":[],"resources_country":[1199],"resources_language":[],"resources_audience":[],"resources_format":[],"resources_topic":[1097],"resources_year":[],"class_list":["post-19813","resources","type-resources","status-publish","format-standard","has-post-thumbnail","hentry","resources_country-nicaragua-es","resources_topic-derechos-humanos"],"acf":[],"aioseo_notices":[],"_links":{"self":[{"href":"https:\/\/raceandequality.org\/es\/wp-json\/wp\/v2\/resources\/19813","targetHints":{"allow":["GET"]}}],"collection":[{"href":"https:\/\/raceandequality.org\/es\/wp-json\/wp\/v2\/resources"}],"about":[{"href":"https:\/\/raceandequality.org\/es\/wp-json\/wp\/v2\/types\/resources"}],"author":[{"embeddable":true,"href":"https:\/\/raceandequality.org\/es\/wp-json\/wp\/v2\/users\/8"}],"wp:featuredmedia":[{"embeddable":true,"href":"https:\/\/raceandequality.org\/es\/wp-json\/wp\/v2\/media\/19815"}],"wp:attachment":[{"href":"https:\/\/raceandequality.org\/es\/wp-json\/wp\/v2\/media?parent=19813"}],"wp:term":[{"taxonomy":"category","embeddable":true,"href":"https:\/\/raceandequality.org\/es\/wp-json\/wp\/v2\/categories?post=19813"},{"taxonomy":"resources_country","embeddable":true,"href":"https:\/\/raceandequality.org\/es\/wp-json\/wp\/v2\/resources_country?post=19813"},{"taxonomy":"resources_language","embeddable":true,"href":"https:\/\/raceandequality.org\/es\/wp-json\/wp\/v2\/resources_language?post=19813"},{"taxonomy":"resources_audience","embeddable":true,"href":"https:\/\/raceandequality.org\/es\/wp-json\/wp\/v2\/resources_audience?post=19813"},{"taxonomy":"resources_format","embeddable":true,"href":"https:\/\/raceandequality.org\/es\/wp-json\/wp\/v2\/resources_format?post=19813"},{"taxonomy":"resources_topic","embeddable":true,"href":"https:\/\/raceandequality.org\/es\/wp-json\/wp\/v2\/resources_topic?post=19813"},{"taxonomy":"resources_year","embeddable":true,"href":"https:\/\/raceandequality.org\/es\/wp-json\/wp\/v2\/resources_year?post=19813"}],"curies":[{"name":"wp","href":"https:\/\/api.w.org\/{rel}","templated":true}]}}

Nicaragua: A siete años de las protestas de abril, las víctimas de la represión siguen reclamando justicia

<p><strong>Washington, DC, 17 de abril de 2025.- </strong>Este abril se conmemora el séptimo aniversario de las protestas que desencadenaron una violenta represión por parte del <strong>régimen presidido por Daniel Ortega y Rosario Murillo</strong>, la cual  dejó 355 víctimas letales, más de 2000 personas heridas, más de 2000 personas detenidas y a más de 440,000 personas en el exilio, según <a href="https://www.oas.org/es/CIDH/jsForm/?File=/es/cidh/prensa/comunicados/2025/073.asp&amp;utm_content=country-nic&amp;utm_term=class-mon"><strong>registro de la CIDH</strong></a> y su Mecanismo Especial de Seguimiento para Nicaragua (MESENI). Las víctimas no sólo no han encontrado la justicia que merecen, sino que han sido perseguidas por un Estado que siguió tomando represalias en su contra.</p>
<p>Raza e Igualdad expresa su solidaridad con todas las víctimas de la represión y su compromiso de  seguir acompañándoles hasta que se haga justicia.</p>
<p>Al cumplirse siete años del inicio de las protestas de abril, en Nicaragua, conforme el Mecanismo para el Reconocimiento de Personas Presas Políticas, <strong>52 personas siguen detenidas arbitrariamente por motivos políticos</strong>, 11 de ellas en situación de desaparición forzada, entre éstas 5 mujeres. Mas de 450 personas han despojadas de su nacionalidad. El periodismo independiente no puede ejercer en el país y la defensa de los derechos humanos  y la libertad de asociación ha sido impactada por el cierre de más de 5,400 organizaciones de sociedad civil y la confiscación de sus bienes.</p>
<p>Adicionalmente, una profunda <strong>reforma constitucional</strong> que entró en vigencia en febrero de este año terminó de configurar a un régimen dictatorial  co-gobernado por Ortega y Murillo. A consecuencia de esa reforma a la Constitución más de 80,000 civiles han sido armados y dotados de pasamontañas para aterrorizar a la población y terminar de someterla a la voluntad de permanencia en el poder de Daniel Ortega y Rosario Murillo.</p>
<p>Estos siete años, <strong>Raza e Igualdad ha acompañado a las víctimas de la represión</strong> en su búsqueda de justicia, así como para garantizarles la protección que confieren las medidas cautelares y provisionales  frente a los graves riesgos que enfrentan y en conjunto con otras organizaciones de sociedad civil, hemos desarrollado amplias acciones de incidencia y litigio con el propósito de contribuir a que dicha crisis sea superada.</p>
<p>Raza e Igualdad ha acompañado también a organizaciones de sociedad civil tanto locales como las que siguen atendiendo la crisis nicaragüense desde el exilio, para que la labor de documentación que realizan sirva de insumo para elaborar informes ante los órganos de tratados que revisaron el cumplimiento por parte de Nicaragua de sus obligaciones internacionales en los años 2022 y 2023 y en las evaluaciones realizadas bajo el Examen Periódico Universal (EPU) en los años 2019 y 2024. Raza e Igualdad también ha llevado a cabo reiteradas acciones de incidencia ante el Parlamento Europeo con el propósito de que el régimen sea condenado y persuadido para obligarle a cumplir sus obligaciones internacionales de derechos humanos.</p>
<p>A siete años del inicio de las protestas cívicas de abril, con profunda preocupación vemos <strong>el rumbo al que un régimen despiadado y cruel conduce al pueblo nicaragüense</strong> mediante el ejercicio de un poder desbordado, que continúa violando de forma masiva y sistemática los derechos humanos. El régimen ha decidido aislarse,  abandonar la Organización de Estados Americanos y retirarse de toda actividad relacionada con el Consejo de Derechos Humanos para no ser declarado responsable de los graves crímenes de lesa humanidad y violaciones de derechos humanos documentadas por el Grupo de Expertos en Derechos Humanos sobre Nicaragua (GHREN), por la Oficina del Alto Comisionado de Derechos Humanos y por los órganos del Sistema Interamericano de Derechos Humanos.</p>
<p>Estos siete años, las recomendaciones de los órganos de tratados, del Examen Periódico Universal y las órdenes emanadas de la Corte Interamericana de Derechos Humanos han sido absolutamente desatendidas y el Estado se ha ausentado de esos foros esgrimiendo cuestionamientos infundados mediante los cuales busca evadir sus responsabilidades internacionales.</p>
<p>Sin embargo, Nicaragua continúa obligada por los instrumentos de derechos humanos universales y por la Convención Americana sobre Derechos Humanos.</p>
<p>La comunidad internacional, las organizaciones de sociedad civil y los órganos de protección de los derechos humanos, debemos seguir poniendo todo nuestro empeño para que en Nicaragua <strong>se restablezca pronto la democracia y se garantice el respeto por los derechos humanos</strong>.</p>
<p>¡Sigamos trabajando codo a codo para que así sea!</p>

<p>Washington, DC, 17 de abril de 2025.- Este abril se conmemora el séptimo aniversario de las protestas que desencadenaron una violenta represión por parte del régimen presidido por Daniel Ortega [&hellip;]</p>
