{"id":19871,"date":"2025-05-23T14:48:59","date_gmt":"2025-05-23T14:48:59","guid":{"rendered":"https:\/\/raceandequality.org\/?post_type=resources&#038;p=19871"},"modified":"2025-05-23T14:48:59","modified_gmt":"2025-05-23T14:48:59","slug":"colombia-raza-e-igualdad-condena-asesinato-de-lideresa-nawar-jimenez-y-urge-al-estado-medidas-integrales-de-proteccion-para-personas-defensoras-de-derechos-humanos","status":"publish","type":"resources","link":"https:\/\/raceandequality.org\/es\/resources\/colombia-raza-e-igualdad-condena-asesinato-de-lideresa-nawar-jimenez-y-urge-al-estado-medidas-integrales-de-proteccion-para-personas-defensoras-de-derechos-humanos\/","title":{"rendered":"Colombia: Raza e Igualdad condena asesinato de lideresa Nawar Jim\u00e9nez y urge al Estado medidas integrales de protecci\u00f3n para personas defensoras de derechos humanos"},"content":{"rendered":"<p><strong>Bogot\u00e1, 22 de mayo de 2025.<\/strong>&#8211; El Instituto sobre Raza, Igualdad y Derechos Humanos (Raza e Igualdad) manifiesta su consternaci\u00f3n y rechazo ante el feminicidio de <strong>Nawar Jim\u00e9nez, mujer trans, lideresa social y defensora de derechos humanos<\/strong>, asesinada en el municipio de El Carmen de Bol\u00edvar.<\/p>\n<p>Nawar particip\u00f3 en la organizaci\u00f3n Caribe Afirmativo, contribuyendo al proceso de reconocimiento y fortalecimiento de sujetos de reparaci\u00f3n colectiva LGBTIQ+ en el <strong>municipio de El Carmen de Bol\u00edvar.<\/strong> Su compromiso con la defensa de los derechos humanos y la promoci\u00f3n de la construcci\u00f3n de paz en territorios afectados por la violencia la consolid\u00f3 como una referente para su comunidad.<\/p>\n<p>En lo que va de 2025, se contabilizan <strong>43 asesinatos contra personas LGBTIQ+ en Colombia<\/strong>, de acuerdo con el Observatorio de Derechos Humanos de la organizaci\u00f3n Caribe Afirmativo. Seg\u00fan dichos registros, las mujeres trans son las principales v\u00edctimas, evidenciando una preocupante violencia basada en la identidad de g\u00e9nero. Los departamentos m\u00e1s afectados son Antioquia, Norte de Santander, Bol\u00edvar, Valle del Cauca, Quind\u00edo y Bogot\u00e1.<\/p>\n<p>Exhortamos a las autoridades a que garanticen <strong>una investigaci\u00f3n diligente, con un enfoque interseccional de g\u00e9nero y orientaci\u00f3n sexual<\/strong>, y que adopten medidas integrales para proteger a las personas defensoras de derechos humanos, especialmente aquellas en situaci\u00f3n de vulnerabilidad. La justicia debe ser real, pronta y efectiva.<\/p>\n<p>Su p\u00e9rdida es un golpe irreparable para su comunidad, para el movimiento LGBTIQ+ y para todas las personas que trabajan por la justicia y la igualdad en Colombia. Manifestamos nuestra solidaridad con su familia, con la organizaci\u00f3n Caribe Afirmativo y con toda la comunidad que hoy sufre su ausencia. Su legado es un llamado ineludible para que Colombia avance hacia <strong>la construcci\u00f3n de una sociedad que respete y garantice los derechos de todas las personas<\/strong>, sin discriminaci\u00f3n ni violencia.<\/p>\n<p>Desde Raza e Igualdad reafirmamos nuestro compromiso de acompa\u00f1ar y apoyar a quienes luchan por la igualdad, la dignidad y la defensa de los derechos humanos, honrando la memoria de Nawar Jim\u00e9nez.<\/p>\n","protected":false},"excerpt":{"rendered":"<p>Bogot\u00e1, 22 de mayo de 2025.&#8211; El Instituto sobre Raza, Igualdad y Derechos Humanos (Raza e Igualdad) manifiesta su consternaci\u00f3n y rechazo ante el feminicidio de Nawar Jim\u00e9nez, mujer trans, [&hellip;]<\/p>\n","protected":false},"author":8,"featured_media":19872,"parent":0,"menu_order":0,"template":"","format":"standard","categories":[],"resources_country":[],"resources_language":[],"resources_audience":[],"resources_format":[],"resources_topic":[1097,1115],"resources_year":[],"class_list":["post-19871","resources","type-resources","status-publish","format-standard","has-post-thumbnail","hentry","resources_topic-derechos-humanos","resources_topic-personas-trans"],"acf":[],"aioseo_notices":[],"_links":{"self":[{"href":"https:\/\/raceandequality.org\/es\/wp-json\/wp\/v2\/resources\/19871","targetHints":{"allow":["GET"]}}],"collection":[{"href":"https:\/\/raceandequality.org\/es\/wp-json\/wp\/v2\/resources"}],"about":[{"href":"https:\/\/raceandequality.org\/es\/wp-json\/wp\/v2\/types\/resources"}],"author":[{"embeddable":true,"href":"https:\/\/raceandequality.org\/es\/wp-json\/wp\/v2\/users\/8"}],"wp:featuredmedia":[{"embeddable":true,"href":"https:\/\/raceandequality.org\/es\/wp-json\/wp\/v2\/media\/19872"}],"wp:attachment":[{"href":"https:\/\/raceandequality.org\/es\/wp-json\/wp\/v2\/media?parent=19871"}],"wp:term":[{"taxonomy":"category","embeddable":true,"href":"https:\/\/raceandequality.org\/es\/wp-json\/wp\/v2\/categories?post=19871"},{"taxonomy":"resources_country","embeddable":true,"href":"https:\/\/raceandequality.org\/es\/wp-json\/wp\/v2\/resources_country?post=19871"},{"taxonomy":"resources_language","embeddable":true,"href":"https:\/\/raceandequality.org\/es\/wp-json\/wp\/v2\/resources_language?post=19871"},{"taxonomy":"resources_audience","embeddable":true,"href":"https:\/\/raceandequality.org\/es\/wp-json\/wp\/v2\/resources_audience?post=19871"},{"taxonomy":"resources_format","embeddable":true,"href":"https:\/\/raceandequality.org\/es\/wp-json\/wp\/v2\/resources_format?post=19871"},{"taxonomy":"resources_topic","embeddable":true,"href":"https:\/\/raceandequality.org\/es\/wp-json\/wp\/v2\/resources_topic?post=19871"},{"taxonomy":"resources_year","embeddable":true,"href":"https:\/\/raceandequality.org\/es\/wp-json\/wp\/v2\/resources_year?post=19871"}],"curies":[{"name":"wp","href":"https:\/\/api.w.org\/{rel}","templated":true}]}}

Colombia: Raza e Igualdad condena asesinato de lideresa Nawar Jiménez y urge al Estado medidas integrales de protección para personas defensoras de derechos humanos

<p><strong>Bogotá, 22 de mayo de 2025.</strong>&#8211; El Instituto sobre Raza, Igualdad y Derechos Humanos (Raza e Igualdad) manifiesta su consternación y rechazo ante el feminicidio de <strong>Nawar Jiménez, mujer trans, lideresa social y defensora de derechos humanos</strong>, asesinada en el municipio de El Carmen de Bolívar.</p>
<p>Nawar participó en la organización Caribe Afirmativo, contribuyendo al proceso de reconocimiento y fortalecimiento de sujetos de reparación colectiva LGBTIQ+ en el <strong>municipio de El Carmen de Bolívar.</strong> Su compromiso con la defensa de los derechos humanos y la promoción de la construcción de paz en territorios afectados por la violencia la consolidó como una referente para su comunidad.</p>
<p>En lo que va de 2025, se contabilizan <strong>43 asesinatos contra personas LGBTIQ+ en Colombia</strong>, de acuerdo con el Observatorio de Derechos Humanos de la organización Caribe Afirmativo. Según dichos registros, las mujeres trans son las principales víctimas, evidenciando una preocupante violencia basada en la identidad de género. Los departamentos más afectados son Antioquia, Norte de Santander, Bolívar, Valle del Cauca, Quindío y Bogotá.</p>
<p>Exhortamos a las autoridades a que garanticen <strong>una investigación diligente, con un enfoque interseccional de género y orientación sexual</strong>, y que adopten medidas integrales para proteger a las personas defensoras de derechos humanos, especialmente aquellas en situación de vulnerabilidad. La justicia debe ser real, pronta y efectiva.</p>
<p>Su pérdida es un golpe irreparable para su comunidad, para el movimiento LGBTIQ+ y para todas las personas que trabajan por la justicia y la igualdad en Colombia. Manifestamos nuestra solidaridad con su familia, con la organización Caribe Afirmativo y con toda la comunidad que hoy sufre su ausencia. Su legado es un llamado ineludible para que Colombia avance hacia <strong>la construcción de una sociedad que respete y garantice los derechos de todas las personas</strong>, sin discriminación ni violencia.</p>
<p>Desde Raza e Igualdad reafirmamos nuestro compromiso de acompañar y apoyar a quienes luchan por la igualdad, la dignidad y la defensa de los derechos humanos, honrando la memoria de Nawar Jiménez.</p>

<p>Bogotá, 22 de mayo de 2025.&#8211; El Instituto sobre Raza, Igualdad y Derechos Humanos (Raza e Igualdad) manifiesta su consternación y rechazo ante el feminicidio de Nawar Jiménez, mujer trans, [&hellip;]</p>
