{"id":19921,"date":"2025-06-25T14:51:49","date_gmt":"2025-06-25T14:51:49","guid":{"rendered":"https:\/\/raceandequality.org\/?post_type=resources&#038;p=19921"},"modified":"2025-06-25T14:51:49","modified_gmt":"2025-06-25T14:51:49","slug":"la-comunidad-internacional-debe-actuar-para-proteger-a-las-personas-opositoras-nicaraguenses-exiliadas-en-costa-rica","status":"publish","type":"resources","link":"https:\/\/raceandequality.org\/es\/resources\/la-comunidad-internacional-debe-actuar-para-proteger-a-las-personas-opositoras-nicaraguenses-exiliadas-en-costa-rica\/","title":{"rendered":"La Comunidad Internacional debe actuar para proteger a las personas opositoras nicarag\u00fcenses exiliadas en Costa Rica"},"content":{"rendered":"<p><b>Ginebra, 23 de Junio.<\/b>\u00a0El Colectivo 46\/2 denuncia ante la comunidad internacional el asesinato del Mayor en retiro del Ej\u00e9rcito de Nicaragua, Roberto Samcam Ru\u00edz, sucedido el 19 de junio en su casa de habitaci\u00f3n en San Jos\u00e9, Costa Rica.<\/p>\n<p>Samcam Ru\u00edz era una\u00a0<a href=\"https:\/\/www.dw.com\/es\/nicaragua-y-los-cr%C3%ADmenes-sin-fronteras-de-ortega-y-murillo\/a-72979535\">voz contundente de denuncia<\/a>\u00a0contra la dictadura Ortega-Murillo, denunci\u00f3 al ej\u00e9rcito de Nicaragua y lo se\u00f1al\u00f3 como part\u00edcipe de la represi\u00f3n y las ejecuciones extrajudiciales cometidas desde 2018. Hab\u00eda tambi\u00e9n denunciado una red de espionaje contra opositores refugiados en Costa Rica.<\/p>\n<p>El mayor en retiro fue uno de los 94 nicarag\u00fcenses desnacionalizados en febrero de 2023 por la dictadura y desde el 11 de julio de 2018 se encontraba refugiado en Costa Rica debido a la persecuci\u00f3n y criminalizaci\u00f3n de la dictadura de Daniel Ortega y Rosario Murillo. Obtuvo la nacionalidad espa\u00f1ola el 26 de julio de 2023.<\/p>\n<p>El asesinato del ex militar en retiro no es el primer atentado contra opositores en suelo costarricense.\u00a0 En 2023, el opositor Joao Maldonado y su esposa\u00a0<a href=\"https:\/\/www.divergentes.com\/expediente-oij-red-organizada-atento-contra-joao-maldonado\/\">fueron atacados a balazos<\/a>\u00a0con la clara intenci\u00f3n de matarlos. Maldonado ya hab\u00eda sufrido\u00a0<a href=\"https:\/\/www.dw.com\/es\/tirotean-a-activista-de-nicaragua-joao-maldonado-en-costa-rica\/a-59162882\">otro atentado en 2021<\/a>, tambi\u00e9n en San Jos\u00e9, Costa Rica. En 2022 fue encontrado muerto en Honduras el opositor nicarag\u00fcense Rodolfo Rojas, quien, seg\u00fan familiares, habr\u00eda sido llevado a ese pa\u00eds con enga\u00f1os desde Costa Rica, donde se hab\u00eda exiliado. A la lista se suma el asesinato del tambi\u00e9n refugiado Jaime Luis Ortega, en 2024, ocurrido en Upala, cant\u00f3n fronterizo con Nicaragua. A ra\u00edz de estos hechos, Roberto Samcam hab\u00eda hablado con la prensa se\u00f1alando la implicaci\u00f3n directa del r\u00e9gimen Ortega Murillo e indicando que sab\u00eda que su vida estaba en riesgo.<\/p>\n<p>Si bien las investigaciones por el asesinato de Samcam se encuentran en curso, las circunstancias del hecho y el perfil de la v\u00edctima despiertan fundadas sospechas sobre la posibilidad de que se trate de un crimen de car\u00e1cter pol\u00edtico, con posibles v\u00ednculos transnacionales. Este asesinato ocurre en un contexto en el que distintas organizaciones de derechos humanos hemos venido documentando un patr\u00f3n sostenido de vigilancia, amenazas, hostigamiento y actos de intimidaci\u00f3n dirigidos contra personas nicarag\u00fcenses exiliadas en la regi\u00f3n, especialmente en Costa Rica.<\/p>\n<p>Consideramos que este crimen debe analizarse e investigarse como parte de una estrategia m\u00e1s amplia de represi\u00f3n transnacional impulsada por el r\u00e9gimen nicarag\u00fcense para perseguir y silenciar a la disidencia fuera de sus fronteras, en abierta violaci\u00f3n de los derechos humanos de las personas refugiadas y exiliada. Esta represi\u00f3n transnacional\u00a0<a href=\"https:\/\/www.ohchr.org\/sites\/default\/files\/documents\/hrbodies\/hrcouncil\/sessions-regular\/session58\/a-hrc-58-crp-8-s.pdf\">ha sido documentada<\/a>\u00a0por el Grupo de Expertos en derechos humanos sobre Nicaragua (GHREN), quienes han se\u00f1alado que \u00abLas acciones represivas del Gobierno trascienden las fronteras del pa\u00eds y afectan a personas opositoras o percibidas como tales en el exterior. El Gobierno tambi\u00e9n ha continuado atacando a familiares de opositores dentro de Nicaragua, incluyendo ni\u00f1os, por simple asociaci\u00f3n, como una forma de castigar a los opositores y\/o disuadirlos de hablar dondequiera que se encuentren\u00bb.<\/p>\n<p>Ante la gravedad de este crimen y el patr\u00f3n sostenido de represi\u00f3n transnacional contra personas nicarag\u00fcenses exiliadas, hacemos un llamado urgente a la comunidad internacional para que exija al Estado de Nicaragua el cese inmediato de toda forma de persecuci\u00f3n, vigilancia y violencia contra la disidencia en el exilio. Solicitamos, adem\u00e1s, que la comunidad internacional refuerce el apoyo pol\u00edtico, t\u00e9cnico y financiero a los mecanismos de protecci\u00f3n para personas defensoras de derechos humanos en el exilio. Asimismo, instamos a establecer canales de comunicaci\u00f3n bilaterales o multilaterales con los pa\u00edses de acogida de personas nicarag\u00fcenses, con el fin de valorar la situaci\u00f3n de seguridad y articular respuestas preventivas frente a posibles actos de persecuci\u00f3n transnacional. Finalmente, pedimos a los organismos internacionales de derechos humanos que den seguimiento urgente a estos casos como parte de un patr\u00f3n sistem\u00e1tico de represi\u00f3n transfronteriza, y que se garantice justicia y verdad para las v\u00edctimas.<\/p>\n<p><b>Informaci\u00f3n adicional<\/b><\/p>\n<p><b>El Colectivo 46\/2 es una coalici\u00f3n conformada por 19 organizaciones de derechos humanos internacionales, regionales y nicarag\u00fcenses que informa peri\u00f3dicamente a la comunidad internacional sobre la falta de acciones del r\u00e9gimen de Nicaragua para atender sus obligaciones internacionales en materia de derechos humanos. A continuaci\u00f3n, se listan las organizaciones integrantes del Colectivo que han decidido hacer p\u00fablica su adhesi\u00f3n a este pronunciamiento:<\/b><\/p>\n<p>Colectivo Nicaragua Nunca M\u00e1s<\/p>\n<p>Centro por el Derecho y la Justicia Internacional \u2013 CEJIL<\/p>\n<p>Federaci\u00f3n Internacional por los Derechos Humanos \u2013 FIDH<\/p>\n<p>International Institute on Race, Equality and Human Rights<\/p>\n<p>International Service for Human Rights \u2013 ISHR<\/p>\n<p>Movimiento Aut\u00f3nomo de Mujeres \u2013 MAM<\/p>\n<p>Organizaci\u00f3n Mundial Contra la Tortura \u2013 OMCT<\/p>\n<p>Peace Brigades International \u2013 PBI<\/p>\n<p>Red Internacional de Derechos Humanos Europa \u2013 RIDHE<\/p>\n<p>Unidad de Defensa Jur\u00eddica, Registro y Memoria \u2013 UDJUDR<\/p>\n<p>Urnas Abiertas<\/p>\n","protected":false},"excerpt":{"rendered":"<p>Ginebra, 23 de Junio.\u00a0El Colectivo 46\/2 denuncia ante la comunidad internacional el asesinato del Mayor en retiro del Ej\u00e9rcito de Nicaragua, Roberto Samcam Ru\u00edz, sucedido el 19 de junio en [&hellip;]<\/p>\n","protected":false},"author":8,"featured_media":19922,"parent":0,"menu_order":0,"template":"","format":"standard","categories":[],"resources_country":[1199],"resources_language":[],"resources_audience":[],"resources_format":[],"resources_topic":[],"resources_year":[],"class_list":["post-19921","resources","type-resources","status-publish","format-standard","has-post-thumbnail","hentry","resources_country-nicaragua-es"],"acf":[],"aioseo_notices":[],"_links":{"self":[{"href":"https:\/\/raceandequality.org\/es\/wp-json\/wp\/v2\/resources\/19921","targetHints":{"allow":["GET"]}}],"collection":[{"href":"https:\/\/raceandequality.org\/es\/wp-json\/wp\/v2\/resources"}],"about":[{"href":"https:\/\/raceandequality.org\/es\/wp-json\/wp\/v2\/types\/resources"}],"author":[{"embeddable":true,"href":"https:\/\/raceandequality.org\/es\/wp-json\/wp\/v2\/users\/8"}],"wp:featuredmedia":[{"embeddable":true,"href":"https:\/\/raceandequality.org\/es\/wp-json\/wp\/v2\/media\/19922"}],"wp:attachment":[{"href":"https:\/\/raceandequality.org\/es\/wp-json\/wp\/v2\/media?parent=19921"}],"wp:term":[{"taxonomy":"category","embeddable":true,"href":"https:\/\/raceandequality.org\/es\/wp-json\/wp\/v2\/categories?post=19921"},{"taxonomy":"resources_country","embeddable":true,"href":"https:\/\/raceandequality.org\/es\/wp-json\/wp\/v2\/resources_country?post=19921"},{"taxonomy":"resources_language","embeddable":true,"href":"https:\/\/raceandequality.org\/es\/wp-json\/wp\/v2\/resources_language?post=19921"},{"taxonomy":"resources_audience","embeddable":true,"href":"https:\/\/raceandequality.org\/es\/wp-json\/wp\/v2\/resources_audience?post=19921"},{"taxonomy":"resources_format","embeddable":true,"href":"https:\/\/raceandequality.org\/es\/wp-json\/wp\/v2\/resources_format?post=19921"},{"taxonomy":"resources_topic","embeddable":true,"href":"https:\/\/raceandequality.org\/es\/wp-json\/wp\/v2\/resources_topic?post=19921"},{"taxonomy":"resources_year","embeddable":true,"href":"https:\/\/raceandequality.org\/es\/wp-json\/wp\/v2\/resources_year?post=19921"}],"curies":[{"name":"wp","href":"https:\/\/api.w.org\/{rel}","templated":true}]}}

La Comunidad Internacional debe actuar para proteger a las personas opositoras nicaragüenses exiliadas en Costa Rica

<p><b>Ginebra, 23 de Junio.</b> El Colectivo 46/2 denuncia ante la comunidad internacional el asesinato del Mayor en retiro del Ejército de Nicaragua, Roberto Samcam Ruíz, sucedido el 19 de junio en su casa de habitación en San José, Costa Rica.</p>
<p>Samcam Ruíz era una <a href="https://www.dw.com/es/nicaragua-y-los-cr%C3%ADmenes-sin-fronteras-de-ortega-y-murillo/a-72979535">voz contundente de denuncia</a> contra la dictadura Ortega-Murillo, denunció al ejército de Nicaragua y lo señaló como partícipe de la represión y las ejecuciones extrajudiciales cometidas desde 2018. Había también denunciado una red de espionaje contra opositores refugiados en Costa Rica.</p>
<p>El mayor en retiro fue uno de los 94 nicaragüenses desnacionalizados en febrero de 2023 por la dictadura y desde el 11 de julio de 2018 se encontraba refugiado en Costa Rica debido a la persecución y criminalización de la dictadura de Daniel Ortega y Rosario Murillo. Obtuvo la nacionalidad española el 26 de julio de 2023.</p>
<p>El asesinato del ex militar en retiro no es el primer atentado contra opositores en suelo costarricense.  En 2023, el opositor Joao Maldonado y su esposa <a href="https://www.divergentes.com/expediente-oij-red-organizada-atento-contra-joao-maldonado/">fueron atacados a balazos</a> con la clara intención de matarlos. Maldonado ya había sufrido <a href="https://www.dw.com/es/tirotean-a-activista-de-nicaragua-joao-maldonado-en-costa-rica/a-59162882">otro atentado en 2021</a>, también en San José, Costa Rica. En 2022 fue encontrado muerto en Honduras el opositor nicaragüense Rodolfo Rojas, quien, según familiares, habría sido llevado a ese país con engaños desde Costa Rica, donde se había exiliado. A la lista se suma el asesinato del también refugiado Jaime Luis Ortega, en 2024, ocurrido en Upala, cantón fronterizo con Nicaragua. A raíz de estos hechos, Roberto Samcam había hablado con la prensa señalando la implicación directa del régimen Ortega Murillo e indicando que sabía que su vida estaba en riesgo.</p>
<p>Si bien las investigaciones por el asesinato de Samcam se encuentran en curso, las circunstancias del hecho y el perfil de la víctima despiertan fundadas sospechas sobre la posibilidad de que se trate de un crimen de carácter político, con posibles vínculos transnacionales. Este asesinato ocurre en un contexto en el que distintas organizaciones de derechos humanos hemos venido documentando un patrón sostenido de vigilancia, amenazas, hostigamiento y actos de intimidación dirigidos contra personas nicaragüenses exiliadas en la región, especialmente en Costa Rica.</p>
<p>Consideramos que este crimen debe analizarse e investigarse como parte de una estrategia más amplia de represión transnacional impulsada por el régimen nicaragüense para perseguir y silenciar a la disidencia fuera de sus fronteras, en abierta violación de los derechos humanos de las personas refugiadas y exiliada. Esta represión transnacional <a href="https://www.ohchr.org/sites/default/files/documents/hrbodies/hrcouncil/sessions-regular/session58/a-hrc-58-crp-8-s.pdf">ha sido documentada</a> por el Grupo de Expertos en derechos humanos sobre Nicaragua (GHREN), quienes han señalado que «Las acciones represivas del Gobierno trascienden las fronteras del país y afectan a personas opositoras o percibidas como tales en el exterior. El Gobierno también ha continuado atacando a familiares de opositores dentro de Nicaragua, incluyendo niños, por simple asociación, como una forma de castigar a los opositores y/o disuadirlos de hablar dondequiera que se encuentren».</p>
<p>Ante la gravedad de este crimen y el patrón sostenido de represión transnacional contra personas nicaragüenses exiliadas, hacemos un llamado urgente a la comunidad internacional para que exija al Estado de Nicaragua el cese inmediato de toda forma de persecución, vigilancia y violencia contra la disidencia en el exilio. Solicitamos, además, que la comunidad internacional refuerce el apoyo político, técnico y financiero a los mecanismos de protección para personas defensoras de derechos humanos en el exilio. Asimismo, instamos a establecer canales de comunicación bilaterales o multilaterales con los países de acogida de personas nicaragüenses, con el fin de valorar la situación de seguridad y articular respuestas preventivas frente a posibles actos de persecución transnacional. Finalmente, pedimos a los organismos internacionales de derechos humanos que den seguimiento urgente a estos casos como parte de un patrón sistemático de represión transfronteriza, y que se garantice justicia y verdad para las víctimas.</p>
<p><b>Información adicional</b></p>
<p><b>El Colectivo 46/2 es una coalición conformada por 19 organizaciones de derechos humanos internacionales, regionales y nicaragüenses que informa periódicamente a la comunidad internacional sobre la falta de acciones del régimen de Nicaragua para atender sus obligaciones internacionales en materia de derechos humanos. A continuación, se listan las organizaciones integrantes del Colectivo que han decidido hacer pública su adhesión a este pronunciamiento:</b></p>
<p>Colectivo Nicaragua Nunca Más</p>
<p>Centro por el Derecho y la Justicia Internacional – CEJIL</p>
<p>Federación Internacional por los Derechos Humanos – FIDH</p>
<p>International Institute on Race, Equality and Human Rights</p>
<p>International Service for Human Rights – ISHR</p>
<p>Movimiento Autónomo de Mujeres – MAM</p>
<p>Organización Mundial Contra la Tortura – OMCT</p>
<p>Peace Brigades International – PBI</p>
<p>Red Internacional de Derechos Humanos Europa – RIDHE</p>
<p>Unidad de Defensa Jurídica, Registro y Memoria – UDJUDR</p>
<p>Urnas Abiertas</p>

<p>Ginebra, 23 de Junio. El Colectivo 46/2 denuncia ante la comunidad internacional el asesinato del Mayor en retiro del Ejército de Nicaragua, Roberto Samcam Ruíz, sucedido el 19 de junio en [&hellip;]</p>
