{"id":19929,"date":"2025-06-27T20:48:19","date_gmt":"2025-06-27T20:48:19","guid":{"rendered":"https:\/\/raceandequality.org\/?post_type=resources&#038;p=19929"},"modified":"2025-06-27T20:50:19","modified_gmt":"2025-06-27T20:50:19","slug":"nicaragua-persecucion-personas-opositoras-mas-alla-de-las-fronteras","status":"publish","type":"resources","link":"https:\/\/raceandequality.org\/es\/resources\/nicaragua-persecucion-personas-opositoras-mas-alla-de-las-fronteras\/","title":{"rendered":"Nicaragua: Persecuci\u00f3n contra personas percibidas como opositoras se ha convertido en una pr\u00e1ctica recurrente y puede trascender m\u00e1s all\u00e1 de sus fronteras"},"content":{"rendered":"<p><strong>Washington, D.C., 27 de junio de 2025.<\/strong>&#8211; La Oficina del Alto Comisionado de Naciones Unidas para los Derechos Humanos, se\u00f1al\u00f3 que la <strong>persecuci\u00f3n del Gobierno de Nicaragua contra personas percibidas como opositoras<\/strong> \u201cse ha convertido en una pr\u00e1ctica recurrente y puede trascender m\u00e1s all\u00e1 de sus fronteras\u201d, lo cual representa un alto riesgo para la vida e integridad f\u00edsica de las personas en el exilio.<\/p>\n<p>Dicha informaci\u00f3n corresponde a la <a href=\"https:\/\/www.youtube.com\/watch?v=S176OkQeEUw\"><strong>actualizaci\u00f3n oral sobre la situaci\u00f3n de derechos humanos en Nicaragua<\/strong><\/a>, realizada este viernes 27 de junio en el marco de la 59 sesi\u00f3n del Consejo de Derechos Humanos de la ONU y en correspondencia con la Resoluci\u00f3n 58\/18 de dicho \u00f3rgano. La misma fue presentada por la directora de la Divisi\u00f3n de Operaciones Globales de la Oficina, Maarit Kohonen.<\/p>\n<p>Kohonen precis\u00f3 que la persecuci\u00f3n contra personas percibidas como opositoras pol\u00edticas en Nicaragua incluye a <strong>personas defensoras de derechos humanos, periodistas, pueblos ind\u00edgenas y afrodescendientes, l\u00edderes religiosos y laicos<\/strong>, y que esta situaci\u00f3n \u201cse ve exacerbada por cambios legislativos que refuerzan el cierre del espacio c\u00edvico y aumentan las restricciones a la participaci\u00f3n pol\u00edtica\u201d.<\/p>\n<p><strong>Detenciones arbitrarias y desapariciones forzadas<\/strong><\/p>\n<p>El informe indica que <strong>las detenciones arbitrarias contin\u00faan siendo utilizadas como herramienta de represi\u00f3n pol\u00edtica<\/strong>, consolidando un clima de miedo para silenciar toda voz cr\u00edtica y que, seg\u00fan informaci\u00f3n recabada por la Oficina, al menos 54 personas (47 hombres y 7 mujeres) permanecen detenidas arbitrariamente. \u201cLa cifra real podr\u00eda ser mayor ya que muchas familias temen denunciar por miedo a represalias\u201d, dijo.<\/p>\n<p>Adem\u00e1s, la Oficina ha documentado <strong>13 casos de posible desaparici\u00f3n forzada<\/strong>, de los cuales 8 corresponden a personas adultas mayores y 2 a personas ind\u00edgenas. De estos casos, destacaron el de <a href=\"https:\/\/nicaslibresya.org\/perfiles_pp\/eveling-carolina-matus-hernandez\/\"><strong>Evelyn Carolina Matus Hern\u00e1ndez<\/strong><\/a>, cuyo paradero es desconocido desde que fue detenida arbitrariamente el 25 de junio de 2024 y separada de sus ni\u00f1os de 5 y 10 a\u00f1os.<\/p>\n<p>\u201cLas condiciones de detenci\u00f3n siguen siendo preocupantes con reportes de tortura y alimentaci\u00f3n insuficiente. 15 de las 54 personas detenidas son personas adultas mayores con necesidades m\u00e9dicas urgentes sin atenci\u00f3n adecuada. Preocupa particularmente el caso de An\u00edbal Mart\u00edn Rivas Reed, de 62 a\u00f1os, quien padece artritis degenerativa y depresi\u00f3n cl\u00ednica y cuyo paradero es desconocido desde su detenci\u00f3n en mayo pasado\u201d, agreg\u00f3.<\/p>\n<p>En relaci\u00f3n con la situaci\u00f3n de la prensa independiente, inform\u00f3 que <strong>al menos 168 periodistas han debido exiliarse desde 2018<\/strong> mientras quienes contin\u00faan en el pa\u00eds enfrentan vigilancia, amenazas y censura, destac\u00f3 el caso del periodista <a href=\"https:\/\/nicaslibresya.org\/perfiles_pp\/catalino-leo-carcamo\/\"><strong>Leo C\u00e1rcamo<\/strong><\/a>, quien fue detenido arbitrariamente en noviembre de 2024 y desde entonces su paradero sigue siendo desconocido, lo que podr\u00eda constituir una desaparici\u00f3n forzada.<\/p>\n<p>En la actualizaci\u00f3n oral, la Oficina reiter\u00f3 su <strong>llamado a las autoridades nicarag\u00fcenses a liberar de inmediato a todas las personas detenidas arbitrariamente<\/strong>, a cesar las desapariciones forzadas y la tortura, y a garantizar el respeto de las normas internacionales sobre el trato digno en los lugares de detenci\u00f3n.<\/p>\n<p><strong>Reformas legislativas<\/strong><\/p>\n<p>El informe del Alto Comisionado se refiri\u00f3 a las <strong>reformas a la Ley Electoral<\/strong> aprobadas en marzo pasado, se\u00f1alando que profundiza la concentraci\u00f3n de poder en la Presidencia y debilita a\u00fan m\u00e1s las garant\u00edas de participaci\u00f3n democr\u00e1tica, al eliminar los mecanismos de refer\u00e9ndum y plebiscito y autorizar el proselitismo en oficinas p\u00fablicas, as\u00ed como limita la constituci\u00f3n e integraci\u00f3n de partidos pol\u00edticos.<\/p>\n<p>\u201cEstas reformas en conjunto con las reformas constitucionales adoptadas en enero de 2025 plantean serias dudas sobre la existencia, funcionamiento independiente de los partidos pol\u00edticos, adem\u00e1s existe la incertidumbre sobre las fechas de las pr\u00f3ximas elecciones presidenciales\u201d, apunt\u00f3.<\/p>\n<p>Tambi\u00e9n hizo referencia a la <strong>nueva ley org\u00e1nica del Poder Judicial<\/strong>, en cuanto otorga a la Presidencia de la Rep\u00fablica la potestad de proponer la presidencia de la Corte Suprema de Justicia (CSJ) y permite restringir la publicidad de los procesos penales a discreci\u00f3n de la autoridad judicial.<\/p>\n<p>\u201cLegislaci\u00f3n recientemente promulgada ha debilitado a\u00fan m\u00e1s las protecciones de los territorios de los pueblos ind\u00edgenas y afrodescendientes y de sus formas de gobierno; estas reformas se han adoptado sin las debidas garant\u00edas del derecho a la consulta y el consentimiento previo libre e informado. Esto, sumado a continuos ataques contra las comunidades que incluyen asesinatos, violencia sexual y detenci\u00f3n arbitraria de lideres, representa una grave amenaza para la sobrevivencia de los pueblos ind\u00edgenas y afrodescendientes nicarag\u00fcenses\u201d, a\u00f1adi\u00f3.<\/p>\n<p>En el reporte tambi\u00e9n se denunci\u00f3 que la cifra de organizaciones no gubernamentales o de sociedad civil que han sido canceladas arbitrariamente ya alcanza las 5,535 y que este a\u00f1o la Oficina ha documentado 29 casos (17 mujeres y 12 hombres) de personas a quienes se le neg\u00f3 la entrada a su propio pa\u00eds por motivos pol\u00edticos.<\/p>\n<p><strong>Aislamiento de Nicaragua<\/strong><\/p>\n<p>La representaci\u00f3n de <strong>Nicaragua se ausent\u00f3 de \u00a0la sesi\u00f3n<\/strong> y, por tanto, no hizo r\u00e9plica a las denuncias y demandas planteadas. La Oficina del Alto Comisionado, por su parte, se\u00f1al\u00f3 que a pesar de la urgente necesidad de atender la crisis de derechos humanos Nicaragua contin\u00faa aisl\u00e1ndose de la cooperaci\u00f3n con organismos internacionales, al notificar su retirada de la UNESCO en mayo y de la ACNUR en junio.<\/p>\n<p>\u201cHacemos otra vez un llamado a las autoridades nicarag\u00fcenses a retomar el di\u00e1logo para garantizar la promoci\u00f3n y protecci\u00f3n de los derechos humanos en el pa\u00eds incluyendo la conclusi\u00f3n del Examen Peri\u00f3dico Universal\u201d, apuntaron.<\/p>\n<p>Desde Raza e Igualdad, <strong>repudiamos la resistencia del r\u00e9gimen de Daniel Ortega y Rosario Murillo a rendir cuentas ante el Consejo de Derechos Humanos<\/strong> y advertimos que tanto los \u00f3rganos del sistema universal de protecci\u00f3n de los derechos humanos como las organizaciones de sociedad civil debemos continuar demandando que el Estado se haga responsable y que las v\u00edctimas reciban justicia, reparaci\u00f3n y garant\u00edas de no repetici\u00f3n que merecen.\u00a0 Dar la espalda a las obligaciones internacionales y a los \u00f3rganos de protecci\u00f3n, no les proporcionar\u00e1 la impunidad que buscan.<\/p>\n<p>Compartimos la preocupaci\u00f3n de la Oficina del Alto Comisionado por la persistencia y agravamiento de la persecuci\u00f3n por motivos pol\u00edticos y otras formas de represi\u00f3n en contra de personas percibidas como opositoras, por lo que llamamos a la comunidad internacional a <strong>mantener la vigilancia sobre la situaci\u00f3n de derechos humanos en el pa\u00eds<\/strong> y m\u00e1s all\u00e1 de sus fronteras en cuanto a personas exiliadas.<\/p>\n<p>Demandamos que el r\u00e9gimen informe sobre el paradero de todas las personas desaparecidas, as\u00ed como la inmediata liberaci\u00f3n de todas las personas en prisi\u00f3n por motivos pol\u00edticos.<\/p>\n<p><strong>\u00a0<\/strong><\/p>\n","protected":false},"excerpt":{"rendered":"<p>Washington, D.C., 27 de junio de 2025.&#8211; La Oficina del Alto Comisionado de Naciones Unidas para los Derechos Humanos, se\u00f1al\u00f3 que la persecuci\u00f3n del Gobierno de Nicaragua contra personas percibidas [&hellip;]<\/p>\n","protected":false},"author":8,"featured_media":19930,"parent":0,"menu_order":0,"template":"","format":"standard","categories":[],"resources_country":[1199],"resources_language":[],"resources_audience":[],"resources_format":[],"resources_topic":[1097],"resources_year":[],"class_list":["post-19929","resources","type-resources","status-publish","format-standard","has-post-thumbnail","hentry","resources_country-nicaragua-es","resources_topic-derechos-humanos"],"acf":[],"aioseo_notices":[],"_links":{"self":[{"href":"https:\/\/raceandequality.org\/es\/wp-json\/wp\/v2\/resources\/19929","targetHints":{"allow":["GET"]}}],"collection":[{"href":"https:\/\/raceandequality.org\/es\/wp-json\/wp\/v2\/resources"}],"about":[{"href":"https:\/\/raceandequality.org\/es\/wp-json\/wp\/v2\/types\/resources"}],"author":[{"embeddable":true,"href":"https:\/\/raceandequality.org\/es\/wp-json\/wp\/v2\/users\/8"}],"wp:featuredmedia":[{"embeddable":true,"href":"https:\/\/raceandequality.org\/es\/wp-json\/wp\/v2\/media\/19930"}],"wp:attachment":[{"href":"https:\/\/raceandequality.org\/es\/wp-json\/wp\/v2\/media?parent=19929"}],"wp:term":[{"taxonomy":"category","embeddable":true,"href":"https:\/\/raceandequality.org\/es\/wp-json\/wp\/v2\/categories?post=19929"},{"taxonomy":"resources_country","embeddable":true,"href":"https:\/\/raceandequality.org\/es\/wp-json\/wp\/v2\/resources_country?post=19929"},{"taxonomy":"resources_language","embeddable":true,"href":"https:\/\/raceandequality.org\/es\/wp-json\/wp\/v2\/resources_language?post=19929"},{"taxonomy":"resources_audience","embeddable":true,"href":"https:\/\/raceandequality.org\/es\/wp-json\/wp\/v2\/resources_audience?post=19929"},{"taxonomy":"resources_format","embeddable":true,"href":"https:\/\/raceandequality.org\/es\/wp-json\/wp\/v2\/resources_format?post=19929"},{"taxonomy":"resources_topic","embeddable":true,"href":"https:\/\/raceandequality.org\/es\/wp-json\/wp\/v2\/resources_topic?post=19929"},{"taxonomy":"resources_year","embeddable":true,"href":"https:\/\/raceandequality.org\/es\/wp-json\/wp\/v2\/resources_year?post=19929"}],"curies":[{"name":"wp","href":"https:\/\/api.w.org\/{rel}","templated":true}]}}

Nicaragua: Persecución contra personas percibidas como opositoras se ha convertido en una práctica recurrente y puede trascender más allá de sus fronteras

<p><strong>Washington, D.C., 27 de junio de 2025.</strong>&#8211; La Oficina del Alto Comisionado de Naciones Unidas para los Derechos Humanos, señaló que la <strong>persecución del Gobierno de Nicaragua contra personas percibidas como opositoras</strong> “se ha convertido en una práctica recurrente y puede trascender más allá de sus fronteras”, lo cual representa un alto riesgo para la vida e integridad física de las personas en el exilio.</p>
<p>Dicha información corresponde a la <a href="https://www.youtube.com/watch?v=S176OkQeEUw"><strong>actualización oral sobre la situación de derechos humanos en Nicaragua</strong></a>, realizada este viernes 27 de junio en el marco de la 59 sesión del Consejo de Derechos Humanos de la ONU y en correspondencia con la Resolución 58/18 de dicho órgano. La misma fue presentada por la directora de la División de Operaciones Globales de la Oficina, Maarit Kohonen.</p>
<p>Kohonen precisó que la persecución contra personas percibidas como opositoras políticas en Nicaragua incluye a <strong>personas defensoras de derechos humanos, periodistas, pueblos indígenas y afrodescendientes, líderes religiosos y laicos</strong>, y que esta situación “se ve exacerbada por cambios legislativos que refuerzan el cierre del espacio cívico y aumentan las restricciones a la participación política”.</p>
<p><strong>Detenciones arbitrarias y desapariciones forzadas</strong></p>
<p>El informe indica que <strong>las detenciones arbitrarias continúan siendo utilizadas como herramienta de represión política</strong>, consolidando un clima de miedo para silenciar toda voz crítica y que, según información recabada por la Oficina, al menos 54 personas (47 hombres y 7 mujeres) permanecen detenidas arbitrariamente. “La cifra real podría ser mayor ya que muchas familias temen denunciar por miedo a represalias”, dijo.</p>
<p>Además, la Oficina ha documentado <strong>13 casos de posible desaparición forzada</strong>, de los cuales 8 corresponden a personas adultas mayores y 2 a personas indígenas. De estos casos, destacaron el de <a href="https://nicaslibresya.org/perfiles_pp/eveling-carolina-matus-hernandez/"><strong>Evelyn Carolina Matus Hernández</strong></a>, cuyo paradero es desconocido desde que fue detenida arbitrariamente el 25 de junio de 2024 y separada de sus niños de 5 y 10 años.</p>
<p>“Las condiciones de detención siguen siendo preocupantes con reportes de tortura y alimentación insuficiente. 15 de las 54 personas detenidas son personas adultas mayores con necesidades médicas urgentes sin atención adecuada. Preocupa particularmente el caso de Aníbal Martín Rivas Reed, de 62 años, quien padece artritis degenerativa y depresión clínica y cuyo paradero es desconocido desde su detención en mayo pasado”, agregó.</p>
<p>En relación con la situación de la prensa independiente, informó que <strong>al menos 168 periodistas han debido exiliarse desde 2018</strong> mientras quienes continúan en el país enfrentan vigilancia, amenazas y censura, destacó el caso del periodista <a href="https://nicaslibresya.org/perfiles_pp/catalino-leo-carcamo/"><strong>Leo Cárcamo</strong></a>, quien fue detenido arbitrariamente en noviembre de 2024 y desde entonces su paradero sigue siendo desconocido, lo que podría constituir una desaparición forzada.</p>
<p>En la actualización oral, la Oficina reiteró su <strong>llamado a las autoridades nicaragüenses a liberar de inmediato a todas las personas detenidas arbitrariamente</strong>, a cesar las desapariciones forzadas y la tortura, y a garantizar el respeto de las normas internacionales sobre el trato digno en los lugares de detención.</p>
<p><strong>Reformas legislativas</strong></p>
<p>El informe del Alto Comisionado se refirió a las <strong>reformas a la Ley Electoral</strong> aprobadas en marzo pasado, señalando que profundiza la concentración de poder en la Presidencia y debilita aún más las garantías de participación democrática, al eliminar los mecanismos de referéndum y plebiscito y autorizar el proselitismo en oficinas públicas, así como limita la constitución e integración de partidos políticos.</p>
<p>“Estas reformas en conjunto con las reformas constitucionales adoptadas en enero de 2025 plantean serias dudas sobre la existencia, funcionamiento independiente de los partidos políticos, además existe la incertidumbre sobre las fechas de las próximas elecciones presidenciales”, apuntó.</p>
<p>También hizo referencia a la <strong>nueva ley orgánica del Poder Judicial</strong>, en cuanto otorga a la Presidencia de la República la potestad de proponer la presidencia de la Corte Suprema de Justicia (CSJ) y permite restringir la publicidad de los procesos penales a discreción de la autoridad judicial.</p>
<p>“Legislación recientemente promulgada ha debilitado aún más las protecciones de los territorios de los pueblos indígenas y afrodescendientes y de sus formas de gobierno; estas reformas se han adoptado sin las debidas garantías del derecho a la consulta y el consentimiento previo libre e informado. Esto, sumado a continuos ataques contra las comunidades que incluyen asesinatos, violencia sexual y detención arbitraria de lideres, representa una grave amenaza para la sobrevivencia de los pueblos indígenas y afrodescendientes nicaragüenses”, añadió.</p>
<p>En el reporte también se denunció que la cifra de organizaciones no gubernamentales o de sociedad civil que han sido canceladas arbitrariamente ya alcanza las 5,535 y que este año la Oficina ha documentado 29 casos (17 mujeres y 12 hombres) de personas a quienes se le negó la entrada a su propio país por motivos políticos.</p>
<p><strong>Aislamiento de Nicaragua</strong></p>
<p>La representación de <strong>Nicaragua se ausentó de  la sesión</strong> y, por tanto, no hizo réplica a las denuncias y demandas planteadas. La Oficina del Alto Comisionado, por su parte, señaló que a pesar de la urgente necesidad de atender la crisis de derechos humanos Nicaragua continúa aislándose de la cooperación con organismos internacionales, al notificar su retirada de la UNESCO en mayo y de la ACNUR en junio.</p>
<p>“Hacemos otra vez un llamado a las autoridades nicaragüenses a retomar el diálogo para garantizar la promoción y protección de los derechos humanos en el país incluyendo la conclusión del Examen Periódico Universal”, apuntaron.</p>
<p>Desde Raza e Igualdad, <strong>repudiamos la resistencia del régimen de Daniel Ortega y Rosario Murillo a rendir cuentas ante el Consejo de Derechos Humanos</strong> y advertimos que tanto los órganos del sistema universal de protección de los derechos humanos como las organizaciones de sociedad civil debemos continuar demandando que el Estado se haga responsable y que las víctimas reciban justicia, reparación y garantías de no repetición que merecen.  Dar la espalda a las obligaciones internacionales y a los órganos de protección, no les proporcionará la impunidad que buscan.</p>
<p>Compartimos la preocupación de la Oficina del Alto Comisionado por la persistencia y agravamiento de la persecución por motivos políticos y otras formas de represión en contra de personas percibidas como opositoras, por lo que llamamos a la comunidad internacional a <strong>mantener la vigilancia sobre la situación de derechos humanos en el país</strong> y más allá de sus fronteras en cuanto a personas exiliadas.</p>
<p>Demandamos que el régimen informe sobre el paradero de todas las personas desaparecidas, así como la inmediata liberación de todas las personas en prisión por motivos políticos.</p>
<p><strong> </strong></p>

<p>Washington, D.C., 27 de junio de 2025.&#8211; La Oficina del Alto Comisionado de Naciones Unidas para los Derechos Humanos, señaló que la persecución del Gobierno de Nicaragua contra personas percibidas [&hellip;]</p>
