{"id":20013,"date":"2025-08-18T17:07:23","date_gmt":"2025-08-18T17:07:23","guid":{"rendered":"https:\/\/raceandequality.org\/?post_type=resources&#038;p=20013"},"modified":"2025-08-19T15:33:45","modified_gmt":"2025-08-19T15:33:45","slug":"mujeres-afrodescendiente-indigenas-diversas-xvi-conferencia-regional-sobre-la-mujer","status":"publish","type":"resources","link":"https:\/\/raceandequality.org\/es\/resources\/mujeres-afrodescendiente-indigenas-diversas-xvi-conferencia-regional-sobre-la-mujer\/","title":{"rendered":"Raza e Igualdad acompa\u00f1a a mujeres afrodescendiente, ind\u00edgenas y diversas en la XVI Conferencia Regional sobre la Mujer"},"content":{"rendered":"<p><strong>Washington, D.C., 18 de agosto de 2025.<\/strong>&#8211; El Instituto sobre Raza, Igualdad y Derechos Humanos (Raza e Igualdad) acompa\u00f1\u00f3 a mujeres afrodescendientes, ind\u00edgenas y diversas en su participaci\u00f3n en la XVI Conferencia Regional sobre la Mujer, que se realiz\u00f3 en la Ciudad de M\u00e9xico del 12 al 15 de agosto, bajo el tema: \u201cLas transformaciones en los \u00e1mbitos pol\u00edtico, econ\u00f3mico, social, cultural y ambiental para impulsar la sociedad del cuidado y la igualdad de g\u00e9nero\u201d.<\/p>\n<p>La Conferencia concluy\u00f3 con un hito importante para la promoci\u00f3n y defensa de los derechos de las mujeres de Am\u00e9rica Latina y el Caribe, como fue la firma del <strong>Compromiso de Tlatelolco<\/strong>, que establece una d\u00e9cada de acci\u00f3n 2025-2035 en la regi\u00f3n para acelerar el logro de la igualdad sustantiva de g\u00e9nero y la sociedad del cuidado mediante transformaciones en los \u00e1mbitos pol\u00edtico, econ\u00f3mico, social, cultural y ambiental.<\/p>\n<p>Desde Raza e Igualdad reconocemos que esta Conferencia se da en un contexto internacional muy cr\u00edtico por la reducci\u00f3n de fondos en \u00e1reas importantes para las mujeres, por lo que resaltamos la necesidad de seguir luchando con m\u00e1s fuerza que nunca por los derechos de las mujeres, con un enfoque interseccional porque son estas, las mujeres afrodescendientes, ind\u00edgenas y diversas, quienes enfrentan la violencia m\u00e1s extrema en sus hogares, trabajos y comunidades.<\/p>\n<p>Al ser \u00f3rgano subsidiario de la Comisi\u00f3n Econ\u00f3mica para Am\u00e9rica Latina y el Caribe (CEPAL), y el\u00a0principal foro intergubernamental de las Naciones Unidas sobre los derechos de las mujeres y la igualdad de g\u00e9nero en la regi\u00f3n, desde la sociedad civil exist\u00eda mucha expectativa para participar en los m\u00e1s de 35 foros y mesas paralelas que hubo en torno a la Conferencia; sin embargo, muchas organizaciones quedaron fuera de dichos espacios y no pudieron compartir sus preocupaciones y demandas.<\/p>\n<p>Considerando que el tema central gir\u00f3 en torno en \u201clos cuidados\u201d, las mujeres afrodescendientes, ind\u00edgenas y diversas alzaron sus voces porque hist\u00f3ricamente esta labor ha pesado sobre ellas de forma particular, ya que no solo asumen cuidados en el hogar y sus comunidades, sino en espacios de terceros como medio de sobrevivencia, caracteriz\u00e1ndose por sufrir abusos, racismo y discriminaci\u00f3n, al punto que dicho trabajo ha sido denominado \u201cesclavitud moderna\u201d. Por tanto, las mujeres hicieron un llamado para que el movimiento feminista asuma la visi\u00f3n antirracista y anti-clasista.<\/p>\n<p>Entre los dem\u00e1s llamados realizados, destac\u00f3 el de la delegaci\u00f3n de Republica Dominicana, la cual se pronunci\u00f3 sobre la reciente reforma al C\u00f3digo Penal y las medidas migratorias, calific\u00e1ndolas de \u201cracista, machista, clasista, anti-negro, anti-haitiano, anti-LGBTIQ+ y anti-pueblo\u201d. Esto contrast\u00f3 con el hecho que, a lo largo de la Conferencia, se invisibiliz\u00f3 la realidad de las mujeres pobres, en condici\u00f3n de ap\u00e1trida y migrantes y\/o en situaci\u00f3n de movilidad haitianas en dicho pa\u00eds.<\/p>\n<p>Otro punto importante fue el relanzamiento del Observatorio de Igualdad de G\u00e9nero de Am\u00e9rica Latina y el Caribe, por lo que aprovechamos la ocasi\u00f3n para llamar a redoblar esfuerzos para incorporar y visibilizar el componente \u00e9tnico-racial de las mujeres en sus datos e investigaciones.<\/p>\n<p>En Raza e Igualdad, exaltamos particularmente la participaci\u00f3n de las organizaciones contrapartes: <strong>Red de Mujeres Afrolatinoamericanas, Afrocaribe\u00f1as y de la Di\u00e1spora<\/strong> (RMAAD) y <strong>Enlace Continental de Mujeres Ind\u00edgenas de las Am\u00e9ricas<\/strong> (ECMIA), cuyas delegaciones realizaron una excelente labor de visibilizaci\u00f3n de sus realidades y demandas.<\/p>\n<p><img decoding=\"async\" class=\"alignnone size-medium wp-image-20014 lazyload\" data-src=\"https:\/\/raceandequality.org\/wp-content\/uploads\/2025\/08\/conferencia-mujeres-cepal00001-300x194.jpeg\" alt=\"\" width=\"300\" height=\"194\" data-srcset=\"https:\/\/raceandequality.org\/wp-content\/uploads\/2025\/08\/conferencia-mujeres-cepal00001-300x194.jpeg 300w, https:\/\/raceandequality.org\/wp-content\/uploads\/2025\/08\/conferencia-mujeres-cepal00001-1024x663.jpeg 1024w, https:\/\/raceandequality.org\/wp-content\/uploads\/2025\/08\/conferencia-mujeres-cepal00001-768x497.jpeg 768w, https:\/\/raceandequality.org\/wp-content\/uploads\/2025\/08\/conferencia-mujeres-cepal00001-900x583.jpeg 900w, https:\/\/raceandequality.org\/wp-content\/uploads\/2025\/08\/conferencia-mujeres-cepal00001-600x388.jpeg 600w, https:\/\/raceandequality.org\/wp-content\/uploads\/2025\/08\/conferencia-mujeres-cepal00001.jpeg 1080w\" data-sizes=\"(max-width: 300px) 100vw, 300px\" src=\"data:image\/svg+xml;base64,PHN2ZyB3aWR0aD0iMSIgaGVpZ2h0PSIxIiB4bWxucz0iaHR0cDovL3d3dy53My5vcmcvMjAwMC9zdmciPjwvc3ZnPg==\" style=\"--smush-placeholder-width: 300px; --smush-placeholder-aspect-ratio: 300\/194;\" \/><\/p>\n<p><strong><em>Imagen principal: Foto oficial CEPAL<\/em><\/strong><\/p>\n","protected":false},"excerpt":{"rendered":"<p>Washington, D.C., 18 de agosto de 2025.&#8211; El Instituto sobre Raza, Igualdad y Derechos Humanos (Raza e Igualdad) acompa\u00f1\u00f3 a mujeres afrodescendientes, ind\u00edgenas y diversas en su participaci\u00f3n en la [&hellip;]<\/p>\n","protected":false},"author":8,"featured_media":20017,"parent":0,"menu_order":0,"template":"","format":"standard","categories":[],"resources_country":[],"resources_language":[],"resources_audience":[],"resources_format":[],"resources_topic":[1119],"resources_year":[],"class_list":["post-20013","resources","type-resources","status-publish","format-standard","has-post-thumbnail","hentry","resources_topic-mujeres"],"acf":[],"aioseo_notices":[],"_links":{"self":[{"href":"https:\/\/raceandequality.org\/es\/wp-json\/wp\/v2\/resources\/20013","targetHints":{"allow":["GET"]}}],"collection":[{"href":"https:\/\/raceandequality.org\/es\/wp-json\/wp\/v2\/resources"}],"about":[{"href":"https:\/\/raceandequality.org\/es\/wp-json\/wp\/v2\/types\/resources"}],"author":[{"embeddable":true,"href":"https:\/\/raceandequality.org\/es\/wp-json\/wp\/v2\/users\/8"}],"wp:featuredmedia":[{"embeddable":true,"href":"https:\/\/raceandequality.org\/es\/wp-json\/wp\/v2\/media\/20017"}],"wp:attachment":[{"href":"https:\/\/raceandequality.org\/es\/wp-json\/wp\/v2\/media?parent=20013"}],"wp:term":[{"taxonomy":"category","embeddable":true,"href":"https:\/\/raceandequality.org\/es\/wp-json\/wp\/v2\/categories?post=20013"},{"taxonomy":"resources_country","embeddable":true,"href":"https:\/\/raceandequality.org\/es\/wp-json\/wp\/v2\/resources_country?post=20013"},{"taxonomy":"resources_language","embeddable":true,"href":"https:\/\/raceandequality.org\/es\/wp-json\/wp\/v2\/resources_language?post=20013"},{"taxonomy":"resources_audience","embeddable":true,"href":"https:\/\/raceandequality.org\/es\/wp-json\/wp\/v2\/resources_audience?post=20013"},{"taxonomy":"resources_format","embeddable":true,"href":"https:\/\/raceandequality.org\/es\/wp-json\/wp\/v2\/resources_format?post=20013"},{"taxonomy":"resources_topic","embeddable":true,"href":"https:\/\/raceandequality.org\/es\/wp-json\/wp\/v2\/resources_topic?post=20013"},{"taxonomy":"resources_year","embeddable":true,"href":"https:\/\/raceandequality.org\/es\/wp-json\/wp\/v2\/resources_year?post=20013"}],"curies":[{"name":"wp","href":"https:\/\/api.w.org\/{rel}","templated":true}]}}

Raza e Igualdad acompaña a mujeres afrodescendiente, indígenas y diversas en la XVI Conferencia Regional sobre la Mujer

<p><strong>Washington, D.C., 18 de agosto de 2025.</strong>&#8211; El Instituto sobre Raza, Igualdad y Derechos Humanos (Raza e Igualdad) acompañó a mujeres afrodescendientes, indígenas y diversas en su participación en la XVI Conferencia Regional sobre la Mujer, que se realizó en la Ciudad de México del 12 al 15 de agosto, bajo el tema: “Las transformaciones en los ámbitos político, económico, social, cultural y ambiental para impulsar la sociedad del cuidado y la igualdad de género”.</p>
<p>La Conferencia concluyó con un hito importante para la promoción y defensa de los derechos de las mujeres de América Latina y el Caribe, como fue la firma del <strong>Compromiso de Tlatelolco</strong>, que establece una década de acción 2025-2035 en la región para acelerar el logro de la igualdad sustantiva de género y la sociedad del cuidado mediante transformaciones en los ámbitos político, económico, social, cultural y ambiental.</p>
<p>Desde Raza e Igualdad reconocemos que esta Conferencia se da en un contexto internacional muy crítico por la reducción de fondos en áreas importantes para las mujeres, por lo que resaltamos la necesidad de seguir luchando con más fuerza que nunca por los derechos de las mujeres, con un enfoque interseccional porque son estas, las mujeres afrodescendientes, indígenas y diversas, quienes enfrentan la violencia más extrema en sus hogares, trabajos y comunidades.</p>
<p>Al ser órgano subsidiario de la Comisión Económica para América Latina y el Caribe (CEPAL), y el principal foro intergubernamental de las Naciones Unidas sobre los derechos de las mujeres y la igualdad de género en la región, desde la sociedad civil existía mucha expectativa para participar en los más de 35 foros y mesas paralelas que hubo en torno a la Conferencia; sin embargo, muchas organizaciones quedaron fuera de dichos espacios y no pudieron compartir sus preocupaciones y demandas.</p>
<p>Considerando que el tema central giró en torno en “los cuidados”, las mujeres afrodescendientes, indígenas y diversas alzaron sus voces porque históricamente esta labor ha pesado sobre ellas de forma particular, ya que no solo asumen cuidados en el hogar y sus comunidades, sino en espacios de terceros como medio de sobrevivencia, caracterizándose por sufrir abusos, racismo y discriminación, al punto que dicho trabajo ha sido denominado “esclavitud moderna”. Por tanto, las mujeres hicieron un llamado para que el movimiento feminista asuma la visión antirracista y anti-clasista.</p>
<p>Entre los demás llamados realizados, destacó el de la delegación de Republica Dominicana, la cual se pronunció sobre la reciente reforma al Código Penal y las medidas migratorias, calificándolas de “racista, machista, clasista, anti-negro, anti-haitiano, anti-LGBTIQ+ y anti-pueblo”. Esto contrastó con el hecho que, a lo largo de la Conferencia, se invisibilizó la realidad de las mujeres pobres, en condición de apátrida y migrantes y/o en situación de movilidad haitianas en dicho país.</p>
<p>Otro punto importante fue el relanzamiento del Observatorio de Igualdad de Género de América Latina y el Caribe, por lo que aprovechamos la ocasión para llamar a redoblar esfuerzos para incorporar y visibilizar el componente étnico-racial de las mujeres en sus datos e investigaciones.</p>
<p>En Raza e Igualdad, exaltamos particularmente la participación de las organizaciones contrapartes: <strong>Red de Mujeres Afrolatinoamericanas, Afrocaribeñas y de la Diáspora</strong> (RMAAD) y <strong>Enlace Continental de Mujeres Indígenas de las Américas</strong> (ECMIA), cuyas delegaciones realizaron una excelente labor de visibilización de sus realidades y demandas.</p>
<p><img decoding="async" class="alignnone size-medium wp-image-20014 lazyload" data-src="https://raceandequality.org/wp-content/uploads/2025/08/conferencia-mujeres-cepal00001-300x194.jpeg" alt="" width="300" height="194" data-srcset="https://raceandequality.org/wp-content/uploads/2025/08/conferencia-mujeres-cepal00001-300x194.jpeg 300w, https://raceandequality.org/wp-content/uploads/2025/08/conferencia-mujeres-cepal00001-1024x663.jpeg 1024w, https://raceandequality.org/wp-content/uploads/2025/08/conferencia-mujeres-cepal00001-768x497.jpeg 768w, https://raceandequality.org/wp-content/uploads/2025/08/conferencia-mujeres-cepal00001-900x583.jpeg 900w, https://raceandequality.org/wp-content/uploads/2025/08/conferencia-mujeres-cepal00001-600x388.jpeg 600w, https://raceandequality.org/wp-content/uploads/2025/08/conferencia-mujeres-cepal00001.jpeg 1080w" data-sizes="(max-width: 300px) 100vw, 300px" src="data:image/svg+xml;base64,PHN2ZyB3aWR0aD0iMSIgaGVpZ2h0PSIxIiB4bWxucz0iaHR0cDovL3d3dy53My5vcmcvMjAwMC9zdmciPjwvc3ZnPg==" style="--smush-placeholder-width: 300px; --smush-placeholder-aspect-ratio: 300/194;" /></p>
<p><strong><em>Imagen principal: Foto oficial CEPAL</em></strong></p>

<p>Washington, D.C., 18 de agosto de 2025.&#8211; El Instituto sobre Raza, Igualdad y Derechos Humanos (Raza e Igualdad) acompañó a mujeres afrodescendientes, indígenas y diversas en su participación en la [&hellip;]</p>
