{"id":20020,"date":"2025-08-18T23:10:39","date_gmt":"2025-08-18T23:10:39","guid":{"rendered":"https:\/\/raceandequality.org\/?post_type=resources&#038;p=20020"},"modified":"2025-08-19T15:55:07","modified_gmt":"2025-08-19T15:55:07","slug":"nicaragua-redadas-llevadas-a-cabo-por-el-regimen-ortega-murillo-evidencian-nueva-escalada-represiva","status":"publish","type":"resources","link":"https:\/\/raceandequality.org\/es\/resources\/nicaragua-redadas-llevadas-a-cabo-por-el-regimen-ortega-murillo-evidencian-nueva-escalada-represiva\/","title":{"rendered":"Nicaragua: Redadas llevadas a cabo por el r\u00e9gimen Ortega-Murillo evidencian nueva escalada represiva"},"content":{"rendered":"<p><strong>Washington, D.C., 18 de agosto de 2025.<\/strong>&#8211; El Instituto sobre Raza, Igualdad y Derechos Humanos (Raza e Igualdad) condena en\u00e9rgicamente las recientes redadas policiales llevadas a cabo por el r\u00e9gimen Ortega-Murillo en los departamentos de Carazo, Granada, Masaya y Rivas, las cuales dejaron <strong>al menos 27 personas detenidas entre el 14 y 16 de agosto<\/strong>, seg\u00fan denunci\u00f3 y document\u00f3 el Monitoreo Azul y Blanco (MAB). Cuatro de esas personas habr\u00edan sido liberadas y 23 contin\u00faan arbitrariamente detenidas por motivos pol\u00edticos.<\/p>\n<p>La mayor\u00eda de las personas detenidas son excarcelados pol\u00edticos, exiliados retornados, artistas y empresarios opositores. Los operativos estuvieron marcados por allanamientos violentos, saqueos, uso de t\u00e9cnica canina y detenciones nocturnas, en un contexto marcado por la reciente <strong>confiscaci\u00f3n del Colegio San Jos\u00e9 en Jinotepe<\/strong>, Carazo.<\/p>\n<p>De acuerdo al reporte del MAB, entre los detenidos en Carazo en esta nueva ofensiva, figuran el expreso pol\u00edtico y exiliado retornado \u00d3scar Vel\u00e1squez S\u00e1nchez, el pintor Marvin Campos Chavarr\u00eda, Mar\u00eda Jos\u00e9 Rojas Arburola, hija del asesinado opositor Rodolfo Rojas; Chester Cort\u00e9s, del barrio Cementerio; el tatuador Darwin Ayerdis \u2013desaparecido desde su captura en julio\u2013, as\u00ed como Mario Rodr\u00edguez Serrano y Halder L\u00f3pez Luna, este \u00faltimo arrestado tras presentarse voluntariamente a la Polic\u00eda.<\/p>\n<p>Las detenciones ocurrieron d\u00edas despu\u00e9s de que la co-dictadora Rosario Murillo anunciara el 12 de agosto la confiscaci\u00f3n del colegio San Jos\u00e9, en Jinotepe, bajo el supuesto argumento de que en dicho centro se llevaron a cabo torturas durante abril 2018. El colegio confiscado era administrado por las religiosas de la congregaci\u00f3n Josefina, lo cual representa un paso m\u00e1s en la embestida del r\u00e9gimen contra la Iglesia Cat\u00f3lica.<\/p>\n<p>Con profunda preocupaci\u00f3n vemos que <strong>el r\u00e9gimen no abandona el patr\u00f3n de las detenciones arbitrarias por motivos pol\u00edticos<\/strong> con el prop\u00f3sito de mantener a la poblaci\u00f3n con temor de expresarse.<\/p>\n<p>\u201cEs inaceptable que en Nicaragua persista la pr\u00e1ctica de detener a personas y someterlas a desaparici\u00f3n forzada, dejando a sus familias en la absoluta incertidumbre y dolor. Nadie deber\u00eda vivir con el temor de no volver a ver a sus seres queridos. Esta es una grav\u00edsima violaci\u00f3n de derechos humanos que debe cesar de inmediato\u201d, se\u00f1al\u00f3 Carlos Quesada, Director Ejecutivo de Raza e Igualdad.<\/p>\n<p>Demandamos se informe a las familias de las personas afectadas su paradero y se les libere inmediatamente. Exigimos tambi\u00e9n QUE cese la represi\u00f3n hacia la Iglesia nicarag\u00fcense y se respete la libertad religiosa y las propiedades y centros educativos propiedad de la Iglesia o administrados por dicha instituci\u00f3n.<\/p>\n","protected":false},"excerpt":{"rendered":"<p>Washington, D.C., 18 de agosto de 2025.&#8211; El Instituto sobre Raza, Igualdad y Derechos Humanos (Raza e Igualdad) condena en\u00e9rgicamente las recientes redadas policiales llevadas a cabo por el r\u00e9gimen [&hellip;]<\/p>\n","protected":false},"author":8,"featured_media":20021,"parent":0,"menu_order":0,"template":"","format":"standard","categories":[],"resources_country":[1199],"resources_language":[],"resources_audience":[],"resources_format":[],"resources_topic":[1097,1109],"resources_year":[],"class_list":["post-20020","resources","type-resources","status-publish","format-standard","has-post-thumbnail","hentry","resources_country-nicaragua-es","resources_topic-derechos-humanos","resources_topic-raza-e-igualdad"],"acf":[],"aioseo_notices":[],"_links":{"self":[{"href":"https:\/\/raceandequality.org\/es\/wp-json\/wp\/v2\/resources\/20020","targetHints":{"allow":["GET"]}}],"collection":[{"href":"https:\/\/raceandequality.org\/es\/wp-json\/wp\/v2\/resources"}],"about":[{"href":"https:\/\/raceandequality.org\/es\/wp-json\/wp\/v2\/types\/resources"}],"author":[{"embeddable":true,"href":"https:\/\/raceandequality.org\/es\/wp-json\/wp\/v2\/users\/8"}],"wp:featuredmedia":[{"embeddable":true,"href":"https:\/\/raceandequality.org\/es\/wp-json\/wp\/v2\/media\/20021"}],"wp:attachment":[{"href":"https:\/\/raceandequality.org\/es\/wp-json\/wp\/v2\/media?parent=20020"}],"wp:term":[{"taxonomy":"category","embeddable":true,"href":"https:\/\/raceandequality.org\/es\/wp-json\/wp\/v2\/categories?post=20020"},{"taxonomy":"resources_country","embeddable":true,"href":"https:\/\/raceandequality.org\/es\/wp-json\/wp\/v2\/resources_country?post=20020"},{"taxonomy":"resources_language","embeddable":true,"href":"https:\/\/raceandequality.org\/es\/wp-json\/wp\/v2\/resources_language?post=20020"},{"taxonomy":"resources_audience","embeddable":true,"href":"https:\/\/raceandequality.org\/es\/wp-json\/wp\/v2\/resources_audience?post=20020"},{"taxonomy":"resources_format","embeddable":true,"href":"https:\/\/raceandequality.org\/es\/wp-json\/wp\/v2\/resources_format?post=20020"},{"taxonomy":"resources_topic","embeddable":true,"href":"https:\/\/raceandequality.org\/es\/wp-json\/wp\/v2\/resources_topic?post=20020"},{"taxonomy":"resources_year","embeddable":true,"href":"https:\/\/raceandequality.org\/es\/wp-json\/wp\/v2\/resources_year?post=20020"}],"curies":[{"name":"wp","href":"https:\/\/api.w.org\/{rel}","templated":true}]}}

Nicaragua: Redadas llevadas a cabo por el régimen Ortega-Murillo evidencian nueva escalada represiva

<p><strong>Washington, D.C., 18 de agosto de 2025.</strong>&#8211; El Instituto sobre Raza, Igualdad y Derechos Humanos (Raza e Igualdad) condena enérgicamente las recientes redadas policiales llevadas a cabo por el régimen Ortega-Murillo en los departamentos de Carazo, Granada, Masaya y Rivas, las cuales dejaron <strong>al menos 27 personas detenidas entre el 14 y 16 de agosto</strong>, según denunció y documentó el Monitoreo Azul y Blanco (MAB). Cuatro de esas personas habrían sido liberadas y 23 continúan arbitrariamente detenidas por motivos políticos.</p>
<p>La mayoría de las personas detenidas son excarcelados políticos, exiliados retornados, artistas y empresarios opositores. Los operativos estuvieron marcados por allanamientos violentos, saqueos, uso de técnica canina y detenciones nocturnas, en un contexto marcado por la reciente <strong>confiscación del Colegio San José en Jinotepe</strong>, Carazo.</p>
<p>De acuerdo al reporte del MAB, entre los detenidos en Carazo en esta nueva ofensiva, figuran el expreso político y exiliado retornado Óscar Velásquez Sánchez, el pintor Marvin Campos Chavarría, María José Rojas Arburola, hija del asesinado opositor Rodolfo Rojas; Chester Cortés, del barrio Cementerio; el tatuador Darwin Ayerdis –desaparecido desde su captura en julio–, así como Mario Rodríguez Serrano y Halder López Luna, este último arrestado tras presentarse voluntariamente a la Policía.</p>
<p>Las detenciones ocurrieron días después de que la co-dictadora Rosario Murillo anunciara el 12 de agosto la confiscación del colegio San José, en Jinotepe, bajo el supuesto argumento de que en dicho centro se llevaron a cabo torturas durante abril 2018. El colegio confiscado era administrado por las religiosas de la congregación Josefina, lo cual representa un paso más en la embestida del régimen contra la Iglesia Católica.</p>
<p>Con profunda preocupación vemos que <strong>el régimen no abandona el patrón de las detenciones arbitrarias por motivos políticos</strong> con el propósito de mantener a la población con temor de expresarse.</p>
<p>“Es inaceptable que en Nicaragua persista la práctica de detener a personas y someterlas a desaparición forzada, dejando a sus familias en la absoluta incertidumbre y dolor. Nadie debería vivir con el temor de no volver a ver a sus seres queridos. Esta es una gravísima violación de derechos humanos que debe cesar de inmediato”, señaló Carlos Quesada, Director Ejecutivo de Raza e Igualdad.</p>
<p>Demandamos se informe a las familias de las personas afectadas su paradero y se les libere inmediatamente. Exigimos también QUE cese la represión hacia la Iglesia nicaragüense y se respete la libertad religiosa y las propiedades y centros educativos propiedad de la Iglesia o administrados por dicha institución.</p>

<p>Washington, D.C., 18 de agosto de 2025.&#8211; El Instituto sobre Raza, Igualdad y Derechos Humanos (Raza e Igualdad) condena enérgicamente las recientes redadas policiales llevadas a cabo por el régimen [&hellip;]</p>
