{"id":20216,"date":"2025-11-11T11:20:15","date_gmt":"2025-11-11T11:20:15","guid":{"rendered":"https:\/\/raceandequality.org\/?post_type=resources&#038;p=20216"},"modified":"2025-11-11T11:20:15","modified_gmt":"2025-11-11T11:20:15","slug":"libertad-con-destierro-el-caso-de-la-activista-cubana-aymara-nieto","status":"publish","type":"resources","link":"https:\/\/raceandequality.org\/es\/resources\/libertad-con-destierro-el-caso-de-la-activista-cubana-aymara-nieto\/","title":{"rendered":"Libertad con destierro: el caso de la activista cubana Aymara Nieto"},"content":{"rendered":"<p><span style=\"font-weight: 400;\">Washington D.C., 11 de noviembre de 2025 &#8211; Hoy hace tres meses, Aymara Nieto Mu\u00f1oz comenz\u00f3 a reconstruir su vida en Santo Domingo, Rep\u00fablica Dominicana, donde reside desde el 11 de agosto de 2025, tras ser liberada y desterrada junto a su esposo, Ismael Boris, y dos de sus hijas. Luego de m\u00e1s de siete a\u00f1os privada de libertad por motivos pol\u00edticos en Cuba, la activista de 49 a\u00f1os, integrante de las Damas de Blanco y de la Uni\u00f3n Patri\u00f3tica de Cuba (UNPACU), intenta adaptarse a una nueva realidad lejos de la Isla.<\/span><\/p>\n<p><b>\u201cNos han recibido muy bien en Santo Domingo. Estoy muy agradecida. Ya hicimos (Aymara y su familia) una serie de entrevistas para regularizar nuestra situaci\u00f3n migratoria y poder trabajar. Mis hijas ya est\u00e1n en la escuela, gracias al apoyo de la Asociaci\u00f3n Cubana en la Rep\u00fablica Dominicana, y del gobierno de este pa\u00eds\u201d, cuenta Nieto, quien conserva el optimismo y la fe que la acompa\u00f1aron durante los a\u00f1os m\u00e1s duros de su encierro. \u201cMi mayor tesoro en prisi\u00f3n fue una Biblia que me regal\u00f3 mi hija mayor. Me dio fuerza para resistir\u201d, confiesa.<\/b><\/p>\n<p><span style=\"font-weight: 400;\">Aymara fue detenida el 6 de mayo de 2018, cuando sal\u00eda de su casa para participar en una manifestaci\u00f3n pac\u00edfica de la campa\u00f1a <\/span><i><span style=\"font-weight: 400;\">\u2018Todos Marchamos\u2019<\/span><\/i><span style=\"font-weight: 400;\">, que exig\u00eda la liberaci\u00f3n de las personas privadas de libertad por motivos pol\u00edticos en Cuba. Fue condenada por los supuestos delitos de atentado y da\u00f1os a cuatro a\u00f1os de prisi\u00f3n, que comenz\u00f3 a cumplir en la c\u00e1rcel de mujeres de El Guatao, en La Habana.<\/span><\/p>\n<p><span style=\"font-weight: 400;\">Sin embargo, mientras cumpl\u00eda esa condena, el r\u00e9gimen autoritario cubano volvi\u00f3 a procesarla, esta vez por presuntamente haber liderado un mot\u00edn dentro de la prisi\u00f3n. El nuevo proceso termin\u00f3 con una segunda sentencia de cinco a\u00f1os y cuatro meses, impuesta sin garant\u00edas judiciales ni derecho a una defensa efectiva. As\u00ed, Aymara pas\u00f3 m\u00e1s de siete a\u00f1os consecutivos en prisi\u00f3n, entre castigos, traslados y condiciones degradantes.<\/span><\/p>\n<p><b>Desde 2013, Aymara Nieto es beneficiaria de medidas cautelares otorgadas por la Comisi\u00f3n Interamericana de Derechos Humanos (CIDH). En Raza e Igualdad hemos denunciado de forma sostenida las violaciones a sus derechos y las condiciones inhumanas de su encarcelamiento. Su historia forma parte del informe <\/b><b><i>\u2018Voces en libertad: Mujeres presas pol\u00edticas en Cuba\u2019<\/i><\/b><b>, de la campa\u00f1a #CubanasLibresYa, y del documental <\/b><b><i>\u2018Dos Patrias\u2019<\/i><\/b><b>, producido junto a Producciones La Tiorba, que retrata la represi\u00f3n, el encarcelamiento y silenciamiento de tres activistas cubanos.<\/b><\/p>\n<p><span style=\"font-weight: 400;\">Desde su nuevo lugar de residencia, donde lleg\u00f3 sin poder despedirse de su hija mayor debido a que las autoridades le negaron la \u00faltima visita, Aymara sue\u00f1a con estudiar psicolog\u00eda. \u201cMe gustar\u00eda ser psic\u00f3loga y ayudar a otras personas. Tambi\u00e9n quiero que mis hijas sean mujeres de bien\u201d, agrega. Aunque est\u00e1 lejos de la Isla, mantiene su compromiso con la lucha pac\u00edfica. \u201cMe duele mucho la situaci\u00f3n en mi pa\u00eds, pero seguir\u00e9 trabajando y luchando por la libertad de Cuba, incluso en la distancia\u201d, afirma.\u00a0<\/span><\/p>\n<p><span style=\"font-weight: 400;\">Desde el Instituto sobre Raza, Igualdad y Derechos Humanos celebramos la libertad de Aymara Nieto y reconocemos su fortaleza y dignidad despu\u00e9s de a\u00f1os de represi\u00f3n. Al mismo tiempo, condenamos su exilio forzado, una pr\u00e1ctica sistem\u00e1tica del r\u00e9gimen cubano para castigar la disidencia y silenciar las voces que defienden los derechos humanos.<\/span><\/p>\n<p><span style=\"font-weight: 400;\">Exigimos al Estado cubano poner fin a estas pr\u00e1cticas violatorias del derecho internacional, y llamamos a los organismos internacionales y a los Estados democr\u00e1ticos a exigir el respeto a los derechos humanos en Cuba, incluyendo la libertad inmediata e incondicional de Sissi Abascal, Felix Navarro, Sayl\u00ed Navarro, Luis Manuel Otero Alc\u00e1ntara, Lisandra G\u00f3ngora, Maykel Castillo, y todas las personas a\u00fan encarceladas por motivos pol\u00edticos.<\/span><\/p>\n<p><br style=\"font-weight: 400;\" \/><br style=\"font-weight: 400;\" \/><\/p>\n","protected":false},"excerpt":{"rendered":"<p>Luego de siete a\u00f1os en prisi\u00f3n, la integrante de la organizaci\u00f3n Damas de Blanco lleg\u00f3 hoy hace tres meses a Rep\u00fablica Dominicana, donde, junto con su familia, intenta reconstruir su vida en libertad. <\/p>\n","protected":false},"author":8,"featured_media":20217,"parent":0,"menu_order":0,"template":"","format":"standard","categories":[],"resources_country":[1193],"resources_language":[],"resources_audience":[],"resources_format":[],"resources_topic":[1091,1097,1107,1096],"resources_year":[],"class_list":["post-20216","resources","type-resources","status-publish","format-standard","has-post-thumbnail","hentry","resources_country-cuba-es","resources_topic-afrodescendientes","resources_topic-derechos-humanos","resources_topic-medidas-cautelares","resources_topic-movilidad-humana"],"acf":[],"aioseo_notices":[],"_links":{"self":[{"href":"https:\/\/raceandequality.org\/es\/wp-json\/wp\/v2\/resources\/20216","targetHints":{"allow":["GET"]}}],"collection":[{"href":"https:\/\/raceandequality.org\/es\/wp-json\/wp\/v2\/resources"}],"about":[{"href":"https:\/\/raceandequality.org\/es\/wp-json\/wp\/v2\/types\/resources"}],"author":[{"embeddable":true,"href":"https:\/\/raceandequality.org\/es\/wp-json\/wp\/v2\/users\/8"}],"wp:featuredmedia":[{"embeddable":true,"href":"https:\/\/raceandequality.org\/es\/wp-json\/wp\/v2\/media\/20217"}],"wp:attachment":[{"href":"https:\/\/raceandequality.org\/es\/wp-json\/wp\/v2\/media?parent=20216"}],"wp:term":[{"taxonomy":"category","embeddable":true,"href":"https:\/\/raceandequality.org\/es\/wp-json\/wp\/v2\/categories?post=20216"},{"taxonomy":"resources_country","embeddable":true,"href":"https:\/\/raceandequality.org\/es\/wp-json\/wp\/v2\/resources_country?post=20216"},{"taxonomy":"resources_language","embeddable":true,"href":"https:\/\/raceandequality.org\/es\/wp-json\/wp\/v2\/resources_language?post=20216"},{"taxonomy":"resources_audience","embeddable":true,"href":"https:\/\/raceandequality.org\/es\/wp-json\/wp\/v2\/resources_audience?post=20216"},{"taxonomy":"resources_format","embeddable":true,"href":"https:\/\/raceandequality.org\/es\/wp-json\/wp\/v2\/resources_format?post=20216"},{"taxonomy":"resources_topic","embeddable":true,"href":"https:\/\/raceandequality.org\/es\/wp-json\/wp\/v2\/resources_topic?post=20216"},{"taxonomy":"resources_year","embeddable":true,"href":"https:\/\/raceandequality.org\/es\/wp-json\/wp\/v2\/resources_year?post=20216"}],"curies":[{"name":"wp","href":"https:\/\/api.w.org\/{rel}","templated":true}]}}

<p><span style="font-weight: 400;">Washington D.C., 11 de noviembre de 2025 &#8211; Hoy hace tres meses, Aymara Nieto Muñoz comenzó a reconstruir su vida en Santo Domingo, República Dominicana, donde reside desde el 11 de agosto de 2025, tras ser liberada y desterrada junto a su esposo, Ismael Boris, y dos de sus hijas. Luego de más de siete años privada de libertad por motivos políticos en Cuba, la activista de 49 años, integrante de las Damas de Blanco y de la Unión Patriótica de Cuba (UNPACU), intenta adaptarse a una nueva realidad lejos de la Isla.</span></p>
<p><b>“Nos han recibido muy bien en Santo Domingo. Estoy muy agradecida. Ya hicimos (Aymara y su familia) una serie de entrevistas para regularizar nuestra situación migratoria y poder trabajar. Mis hijas ya están en la escuela, gracias al apoyo de la Asociación Cubana en la República Dominicana, y del gobierno de este país”, cuenta Nieto, quien conserva el optimismo y la fe que la acompañaron durante los años más duros de su encierro. “Mi mayor tesoro en prisión fue una Biblia que me regaló mi hija mayor. Me dio fuerza para resistir”, confiesa.</b></p>
<p><span style="font-weight: 400;">Aymara fue detenida el 6 de mayo de 2018, cuando salía de su casa para participar en una manifestación pacífica de la campaña </span><i><span style="font-weight: 400;">‘Todos Marchamos’</span></i><span style="font-weight: 400;">, que exigía la liberación de las personas privadas de libertad por motivos políticos en Cuba. Fue condenada por los supuestos delitos de atentado y daños a cuatro años de prisión, que comenzó a cumplir en la cárcel de mujeres de El Guatao, en La Habana.</span></p>
<p><span style="font-weight: 400;">Sin embargo, mientras cumplía esa condena, el régimen autoritario cubano volvió a procesarla, esta vez por presuntamente haber liderado un motín dentro de la prisión. El nuevo proceso terminó con una segunda sentencia de cinco años y cuatro meses, impuesta sin garantías judiciales ni derecho a una defensa efectiva. Así, Aymara pasó más de siete años consecutivos en prisión, entre castigos, traslados y condiciones degradantes.</span></p>
<p><b>Desde 2013, Aymara Nieto es beneficiaria de medidas cautelares otorgadas por la Comisión Interamericana de Derechos Humanos (CIDH). En Raza e Igualdad hemos denunciado de forma sostenida las violaciones a sus derechos y las condiciones inhumanas de su encarcelamiento. Su historia forma parte del informe </b><b><i>‘Voces en libertad: Mujeres presas políticas en Cuba’</i></b><b>, de la campaña #CubanasLibresYa, y del documental </b><b><i>‘Dos Patrias’</i></b><b>, producido junto a Producciones La Tiorba, que retrata la represión, el encarcelamiento y silenciamiento de tres activistas cubanos.</b></p>
<p><span style="font-weight: 400;">Desde su nuevo lugar de residencia, donde llegó sin poder despedirse de su hija mayor debido a que las autoridades le negaron la última visita, Aymara sueña con estudiar psicología. “Me gustaría ser psicóloga y ayudar a otras personas. También quiero que mis hijas sean mujeres de bien”, agrega. Aunque está lejos de la Isla, mantiene su compromiso con la lucha pacífica. “Me duele mucho la situación en mi país, pero seguiré trabajando y luchando por la libertad de Cuba, incluso en la distancia”, afirma. </span></p>
<p><span style="font-weight: 400;">Desde el Instituto sobre Raza, Igualdad y Derechos Humanos celebramos la libertad de Aymara Nieto y reconocemos su fortaleza y dignidad después de años de represión. Al mismo tiempo, condenamos su exilio forzado, una práctica sistemática del régimen cubano para castigar la disidencia y silenciar las voces que defienden los derechos humanos.</span></p>
<p><span style="font-weight: 400;">Exigimos al Estado cubano poner fin a estas prácticas violatorias del derecho internacional, y llamamos a los organismos internacionales y a los Estados democráticos a exigir el respeto a los derechos humanos en Cuba, incluyendo la libertad inmediata e incondicional de Sissi Abascal, Felix Navarro, Saylí Navarro, Luis Manuel Otero Alcántara, Lisandra Góngora, Maykel Castillo, y todas las personas aún encarceladas por motivos políticos.</span></p>
<p><br style="font-weight: 400;" /><br style="font-weight: 400;" /></p>

<p>Luego de siete años en prisión, la integrante de la organización Damas de Blanco llegó hoy hace tres meses a República Dominicana, donde, junto con su familia, intenta reconstruir su vida en libertad. </p>
