{"id":20507,"date":"2026-03-20T13:35:28","date_gmt":"2026-03-20T13:35:28","guid":{"rendered":"https:\/\/raceandequality.org\/?post_type=resources&#038;p=20507"},"modified":"2026-03-20T13:35:08","modified_gmt":"2026-03-20T13:35:08","slug":"la-lucha-por-la-igualdad-racial-a-la-luz-de-los-mecanismos-internacionales-dia-internacional-de-la-eliminacion-de-la-discriminacion-racial","status":"publish","type":"resources","link":"https:\/\/raceandequality.org\/es\/resources\/la-lucha-por-la-igualdad-racial-a-la-luz-de-los-mecanismos-internacionales-dia-internacional-de-la-eliminacion-de-la-discriminacion-racial\/","title":{"rendered":"La lucha por la igualdad racial a la luz de los mecanismos internacionales: Raza e Igualdad y su compromiso con pueblos afrodescendientes, ind\u00edgenas y Roma en las Am\u00e9ricas"},"content":{"rendered":"<p><strong>Washington D.C., 20 de marzo de 2026.<\/strong>\u2013 En el marco del <strong>D\u00eda Internacional de la Eliminaci\u00f3n de la Discriminaci\u00f3n Racial<\/strong>, el Instituto sobre Raza, Igualdad y Derechos Humanos (Raza e Igualdad) reafirma su compromiso con la lucha contra el racismo estructural y la construcci\u00f3n de sociedades m\u00e1s justas, inclusivas y equitativas en las Am\u00e9ricas.<\/p>\n<p>Desde Raza e Igualdad trabajamos de manera articulada con <strong>personas, comunidades y pueblos afrodescendientes, ind\u00edgenas y Roma<\/strong>, quienes contin\u00faan enfrentando formas hist\u00f3ricas y contempor\u00e1neas de discriminaci\u00f3n que no solo limitan el ejercicio de sus derechos, sino que impactan directamente sus condiciones de vida, su acceso a oportunidades y su participaci\u00f3n en la sociedad.<\/p>\n<p>Lejos de ser meras declaraciones, <strong>los instrumentos internacionales de derechos humanos establecen obligaciones concretas para los Estados:<\/strong> garantizar igualdad real, eliminar pr\u00e1cticas discriminatorias, reconocer identidades y culturas, y adoptar medidas espec\u00edficas para cerrar brechas hist\u00f3ricas. Sin embargo, en la pr\u00e1ctica, estas garant\u00edas a\u00fan no se traducen plenamente en cambios estructurales.<\/p>\n<p>En el \u00e1mbito internacional, los avances en el reconocimiento de los derechos de los pueblos ind\u00edgenas y afrodescendientes han sido fundamentales para visibilizar estas desigualdades. Instrumentos como la <strong>Declaraci\u00f3n de las Naciones Unidas sobre los Derechos de los Pueblos Ind\u00edgenas<\/strong> no solo reconocen derechos colectivos, sino que exigen a los Estados respetar la autodeterminaci\u00f3n, proteger los territorios y asegurar la participaci\u00f3n efectiva en decisiones que afectan sus vidas.<\/p>\n<p>De igual forma, el proceso hacia una <strong>futura Declaraci\u00f3n de las Naciones Unidas sobre los derechos de las personas, comunidades y pueblos afrodescendientes<\/strong> representa una oportunidad hist\u00f3rica para consolidar est\u00e1ndares que obliguen a los Estados a enfrentar el racismo estructural heredado del colonialismo y la esclavitud. Esto implica, por ejemplo, adoptar pol\u00edticas p\u00fablicas que garanticen acceso equitativo a educaci\u00f3n, salud, empleo y justicia, as\u00ed como reconocer y reparar los impactos hist\u00f3ricos de la discriminaci\u00f3n racial.<\/p>\n<p>No obstante, <a href=\"https:\/\/raceandequality.org\/es\/resources\/poblacion-roma-gitana-audiencia-cidh-discriminacion-estructural\/\"><strong>los pueblos Roma contin\u00faan enfrentando importantes vac\u00edos de reconocimiento en el sistema internacional<\/strong><\/a>, lo que se traduce en una persistente invisibilidad en las Am\u00e9ricas. Esta falta de reconocimiento limita la adopci\u00f3n de pol\u00edticas p\u00fablicas espec\u00edficas y perpet\u00faa barreras en el acceso a derechos b\u00e1sicos.<\/p>\n<p>En el sistema interamericano, instrumentos como la <strong>Convenci\u00f3n Interamericana contra el Racismo, la Discriminaci\u00f3n Racial y Formas Conexas de Intolerancia (CIRDI)<\/strong> refuerzan estas obligaciones, al establecer que los Estados deben no solo prohibir la discriminaci\u00f3n, sino tambi\u00e9n prevenirla, sancionarla y erradicarla mediante acciones concretas. Esto incluye recopilar datos desagregados, reconocer a las comunidades afectadas y dise\u00f1ar pol\u00edticas p\u00fablicas con su participaci\u00f3n.<\/p>\n<p>Un ejemplo reciente de estas deudas estructurales se evidenci\u00f3 en la <a href=\"https:\/\/www.oas.org\/es\/cidh\/sesiones\/?S=195\"><strong>hist\u00f3rica primera audiencia<\/strong><\/a> sobre el pueblo Roma ante la Comisi\u00f3n Interamericana de Derechos Humanos, realizada el 9 de marzo de 2026 y acompa\u00f1ada por Raza e Igualdad. En este espacio, activistas Roma denunciaron c\u00f3mo la invisibilidad, el racismo estructural y la falta de reconocimiento estatal contin\u00faan traduci\u00e9ndose en exclusi\u00f3n del sistema educativo, barreras en el acceso a servicios de salud y obst\u00e1culos para acceder a la justicia.<\/p>\n<p>Este tipo de espacios no solo visibilizan las problem\u00e1ticas, sino que reafirman que los Estados deben pasar del reconocimiento formal a la acci\u00f3n efectiva.<\/p>\n<p>Frente a estos desaf\u00edos, en Raza e Igualdad reafirmamos nuestro compromiso de:<\/p>\n<ul>\n<li>Fortalecer la <strong>participaci\u00f3n efectiva<\/strong> de las personas, comunidades y pueblos afrodescendientes, ind\u00edgenas y Roma en la toma de decisiones, tanto a nivel nacional como en espacios internacionales.<\/li>\n<li>Impulsar <strong>procesos de memoria, verdad, justicia y reparaci\u00f3n<\/strong> frente a los legados del colonialismo, la esclavitud y el racismo estructural.<\/li>\n<li><strong>Visibilizar y documentar<\/strong> las desigualdades persistentes, apoyando a organizaciones y activistas en la defensa de sus derechos.<\/li>\n<li>Incorporar un <strong>enfoque interseccional<\/strong> en todas nuestras acciones, reconociendo las m\u00faltiples formas de discriminaci\u00f3n que enfrentan estas poblaciones.<\/li>\n<li>Impulsar la <strong>ratificaci\u00f3n de la Convenci\u00f3n Interamericana contra el Racismo, la Discriminaci\u00f3n Racial y Formas Conexas de Intolerancia (CIRDI)<\/strong>, reconociendo que este instrumento proporciona herramientas concretas para que los Estados adopten marcos normativos en esa v\u00eda.<\/li>\n<\/ul>\n<p>En este 21 de marzo, hacemos un llamado a los Estados, organismos internacionales y a la sociedad civil a redoblar esfuerzos para erradicar el racismo en todas sus formas. La igualdad no puede seguir siendo una promesa: debe traducirse en pol\u00edticas, recursos y acciones concretas que garanticen dignidad y justicia para todas las personas.<\/p>\n","protected":false},"excerpt":{"rendered":"<p>Washington D.C., 20 de marzo de 2026.\u2013 En el marco del D\u00eda Internacional de la Eliminaci\u00f3n de la Discriminaci\u00f3n Racial, el Instituto sobre Raza, Igualdad y Derechos Humanos (Raza e [&hellip;]<\/p>\n","protected":false},"author":8,"featured_media":20495,"parent":0,"menu_order":0,"template":"","format":"standard","categories":[],"resources_country":[],"resources_language":[],"resources_audience":[],"resources_format":[],"resources_topic":[1111,1113,1109],"resources_year":[],"class_list":["post-20507","resources","type-resources","status-publish","format-standard","has-post-thumbnail","hentry","resources_topic-discriminacion-racial","resources_topic-racismo","resources_topic-raza-e-igualdad"],"acf":[],"aioseo_notices":[],"_links":{"self":[{"href":"https:\/\/raceandequality.org\/es\/wp-json\/wp\/v2\/resources\/20507","targetHints":{"allow":["GET"]}}],"collection":[{"href":"https:\/\/raceandequality.org\/es\/wp-json\/wp\/v2\/resources"}],"about":[{"href":"https:\/\/raceandequality.org\/es\/wp-json\/wp\/v2\/types\/resources"}],"author":[{"embeddable":true,"href":"https:\/\/raceandequality.org\/es\/wp-json\/wp\/v2\/users\/8"}],"wp:featuredmedia":[{"embeddable":true,"href":"https:\/\/raceandequality.org\/es\/wp-json\/wp\/v2\/media\/20495"}],"wp:attachment":[{"href":"https:\/\/raceandequality.org\/es\/wp-json\/wp\/v2\/media?parent=20507"}],"wp:term":[{"taxonomy":"category","embeddable":true,"href":"https:\/\/raceandequality.org\/es\/wp-json\/wp\/v2\/categories?post=20507"},{"taxonomy":"resources_country","embeddable":true,"href":"https:\/\/raceandequality.org\/es\/wp-json\/wp\/v2\/resources_country?post=20507"},{"taxonomy":"resources_language","embeddable":true,"href":"https:\/\/raceandequality.org\/es\/wp-json\/wp\/v2\/resources_language?post=20507"},{"taxonomy":"resources_audience","embeddable":true,"href":"https:\/\/raceandequality.org\/es\/wp-json\/wp\/v2\/resources_audience?post=20507"},{"taxonomy":"resources_format","embeddable":true,"href":"https:\/\/raceandequality.org\/es\/wp-json\/wp\/v2\/resources_format?post=20507"},{"taxonomy":"resources_topic","embeddable":true,"href":"https:\/\/raceandequality.org\/es\/wp-json\/wp\/v2\/resources_topic?post=20507"},{"taxonomy":"resources_year","embeddable":true,"href":"https:\/\/raceandequality.org\/es\/wp-json\/wp\/v2\/resources_year?post=20507"}],"curies":[{"name":"wp","href":"https:\/\/api.w.org\/{rel}","templated":true}]}}

La lucha por la igualdad racial a la luz de los mecanismos internacionales: Raza e Igualdad y su compromiso con pueblos afrodescendientes, indígenas y Roma en las Américas

<p><strong>Washington D.C., 20 de marzo de 2026.</strong>– En el marco del <strong>Día Internacional de la Eliminación de la Discriminación Racial</strong>, el Instituto sobre Raza, Igualdad y Derechos Humanos (Raza e Igualdad) reafirma su compromiso con la lucha contra el racismo estructural y la construcción de sociedades más justas, inclusivas y equitativas en las Américas.</p>
<p>Desde Raza e Igualdad trabajamos de manera articulada con <strong>personas, comunidades y pueblos afrodescendientes, indígenas y Roma</strong>, quienes continúan enfrentando formas históricas y contemporáneas de discriminación que no solo limitan el ejercicio de sus derechos, sino que impactan directamente sus condiciones de vida, su acceso a oportunidades y su participación en la sociedad.</p>
<p>Lejos de ser meras declaraciones, <strong>los instrumentos internacionales de derechos humanos establecen obligaciones concretas para los Estados:</strong> garantizar igualdad real, eliminar prácticas discriminatorias, reconocer identidades y culturas, y adoptar medidas específicas para cerrar brechas históricas. Sin embargo, en la práctica, estas garantías aún no se traducen plenamente en cambios estructurales.</p>
<p>En el ámbito internacional, los avances en el reconocimiento de los derechos de los pueblos indígenas y afrodescendientes han sido fundamentales para visibilizar estas desigualdades. Instrumentos como la <strong>Declaración de las Naciones Unidas sobre los Derechos de los Pueblos Indígenas</strong> no solo reconocen derechos colectivos, sino que exigen a los Estados respetar la autodeterminación, proteger los territorios y asegurar la participación efectiva en decisiones que afectan sus vidas.</p>
<p>De igual forma, el proceso hacia una <strong>futura Declaración de las Naciones Unidas sobre los derechos de las personas, comunidades y pueblos afrodescendientes</strong> representa una oportunidad histórica para consolidar estándares que obliguen a los Estados a enfrentar el racismo estructural heredado del colonialismo y la esclavitud. Esto implica, por ejemplo, adoptar políticas públicas que garanticen acceso equitativo a educación, salud, empleo y justicia, así como reconocer y reparar los impactos históricos de la discriminación racial.</p>
<p>No obstante, <a href="https://raceandequality.org/es/resources/poblacion-roma-gitana-audiencia-cidh-discriminacion-estructural/"><strong>los pueblos Roma continúan enfrentando importantes vacíos de reconocimiento en el sistema internacional</strong></a>, lo que se traduce en una persistente invisibilidad en las Américas. Esta falta de reconocimiento limita la adopción de políticas públicas específicas y perpetúa barreras en el acceso a derechos básicos.</p>
<p>En el sistema interamericano, instrumentos como la <strong>Convención Interamericana contra el Racismo, la Discriminación Racial y Formas Conexas de Intolerancia (CIRDI)</strong> refuerzan estas obligaciones, al establecer que los Estados deben no solo prohibir la discriminación, sino también prevenirla, sancionarla y erradicarla mediante acciones concretas. Esto incluye recopilar datos desagregados, reconocer a las comunidades afectadas y diseñar políticas públicas con su participación.</p>
<p>Un ejemplo reciente de estas deudas estructurales se evidenció en la <a href="https://www.oas.org/es/cidh/sesiones/?S=195"><strong>histórica primera audiencia</strong></a> sobre el pueblo Roma ante la Comisión Interamericana de Derechos Humanos, realizada el 9 de marzo de 2026 y acompañada por Raza e Igualdad. En este espacio, activistas Roma denunciaron cómo la invisibilidad, el racismo estructural y la falta de reconocimiento estatal continúan traduciéndose en exclusión del sistema educativo, barreras en el acceso a servicios de salud y obstáculos para acceder a la justicia.</p>
<p>Este tipo de espacios no solo visibilizan las problemáticas, sino que reafirman que los Estados deben pasar del reconocimiento formal a la acción efectiva.</p>
<p>Frente a estos desafíos, en Raza e Igualdad reafirmamos nuestro compromiso de:</p>
<ul>
<li>Fortalecer la <strong>participación efectiva</strong> de las personas, comunidades y pueblos afrodescendientes, indígenas y Roma en la toma de decisiones, tanto a nivel nacional como en espacios internacionales.</li>
<li>Impulsar <strong>procesos de memoria, verdad, justicia y reparación</strong> frente a los legados del colonialismo, la esclavitud y el racismo estructural.</li>
<li><strong>Visibilizar y documentar</strong> las desigualdades persistentes, apoyando a organizaciones y activistas en la defensa de sus derechos.</li>
<li>Incorporar un <strong>enfoque interseccional</strong> en todas nuestras acciones, reconociendo las múltiples formas de discriminación que enfrentan estas poblaciones.</li>
<li>Impulsar la <strong>ratificación de la Convención Interamericana contra el Racismo, la Discriminación Racial y Formas Conexas de Intolerancia (CIRDI)</strong>, reconociendo que este instrumento proporciona herramientas concretas para que los Estados adopten marcos normativos en esa vía.</li>
</ul>
<p>En este 21 de marzo, hacemos un llamado a los Estados, organismos internacionales y a la sociedad civil a redoblar esfuerzos para erradicar el racismo en todas sus formas. La igualdad no puede seguir siendo una promesa: debe traducirse en políticas, recursos y acciones concretas que garanticen dignidad y justicia para todas las personas.</p>

<p>Washington D.C., 20 de marzo de 2026.– En el marco del Día Internacional de la Eliminación de la Discriminación Racial, el Instituto sobre Raza, Igualdad y Derechos Humanos (Raza e [&hellip;]</p>
