{"id":15408,"date":"2023-06-16T13:27:32","date_gmt":"2023-06-16T13:27:32","guid":{"rendered":"https:\/\/racenadequapro.wpengine.com\/team\/getye-dagne-mulat\/"},"modified":"2025-04-01T15:14:40","modified_gmt":"2025-04-01T15:14:40","slug":"getye-dagne-mulat","status":"publish","type":"team","link":"https:\/\/raceandequality.org\/es\/team\/getye-dagne-mulat\/","title":{"rendered":"Getye Dagne Mulat"},"content":{"rendered":"<p>En su cargo, Getye trabaja directamente con el Director Ejecutivo de Raza e Igualdad, y realiza todas las transacciones financieras diarias, adem\u00e1s de preparar peri\u00f3dicamente los reportes financieros de la organizaci\u00f3n.<\/p>\n<p>Getye tiene m\u00e1s de veinte a\u00f1os de experiencia trabajando en finanzas y contabilidad. Antes de unirse al Instituto, Getye trabaj\u00f3 en una empresa de propiedad p\u00fablica, en una corporaci\u00f3n de desarrollo de plantaciones de caf\u00e9 y tambi\u00e9n con su propia firma de consultor\u00eda profesional en Etiopia.<\/p>\n<p>Getye obtuvo su licenciatura de Contabilidad en la Universidad de Addis Ababa, Etiopia. Tambi\u00e9n obtuvo una certificaci\u00f3n professional de la Asociaci\u00f3n de Contadores Certificados Colegiados, ACCA, del Reino Unido (UK).<\/p>\n<p><a href=\"mailto:mulat@raceandequality.org\">mulat@raceandequality.org<\/a><\/p>\n","protected":false},"featured_media":15257,"parent":0,"menu_order":9,"template":"","team_catergory":[1305],"class_list":["post-15408","team","type-team","status-publish","has-post-thumbnail","hentry","team_catergory-staff-es"],"acf":[],"aioseo_notices":[],"_links":{"self":[{"href":"https:\/\/raceandequality.org\/es\/wp-json\/wp\/v2\/team\/15408","targetHints":{"allow":["GET"]}}],"collection":[{"href":"https:\/\/raceandequality.org\/es\/wp-json\/wp\/v2\/team"}],"about":[{"href":"https:\/\/raceandequality.org\/es\/wp-json\/wp\/v2\/types\/team"}],"wp:featuredmedia":[{"embeddable":true,"href":"https:\/\/raceandequality.org\/es\/wp-json\/wp\/v2\/media\/15257"}],"wp:attachment":[{"href":"https:\/\/raceandequality.org\/es\/wp-json\/wp\/v2\/media?parent=15408"}],"wp:term":[{"taxonomy":"team_catergory","embeddable":true,"href":"https:\/\/raceandequality.org\/es\/wp-json\/wp\/v2\/team_catergory?post=15408"}],"curies":[{"name":"wp","href":"https:\/\/api.w.org\/{rel}","templated":true}]}}

<p>En su cargo, Getye trabaja directamente con el Director Ejecutivo de Raza e Igualdad, y realiza todas las transacciones financieras diarias, además de preparar periódicamente los reportes financieros de la organización.</p>
<p>Getye tiene más de veinte años de experiencia trabajando en finanzas y contabilidad. Antes de unirse al Instituto, Getye trabajó en una empresa de propiedad pública, en una corporación de desarrollo de plantaciones de café y también con su propia firma de consultoría profesional en Etiopia.</p>
<p>Getye obtuvo su licenciatura de Contabilidad en la Universidad de Addis Ababa, Etiopia. También obtuvo una certificación professional de la Asociación de Contadores Certificados Colegiados, ACCA, del Reino Unido (UK).</p>
<p><a href="mailto:mulat@raceandequality.org">mulat@raceandequality.org</a></p>
