{"id":15103,"date":"2022-05-19T21:14:03","date_gmt":"2022-05-19T21:14:03","guid":{"rendered":"https:\/\/racenadequapro.wpengine.com\/where_we_work\/peru\/"},"modified":"2023-10-04T18:50:03","modified_gmt":"2023-10-04T18:50:03","slug":"peru","status":"publish","type":"where_we_work","link":"https:\/\/raceandequality.org\/es\/where_we_work\/peru\/","title":{"rendered":"Per\u00fa"},"content":{"rendered":"<div class=\"wpb-content-wrapper\"><p>[vc_row el_class=\u00bbmaincontent-single\u00bb][vc_column offset=\u00bbvc_col-lg-offset-1 vc_col-lg-10 vc_col-md-offset-0 vc_col-md-12 vc_col-xs-12&#8243;][vc_row_inner][vc_column_inner width=\u00bb1\/2&#8243;][vc_column_text]Seg\u00fan encuestas oficiales, en Per\u00fa, el 8% de la poblaci\u00f3n se identifica como una persona LGBTI+, es decir, <a href=\"https:\/\/www.gob.pe\/institucion\/minjus\/informes-publicaciones\/1599344-informe-completo-de-la-ii-encuesta-nacional-de-derechos-humanos\">m\u00e1s de 1,748,357 de personas. <\/a>\u00a0El sistema cisheteronormativo que rige en el pa\u00eds, ocasiona que este sector sea sistem\u00e1ticamente discriminado, patologizado y estigmatizado debido a su orientaci\u00f3n sexual, expresi\u00f3n de g\u00e9nero, identidad de g\u00e9nero o caracter\u00edsticas sexuales. En la actualidad, el Estado no cuenta con un sistema de registro para generar datos oficiales ni protocolos de investigaci\u00f3n en casos de violencia y discriminaci\u00f3n contra personas LGBTI+ ni legislaci\u00f3n sobre identidad de g\u00e9nero, matrimonio igualitario, familias diversas y pol\u00edticas p\u00fablicas con enfoque diferencial.[\/vc_column_text][\/vc_column_inner][vc_column_inner width=\u00bb1\/2&#8243;][vc_column_text]En ese sentido, no existe <a href=\"https:\/\/www.defensoria.gob.pe\/wp-content\/uploads\/2018\/12\/Informe-Defensorial-N%C2%B0-007-2018-DPADHPD-%E2%80%9CA-2-a%C3%B1os-del-Informe-Defensorial-N%C2%B0-175.-Estado-actual-de-los-derechos-de-las-personas-LGBTI%E2%80%9D.pdf\">un marco normativo<\/a> integral que contribuya a disminuir su situaci\u00f3n de vulnerabilidad y proteja efectivamente sus derechos fundamentales a la vida, integridad, identidad, salud, trabajo, educaci\u00f3n, entre otros.<\/p>\n<p>Por otra parte, los pueblos ind\u00edgenas y afroperuanos contin\u00faan representando a la poblaci\u00f3n m\u00e1s pobre del pa\u00eds. De acuerdo con el Censo de Poblaci\u00f3n y Vivienda 2017, alrededor del 26% del total de la poblaci\u00f3n se autoidentifica como parte de un pueblo ind\u00edgena u originario, y aproximadamente el 4% de la poblaci\u00f3n se autoidentifica como parte del pueblo afroperuano. La discriminaci\u00f3n racial en el Per\u00fa es una constante y estas poblaciones son fuertemente discriminadas, especialmente en el campo laboral, justicia y educativo.[\/vc_column_text][\/vc_column_inner][\/vc_row_inner][\/vc_column][\/vc_row][vc_row equal_height=\u00bbyes\u00bb content_placement=\u00bbmiddle\u00bb el_class=\u00bbourwork-single\u00bb][vc_column width=\u00bb1\/2&#8243;][vc_column_text]<\/p>\n<h2><strong>Nuestro trabajo en Per\u00fa<\/strong><\/h2>\n<p>Raza e Igualdad acompa\u00f1a y brinda asistencia t\u00e9cnica a las organizaciones peruanas de derechos humanos que trabajan para promover los derechos de las personas LGBTI+ y afrodescendientes, a fin de que incidan en las pol\u00edticas p\u00fablicas del pa\u00eds y en los organismos de derechos humanos internacionales.<\/p>\n<p>Buscamos que nuestras co-partes participen en espacios de incidencia y debate regional, como la Asamblea General de la OEA, la Cumbre de las Am\u00e9ricas y el Sistema Interamericano de Protecci\u00f3n de los Derechos Humanos, donde principalmente gestionamos audiencias tem\u00e1ticas ante la Comisi\u00f3n Interamericana de Derechos (CIDH) y medidas cautelares para v\u00edctimas de violaciones de derechos humanos. Asimismo, en el Sistema Universal de Derechos Humanos de las Naciones Unidas (ONU), instamos la participaci\u00f3n de aliados en espacios como: el Comit\u00e9 que supervisa la Convenci\u00f3n sobre la Eliminaci\u00f3n de todas las Formas de Discriminaci\u00f3n (CERD) y el Comit\u00e9 que supervisa la Convensi\u00f3n sobre la Eliminaci\u00f3n de todas las formas de Discriminaci\u00f3n Racial contra la Mujer (CEDAW)<\/p>\n<p>Fortalecemos las capacidades de organizaciones afrodescendietes y LGBTI+ para el dise\u00f1o de informes y campa\u00f1as de incidencia a nivel nacional y en espacios internacionales. Buscamos alianzas estrat\u00e9gicas con organizaciones de amplia trayectoria en materia de derechos humanos, como CEDEMUNEP (el Centro para el Desarrollo de la Mujer Negra Peruana)\u2014organizaci\u00f3n afroperuana que aboga por los derechos de las mujeres afroperuanas y lucha en contra de la discriminaci\u00f3n, la exclusi\u00f3n y la marginaci\u00f3n\u2014y las involucramos en espacios de debate regional, como el Foro Interamericano contra la Discriminaci\u00f3n, un evento anual de Raza e Igualdad.<\/p>\n<p>A lo largo de los a\u00f1os hemos apoyado visitas de expertos en derechos humanos a Per\u00fa, incluyendo la visita de <a href=\"https:\/\/www.ohchr.org\/es\/special-procedures\/ie-sexual-orientation-and-gender-identity\/victor-madrigal-borloz-un-independent-expert-violence-and-discrimination-based-sexual-orientation\">V\u00edctor Madrigal, Experto Independiente de las Naciones Unidas sobre Orientaci\u00f3n Sexual e Identidad de G\u00e9nero (SOGI<\/a>).[\/vc_column_text][\/vc_column][vc_column width=\u00bb1\/2&#8243;][vc_single_image image=\u00bb16921&#8243; img_size=\u00bbfull\u00bb][\/vc_column][\/vc_row][vc_row el_class=\u00bbwhatwedone-single\u00bb][vc_column][vc_row_inner][vc_column_inner offset=\u00bbvc_col-lg-offset-2 vc_col-lg-8 vc_col-md-offset-0 vc_col-md-12 vc_col-sm-offset-0 vc_col-xs-12&#8243;][vc_column_text]<\/p>\n<h3 style=\"text-align: center;\">Nuestros Logros<\/h3>\n<p>[\/vc_column_text][\/vc_column_inner][\/vc_row_inner][vc_row_inner el_class=\u00bbimpact-container\u00bb][vc_column_inner width=\u00bb1\/2&#8243;][vc_column_text]<\/p>\n<ul>\n<li>Raza e Igualdad colabor\u00f3 con la organizaci\u00f3n afroperuana CEDEMUNEP y entidades gubernamentales para impulsar la elaboraci\u00f3n de la encuesta censal que incluya una pregunta de autoreconocimiento. Este proceso tom\u00f3 varios a\u00f1os, comenzando en el 2015 con consultas a pueblos \u00e9tnicos, campa\u00f1as de radio y eventos p\u00fablicos para diseminar su importancia, y culmin\u00f3 con la implementaci\u00f3n de la encuesta en el a\u00f1o 2017.<\/li>\n<li>A trav\u00e9s del fortalecimiento de capacidades, nos sumamos a la campa\u00f1a \u201cTengo Dos Mam\u00e1s\u201d para acompa\u00f1ar a Jenny y Darling, una pareja de esposas lesbianas, que luchan por que se reconozca los derechos de su hijo y a ellas como mam\u00e1s y lesbianas. En Per\u00fa, existen m\u00e1s de 175,000 familias diversas que no pueden inscribir a sus hijes en el <a href=\"https:\/\/familiashomoparentalesperu.files.wordpress.com\/2023\/05\/estudio-final-completo-corregido.pdf\">Registro Nacional de Identificaci\u00f3n y Estado Civil (Reniec) con los apellidos de sus dos mam\u00e1s o dos pap\u00e1s<\/a>, aun cuando la Constituci\u00f3n del Per\u00fa obliga al Estado a reconocer los matrimonios contra\u00eddos en el extranjero.<\/li>\n<\/ul>\n<p>[\/vc_column_text][\/vc_column_inner][vc_column_inner width=\u00bb1\/2&#8243;][vc_column_text]<\/p>\n<ul>\n<li>En el a\u00f1o 2022, a trav\u00e9s de la organizaci\u00f3n Fraternidad Trans Masculina Per\u00fa, Raza e Igualdad apoy\u00f3 el tr\u00e1mite de forma gratuita en 16 casos de <a href=\"https:\/\/www.youtube.com\/watch?v=TvVbGUvdMtg\">cambio de nombre de personas trans<\/a> en estado de vulnerabilidad. Esto ante la realidad que el Reniec no cuenta con procesos administrativos para cambio de nombre y categor\u00eda sexo, por lo que las personas trans deben iniciar un proceso judicial, lo que resulta en un proceso costoso, burocr\u00e1tico y revictimizante.<\/li>\n<li>Raza e Igualdad brind\u00f3 asistencia t\u00e9cnica en la redacci\u00f3n del informe <strong>Cuerpos y resistencias que TRANSgrenden la Pandemia: transmasculinidades y personas de g\u00e9nero no binario AMAN en el Per\u00fa,<\/strong> el cual fue llevado a cabo por un equipo de investigadores trans de organizaciones transmasculinas y no binaries del pa\u00eds. Fue motivado por la falta de informaci\u00f3n e investigaciones sobre personas transmasculinas y no binarias asignades mujer al nacer en el Per\u00fa, sus problemas y las violencias que atraviesa esta poblaci\u00f3n. El Informe busca contribuir a que se comience a tener conversaciones tanto dentro del movimiento como en el Estado para lograr pol\u00edticas p\u00fablicas espec\u00edficas y que aborden las afectaciones que se presentan en el informe.<\/li>\n<\/ul>\n<p>[\/vc_column_text][\/vc_column_inner][\/vc_row_inner][\/vc_column][\/vc_row]<\/p>\n<\/div>","protected":false},"featured_media":0,"template":"","categories":[],"www_type":[1318],"class_list":["post-15103","where_we_work","type-where_we_work","status-publish","hentry","www_type-country-es"],"acf":[],"aioseo_notices":[],"_links":{"self":[{"href":"https:\/\/raceandequality.org\/es\/wp-json\/wp\/v2\/where_we_work\/15103","targetHints":{"allow":["GET"]}}],"collection":[{"href":"https:\/\/raceandequality.org\/es\/wp-json\/wp\/v2\/where_we_work"}],"about":[{"href":"https:\/\/raceandequality.org\/es\/wp-json\/wp\/v2\/types\/where_we_work"}],"wp:attachment":[{"href":"https:\/\/raceandequality.org\/es\/wp-json\/wp\/v2\/media?parent=15103"}],"wp:term":[{"taxonomy":"category","embeddable":true,"href":"https:\/\/raceandequality.org\/es\/wp-json\/wp\/v2\/categories?post=15103"},{"taxonomy":"www_type","embeddable":true,"href":"https:\/\/raceandequality.org\/es\/wp-json\/wp\/v2\/www_type?post=15103"}],"curies":[{"name":"wp","href":"https:\/\/api.w.org\/{rel}","templated":true}]}}

Perú

<div class="wpb-content-wrapper"><p>[vc_row el_class=»maincontent-single»][vc_column offset=»vc_col-lg-offset-1 vc_col-lg-10 vc_col-md-offset-0 vc_col-md-12 vc_col-xs-12&#8243;][vc_row_inner][vc_column_inner width=»1/2&#8243;][vc_column_text]Según encuestas oficiales, en Perú, el 8% de la población se identifica como una persona LGBTI+, es decir, <a href="https://www.gob.pe/institucion/minjus/informes-publicaciones/1599344-informe-completo-de-la-ii-encuesta-nacional-de-derechos-humanos">más de 1,748,357 de personas. </a> El sistema cisheteronormativo que rige en el país, ocasiona que este sector sea sistemáticamente discriminado, patologizado y estigmatizado debido a su orientación sexual, expresión de género, identidad de género o características sexuales. En la actualidad, el Estado no cuenta con un sistema de registro para generar datos oficiales ni protocolos de investigación en casos de violencia y discriminación contra personas LGBTI+ ni legislación sobre identidad de género, matrimonio igualitario, familias diversas y políticas públicas con enfoque diferencial.[/vc_column_text][/vc_column_inner][vc_column_inner width=»1/2&#8243;][vc_column_text]En ese sentido, no existe <a href="https://www.defensoria.gob.pe/wp-content/uploads/2018/12/Informe-Defensorial-N%C2%B0-007-2018-DPADHPD-%E2%80%9CA-2-a%C3%B1os-del-Informe-Defensorial-N%C2%B0-175.-Estado-actual-de-los-derechos-de-las-personas-LGBTI%E2%80%9D.pdf">un marco normativo</a> integral que contribuya a disminuir su situación de vulnerabilidad y proteja efectivamente sus derechos fundamentales a la vida, integridad, identidad, salud, trabajo, educación, entre otros.</p>
<p>Por otra parte, los pueblos indígenas y afroperuanos continúan representando a la población más pobre del país. De acuerdo con el Censo de Población y Vivienda 2017, alrededor del 26% del total de la población se autoidentifica como parte de un pueblo indígena u originario, y aproximadamente el 4% de la población se autoidentifica como parte del pueblo afroperuano. La discriminación racial en el Perú es una constante y estas poblaciones son fuertemente discriminadas, especialmente en el campo laboral, justicia y educativo.[/vc_column_text][/vc_column_inner][/vc_row_inner][/vc_column][/vc_row][vc_row equal_height=»yes» content_placement=»middle» el_class=»ourwork-single»][vc_column width=»1/2&#8243;][vc_column_text]</p>
<h2><strong>Nuestro trabajo en Perú</strong></h2>
<p>Raza e Igualdad acompaña y brinda asistencia técnica a las organizaciones peruanas de derechos humanos que trabajan para promover los derechos de las personas LGBTI+ y afrodescendientes, a fin de que incidan en las políticas públicas del país y en los organismos de derechos humanos internacionales.</p>
<p>Buscamos que nuestras co-partes participen en espacios de incidencia y debate regional, como la Asamblea General de la OEA, la Cumbre de las Américas y el Sistema Interamericano de Protección de los Derechos Humanos, donde principalmente gestionamos audiencias temáticas ante la Comisión Interamericana de Derechos (CIDH) y medidas cautelares para víctimas de violaciones de derechos humanos. Asimismo, en el Sistema Universal de Derechos Humanos de las Naciones Unidas (ONU), instamos la participación de aliados en espacios como: el Comité que supervisa la Convención sobre la Eliminación de todas las Formas de Discriminación (CERD) y el Comité que supervisa la Convensión sobre la Eliminación de todas las formas de Discriminación Racial contra la Mujer (CEDAW)</p>
<p>Fortalecemos las capacidades de organizaciones afrodescendietes y LGBTI+ para el diseño de informes y campañas de incidencia a nivel nacional y en espacios internacionales. Buscamos alianzas estratégicas con organizaciones de amplia trayectoria en materia de derechos humanos, como CEDEMUNEP (el Centro para el Desarrollo de la Mujer Negra Peruana)—organización afroperuana que aboga por los derechos de las mujeres afroperuanas y lucha en contra de la discriminación, la exclusión y la marginación—y las involucramos en espacios de debate regional, como el Foro Interamericano contra la Discriminación, un evento anual de Raza e Igualdad.</p>
<p>A lo largo de los años hemos apoyado visitas de expertos en derechos humanos a Perú, incluyendo la visita de <a href="https://www.ohchr.org/es/special-procedures/ie-sexual-orientation-and-gender-identity/victor-madrigal-borloz-un-independent-expert-violence-and-discrimination-based-sexual-orientation">Víctor Madrigal, Experto Independiente de las Naciones Unidas sobre Orientación Sexual e Identidad de Género (SOGI</a>).[/vc_column_text][/vc_column][vc_column width=»1/2&#8243;][vc_single_image image=»16921&#8243; img_size=»full»][/vc_column][/vc_row][vc_row el_class=»whatwedone-single»][vc_column][vc_row_inner][vc_column_inner offset=»vc_col-lg-offset-2 vc_col-lg-8 vc_col-md-offset-0 vc_col-md-12 vc_col-sm-offset-0 vc_col-xs-12&#8243;][vc_column_text]</p>
<h3 style="text-align: center;">Nuestros Logros</h3>
<p>[/vc_column_text][/vc_column_inner][/vc_row_inner][vc_row_inner el_class=»impact-container»][vc_column_inner width=»1/2&#8243;][vc_column_text]</p>
<ul>
<li>Raza e Igualdad colaboró con la organización afroperuana CEDEMUNEP y entidades gubernamentales para impulsar la elaboración de la encuesta censal que incluya una pregunta de autoreconocimiento. Este proceso tomó varios años, comenzando en el 2015 con consultas a pueblos étnicos, campañas de radio y eventos públicos para diseminar su importancia, y culminó con la implementación de la encuesta en el año 2017.</li>
<li>A través del fortalecimiento de capacidades, nos sumamos a la campaña “Tengo Dos Mamás” para acompañar a Jenny y Darling, una pareja de esposas lesbianas, que luchan por que se reconozca los derechos de su hijo y a ellas como mamás y lesbianas. En Perú, existen más de 175,000 familias diversas que no pueden inscribir a sus hijes en el <a href="https://familiashomoparentalesperu.files.wordpress.com/2023/05/estudio-final-completo-corregido.pdf">Registro Nacional de Identificación y Estado Civil (Reniec) con los apellidos de sus dos mamás o dos papás</a>, aun cuando la Constitución del Perú obliga al Estado a reconocer los matrimonios contraídos en el extranjero.</li>
</ul>
<p>[/vc_column_text][/vc_column_inner][vc_column_inner width=»1/2&#8243;][vc_column_text]</p>
<ul>
<li>En el año 2022, a través de la organización Fraternidad Trans Masculina Perú, Raza e Igualdad apoyó el trámite de forma gratuita en 16 casos de <a href="https://www.youtube.com/watch?v=TvVbGUvdMtg">cambio de nombre de personas trans</a> en estado de vulnerabilidad. Esto ante la realidad que el Reniec no cuenta con procesos administrativos para cambio de nombre y categoría sexo, por lo que las personas trans deben iniciar un proceso judicial, lo que resulta en un proceso costoso, burocrático y revictimizante.</li>
<li>Raza e Igualdad brindó asistencia técnica en la redacción del informe <strong>Cuerpos y resistencias que TRANSgrenden la Pandemia: transmasculinidades y personas de género no binario AMAN en el Perú,</strong> el cual fue llevado a cabo por un equipo de investigadores trans de organizaciones transmasculinas y no binaries del país. Fue motivado por la falta de información e investigaciones sobre personas transmasculinas y no binarias asignades mujer al nacer en el Perú, sus problemas y las violencias que atraviesa esta población. El Informe busca contribuir a que se comience a tener conversaciones tanto dentro del movimiento como en el Estado para lograr políticas públicas específicas y que aborden las afectaciones que se presentan en el informe.</li>
</ul>
<p>[/vc_column_text][/vc_column_inner][/vc_row_inner][/vc_column][/vc_row]</p>
</div>
