{"id":15117,"date":"2022-05-19T20:49:58","date_gmt":"2022-05-19T20:49:58","guid":{"rendered":"https:\/\/racenadequapro.wpengine.com\/where_we_work\/republica-dominicana\/"},"modified":"2023-10-04T18:50:29","modified_gmt":"2023-10-04T18:50:29","slug":"republica-dominicana","status":"publish","type":"where_we_work","link":"https:\/\/raceandequality.org\/es\/where_we_work\/republica-dominicana\/","title":{"rendered":"Rep\u00fablica Dominicana"},"content":{"rendered":"<div class=\"wpb-content-wrapper\"><p>[vc_row el_class=\u00bbmaincontent-single\u00bb][vc_column offset=\u00bbvc_col-lg-offset-1 vc_col-lg-10 vc_col-md-offset-0 vc_col-md-12 vc_col-xs-12&#8243;][vc_row_inner equal_height=\u00bbyes\u00bb][vc_column_inner width=\u00bb1\/2&#8243;][vc_column_text]<span style=\"font-weight: 400;\">Rep\u00fablica Dominicana posee un contexto \u00e9tnico racial extraordinario dado que es el \u00fanico pa\u00eds de la regi\u00f3n con una alta poblaci\u00f3n afrodescendiente que desconoce su ascendencia afrodescendiente y discrimina abiertamente contra otras poblaciones afrodescendientes, especialmente las poblaciones de migrantes haitianos y dominico-haitianos.<\/span><\/p>\n<p><span style=\"font-weight: 400;\">Las personas dominico-haitianas son v\u00edctimas de despojo de su nacionalidad, redadas migratorias que les expulsan de su propio pa\u00eds (Rep\u00fablica Dominicana) hacia Hait\u00ed, as\u00ed mismo, tanto las personas dominico-haitianas como los haitianos\/nas en este pa\u00eds enfrentan arrestos ilegales y falta de acceso a la educaci\u00f3n, al empleo, a una vivienda digna y a la salud, entre otras violaciones a sus derechos humanos; Sin embargo la discriminaci\u00f3n racial se extiende a todas las personas fenot\u00edpicamente oscuras o identificadas por el Estado dominicano como negras o afrodescendientes, y se agudiza cuando se trata de personas afro-LGBTI.<\/span>[\/vc_column_text][\/vc_column_inner][vc_column_inner width=\u00bb1\/2&#8243;][vc_column_text]<span style=\"font-weight: 400;\">Estas graves violaciones a sus derechos humanos son respaldadas por leyes y sentencias en las que el Estado dominicano ha desconocido la ciudadan\u00eda dominicana de un gran porcentaje de poblaciones, como la <\/span><b>Sentencia<\/b><b> 168 del 2013<\/b><span style=\"font-weight: 400;\">, que <\/span><span style=\"font-weight: 400;\">dej\u00f3 en situaci\u00f3n de apatridia a m\u00e1s de 200,000 personas dominicanas de ascendencia haitiana; la<\/span><b> Ley 169 del 2014<\/b><span style=\"font-weight: 400;\">, que dej\u00f3 a varias personas sin opci\u00f3n a la nacionalidad y a otras en riesgo de perderla; y m\u00e1s recientemente, con la <\/span><b>Ley 04. 2023,<\/b><span style=\"font-weight: 400;\"> que ha causado que estas poblaciones no tengan la posibilidad de adquirir la nacionalidad dominicana.<\/span><\/p>\n<p><span style=\"font-weight: 400;\">Cabe destacar que la represi\u00f3n contra las personas de ascendencia haitiana y dominico-haitianas se recrudeci\u00f3 desde que el Ej\u00e9rcito, la Polic\u00eda Nacional y los Ayuntamientos se vincularon en los procesos de deportaciones, en el a\u00f1o 2022.<\/span>[\/vc_column_text][\/vc_column_inner][\/vc_row_inner][\/vc_column][\/vc_row][vc_row equal_height=\u00bbyes\u00bb content_placement=\u00bbmiddle\u00bb el_class=\u00bbourwork-single\u00bb][vc_column width=\u00bb1\/2&#8243;][vc_column_text]<\/p>\n<h3>Nuestro trabajo en la Rep\u00fablica Dominicana<\/h3>\n<p><span style=\"font-weight: 400;\">Dado el contexto de discriminaci\u00f3n agudizada en Rep\u00fablica Dominicana, Raza e Igualdad trabaja con el <\/span><b>Movimiento Socio Cultural de Trabajadores Haitianos (<\/b><b>MOSCTHA)<\/b><span style=\"font-weight: 400;\"> y la <\/span><b>Red de Encuentro Jacques Viau<\/b><span style=\"font-weight: 400;\">\u00a0para fortalecer la capacidad de las organizaciones afrodescendientes y dominico-haitianas y promover la justicia racial mediante capacitaciones, la documentaci\u00f3n y el fortalecimiento del trabajo de litigio racial de les abogades.<\/span><\/p>\n<p><span style=\"font-weight: 400;\">Adicionalmente, Raza e Igualdad trabaja tambi\u00e9n con la organizaci\u00f3n LGBTI TRANSSA (Trans Siempre Amigas), siendo receptora de capacitaciones sobre derechos humanos. Con nuestro apoyo t\u00e9cnico, TRANSSA ha preparado reportes sobre la situaci\u00f3n de las personas Afro-LGBTI+ en Rep\u00fablica Dominicana.<\/span>[\/vc_column_text][\/vc_column][vc_column width=\u00bb1\/2&#8243;][vc_single_image image=\u00bb15550&#8243; img_size=\u00bbfull\u00bb][\/vc_column][\/vc_row][vc_row el_class=\u00bbwhatwedone-single\u00bb][vc_column][vc_row_inner][vc_column_inner offset=\u00bbvc_col-lg-offset-2 vc_col-lg-8 vc_col-md-offset-0 vc_col-md-12 vc_col-sm-offset-0 vc_col-xs-12&#8243;][vc_column_text]<\/p>\n<h3 style=\"text-align: center;\">Nuestros Logros<\/h3>\n<p>[\/vc_column_text][\/vc_column_inner][\/vc_row_inner][vc_row_inner el_class=\u00bbimpact-container\u00bb][vc_column_inner width=\u00bb1\/2&#8243;][vc_column_text]<\/p>\n<ul>\n<li><span style=\"font-weight: 400;\">Nuestras contrapartes han logrado participar en espacios de debate regional, como las Asambleas Generales de la Organizaci\u00f3n de Estados Americanos (OEA, ), las Cumbres de las Am\u00e9ricas,\u00a0 y en audiencias tem\u00e1ticas de la Comisi\u00f3n Interamericana de Derechos Humanos (CIDH).<\/span><\/li>\n<li><span style=\"font-weight: 400;\">Igualmente, Raza e Igualdad ha apoyado el proceso de documentaci\u00f3n de nuestras contrapartes para alzar sus voces e incidir efectivamente ante el Sistema Universal de Protecci\u00f3n de los Derechos Humanos.<\/span><\/li>\n<\/ul>\n<p>[\/vc_column_text][\/vc_column_inner][vc_column_inner width=\u00bb1\/2&#8243;][vc_column_text]<\/p>\n<ul>\n<li><span style=\"font-weight: 400;\">Apoyamos a nuestras contrapartes durante el proceso de autorreconocimiento afrodescendiente durante su Censo Nacional de Poblaci\u00f3n y Vivienda 2022 mediante la elaboraci\u00f3n de materiales para redes sociales rompiendo con los estereotipos \u00e9tnicos raciales durante el Censo 2022.<\/span><\/li>\n<\/ul>\n<p>[\/vc_column_text][\/vc_column_inner][\/vc_row_inner][\/vc_column][\/vc_row]<\/p>\n<\/div>","protected":false},"featured_media":0,"template":"","categories":[],"www_type":[1318],"class_list":["post-15117","where_we_work","type-where_we_work","status-publish","hentry","www_type-country-es"],"acf":[],"aioseo_notices":[],"_links":{"self":[{"href":"https:\/\/raceandequality.org\/es\/wp-json\/wp\/v2\/where_we_work\/15117","targetHints":{"allow":["GET"]}}],"collection":[{"href":"https:\/\/raceandequality.org\/es\/wp-json\/wp\/v2\/where_we_work"}],"about":[{"href":"https:\/\/raceandequality.org\/es\/wp-json\/wp\/v2\/types\/where_we_work"}],"wp:attachment":[{"href":"https:\/\/raceandequality.org\/es\/wp-json\/wp\/v2\/media?parent=15117"}],"wp:term":[{"taxonomy":"category","embeddable":true,"href":"https:\/\/raceandequality.org\/es\/wp-json\/wp\/v2\/categories?post=15117"},{"taxonomy":"www_type","embeddable":true,"href":"https:\/\/raceandequality.org\/es\/wp-json\/wp\/v2\/www_type?post=15117"}],"curies":[{"name":"wp","href":"https:\/\/api.w.org\/{rel}","templated":true}]}}

República Dominicana

<div class="wpb-content-wrapper"><p>[vc_row el_class=»maincontent-single»][vc_column offset=»vc_col-lg-offset-1 vc_col-lg-10 vc_col-md-offset-0 vc_col-md-12 vc_col-xs-12&#8243;][vc_row_inner equal_height=»yes»][vc_column_inner width=»1/2&#8243;][vc_column_text]<span style="font-weight: 400;">República Dominicana posee un contexto étnico racial extraordinario dado que es el único país de la región con una alta población afrodescendiente que desconoce su ascendencia afrodescendiente y discrimina abiertamente contra otras poblaciones afrodescendientes, especialmente las poblaciones de migrantes haitianos y dominico-haitianos.</span></p>
<p><span style="font-weight: 400;">Las personas dominico-haitianas son víctimas de despojo de su nacionalidad, redadas migratorias que les expulsan de su propio país (República Dominicana) hacia Haití, así mismo, tanto las personas dominico-haitianas como los haitianos/nas en este país enfrentan arrestos ilegales y falta de acceso a la educación, al empleo, a una vivienda digna y a la salud, entre otras violaciones a sus derechos humanos; Sin embargo la discriminación racial se extiende a todas las personas fenotípicamente oscuras o identificadas por el Estado dominicano como negras o afrodescendientes, y se agudiza cuando se trata de personas afro-LGBTI.</span>[/vc_column_text][/vc_column_inner][vc_column_inner width=»1/2&#8243;][vc_column_text]<span style="font-weight: 400;">Estas graves violaciones a sus derechos humanos son respaldadas por leyes y sentencias en las que el Estado dominicano ha desconocido la ciudadanía dominicana de un gran porcentaje de poblaciones, como la </span><b>Sentencia</b><b> 168 del 2013</b><span style="font-weight: 400;">, que </span><span style="font-weight: 400;">dejó en situación de apatridia a más de 200,000 personas dominicanas de ascendencia haitiana; la</span><b> Ley 169 del 2014</b><span style="font-weight: 400;">, que dejó a varias personas sin opción a la nacionalidad y a otras en riesgo de perderla; y más recientemente, con la </span><b>Ley 04. 2023,</b><span style="font-weight: 400;"> que ha causado que estas poblaciones no tengan la posibilidad de adquirir la nacionalidad dominicana.</span></p>
<p><span style="font-weight: 400;">Cabe destacar que la represión contra las personas de ascendencia haitiana y dominico-haitianas se recrudeció desde que el Ejército, la Policía Nacional y los Ayuntamientos se vincularon en los procesos de deportaciones, en el año 2022.</span>[/vc_column_text][/vc_column_inner][/vc_row_inner][/vc_column][/vc_row][vc_row equal_height=»yes» content_placement=»middle» el_class=»ourwork-single»][vc_column width=»1/2&#8243;][vc_column_text]</p>
<h3>Nuestro trabajo en la República Dominicana</h3>
<p><span style="font-weight: 400;">Dado el contexto de discriminación agudizada en República Dominicana, Raza e Igualdad trabaja con el </span><b>Movimiento Socio Cultural de Trabajadores Haitianos (</b><b>MOSCTHA)</b><span style="font-weight: 400;"> y la </span><b>Red de Encuentro Jacques Viau</b><span style="font-weight: 400;"> para fortalecer la capacidad de las organizaciones afrodescendientes y dominico-haitianas y promover la justicia racial mediante capacitaciones, la documentación y el fortalecimiento del trabajo de litigio racial de les abogades.</span></p>
<p><span style="font-weight: 400;">Adicionalmente, Raza e Igualdad trabaja también con la organización LGBTI TRANSSA (Trans Siempre Amigas), siendo receptora de capacitaciones sobre derechos humanos. Con nuestro apoyo técnico, TRANSSA ha preparado reportes sobre la situación de las personas Afro-LGBTI+ en República Dominicana.</span>[/vc_column_text][/vc_column][vc_column width=»1/2&#8243;][vc_single_image image=»15550&#8243; img_size=»full»][/vc_column][/vc_row][vc_row el_class=»whatwedone-single»][vc_column][vc_row_inner][vc_column_inner offset=»vc_col-lg-offset-2 vc_col-lg-8 vc_col-md-offset-0 vc_col-md-12 vc_col-sm-offset-0 vc_col-xs-12&#8243;][vc_column_text]</p>
<h3 style="text-align: center;">Nuestros Logros</h3>
<p>[/vc_column_text][/vc_column_inner][/vc_row_inner][vc_row_inner el_class=»impact-container»][vc_column_inner width=»1/2&#8243;][vc_column_text]</p>
<ul>
<li><span style="font-weight: 400;">Nuestras contrapartes han logrado participar en espacios de debate regional, como las Asambleas Generales de la Organización de Estados Americanos (OEA, ), las Cumbres de las Américas,  y en audiencias temáticas de la Comisión Interamericana de Derechos Humanos (CIDH).</span></li>
<li><span style="font-weight: 400;">Igualmente, Raza e Igualdad ha apoyado el proceso de documentación de nuestras contrapartes para alzar sus voces e incidir efectivamente ante el Sistema Universal de Protección de los Derechos Humanos.</span></li>
</ul>
<p>[/vc_column_text][/vc_column_inner][vc_column_inner width=»1/2&#8243;][vc_column_text]</p>
<ul>
<li><span style="font-weight: 400;">Apoyamos a nuestras contrapartes durante el proceso de autorreconocimiento afrodescendiente durante su Censo Nacional de Población y Vivienda 2022 mediante la elaboración de materiales para redes sociales rompiendo con los estereotipos étnicos raciales durante el Censo 2022.</span></li>
</ul>
<p>[/vc_column_text][/vc_column_inner][/vc_row_inner][/vc_column][/vc_row]</p>
</div>
