{"id":14974,"date":"2022-05-10T19:52:10","date_gmt":"2022-05-10T19:52:10","guid":{"rendered":"https:\/\/racenadequapro.wpengine.com\/nossa-abordagem\/"},"modified":"2023-08-08T16:20:56","modified_gmt":"2023-08-08T16:20:56","slug":"nossa-abordagem","status":"publish","type":"page","link":"https:\/\/raceandequality.org\/pt-br\/nossa-abordagem\/","title":{"rendered":"Nossa Abordagem"},"content":{"rendered":"<div class=\"wpb-content-wrapper\"><p>[vc_row full_width=&#8221;stretch_row&#8221; enable_elevation_custom_background_color=&#8221;yes&#8221; elevation_background_color_type=&#8221;bg-color05-color&#8221; el_class=&#8221;text-list-block padding-vertical&#8221;][vc_column width=&#8221;1\/2&#8243; offset=&#8221;vc_col-lg-5 vc_col-md-6&#8243;][vc_column_text]A cultura dos direitos humanos \u00e9 formada por indiv\u00edduos cujos direitos s\u00e3o amea\u00e7ados, violados ou inexistentes. Acreditamos que a mudan\u00e7a social come\u00e7a no n\u00edvel local e se fortalece por meio de alian\u00e7as entre pessoas e organiza\u00e7\u00f5es que compartilham as mesmas necessidades, valores e experi\u00eancias. Nosso trabalho \u00e9 guiado pelos princ\u00edpios de igualdade e diversidade e pelo objetivo de fazer mudan\u00e7as estruturais sustent\u00e1veis de longo prazo.[\/vc_column_text][vc_single_image image=&#8221;7278&#8243; img_size=&#8221;full&#8221;][\/vc_column][vc_column width=&#8221;1\/2&#8243; offset=&#8221;vc_col-lg-offset-1&#8243;][vc_column_text]<\/p>\n<ul>\n<li data-gc-list-depth=\"1\" data-gc-list-style=\"unordered\"><strong>Buscar justi\u00e7a<\/strong> para as v\u00edtimas de abusos de direitos humanos.<\/li>\n<li data-gc-list-depth=\"1\" data-gc-list-style=\"unordered\"><strong>Trabalhar para promover a igualdade racial, \u00e9tnica<\/strong> e de g\u00eanero e para promover os direitos das pessoas que sofrem discrimina\u00e7\u00e3o com base na orienta\u00e7\u00e3o sexual ou identidade de g\u00eanero.<\/li>\n<li data-gc-list-depth=\"1\" data-gc-list-style=\"unordered\"><strong>Ajudar a capacitar<\/strong> indiv\u00edduos e comunidades para realizar mudan\u00e7as estruturais.<\/li>\n<li data-gc-list-depth=\"1\" data-gc-list-style=\"unordered\"><strong>Fortalecer a capacidade de nossos parceiros de monitorar e documentar abusos de direitos humanos<\/strong> e de fazer recomenda\u00e7\u00f5es em n\u00edvel nacional, regional e internacional.<\/li>\n<\/ul>\n<p>Em nossa equipe, contamos com um grupo de advogados especializados em direitos humanos internacionais e com vasta experi\u00eancia em lit\u00edgios perante mecanismos de prote\u00e7\u00e3o de direitos humanos em n\u00edvel regional e universal. Saiba mais sobre nosso <a title=\"Advocacy\" href=\"https:\/\/raceandequality.org\/pt-br\/advocacia-juridica\/\">Programa Legal<\/a>.[\/vc_column_text][\/vc_column][\/vc_row]<\/p>\n<\/div>","protected":false},"excerpt":{"rendered":"<p>[vc_row full_width=&#8221;stretch_row&#8221; enable_elevation_custom_background_color=&#8221;yes&#8221; elevation_background_color_type=&#8221;bg-color05-color&#8221; el_class=&#8221;text-list-block padding-vertical&#8221;][vc_column width=&#8221;1\/2&#8243; offset=&#8221;vc_col-lg-5 vc_col-md-6&#8243;][vc_column_text]A cultura dos direitos humanos \u00e9 formada por indiv\u00edduos cujos direitos s\u00e3o amea\u00e7ados, violados ou inexistentes. Acreditamos que a mudan\u00e7a social come\u00e7a [&hellip;]<\/p>\n","protected":false},"author":2,"featured_media":0,"parent":0,"menu_order":0,"comment_status":"closed","ping_status":"closed","template":"page-templates\/no_padding.php","meta":{"_acf_changed":false,"_uf_show_specific_survey":0,"_uf_disable_surveys":false,"footnotes":""},"class_list":["post-14974","page","type-page","status-publish","hentry"],"acf":[],"aioseo_notices":[],"_links":{"self":[{"href":"https:\/\/raceandequality.org\/pt-br\/wp-json\/wp\/v2\/pages\/14974","targetHints":{"allow":["GET"]}}],"collection":[{"href":"https:\/\/raceandequality.org\/pt-br\/wp-json\/wp\/v2\/pages"}],"about":[{"href":"https:\/\/raceandequality.org\/pt-br\/wp-json\/wp\/v2\/types\/page"}],"author":[{"embeddable":true,"href":"https:\/\/raceandequality.org\/pt-br\/wp-json\/wp\/v2\/users\/2"}],"replies":[{"embeddable":true,"href":"https:\/\/raceandequality.org\/pt-br\/wp-json\/wp\/v2\/comments?post=14974"}],"version-history":[{"count":0,"href":"https:\/\/raceandequality.org\/pt-br\/wp-json\/wp\/v2\/pages\/14974\/revisions"}],"wp:attachment":[{"href":"https:\/\/raceandequality.org\/pt-br\/wp-json\/wp\/v2\/media?parent=14974"}],"curies":[{"name":"wp","href":"https:\/\/api.w.org\/{rel}","templated":true}]}}

<div class="wpb-content-wrapper"><p>[vc_row full_width=&#8221;stretch_row&#8221; enable_elevation_custom_background_color=&#8221;yes&#8221; elevation_background_color_type=&#8221;bg-color05-color&#8221; el_class=&#8221;text-list-block padding-vertical&#8221;][vc_column width=&#8221;1/2&#8243; offset=&#8221;vc_col-lg-5 vc_col-md-6&#8243;][vc_column_text]A cultura dos direitos humanos é formada por indivíduos cujos direitos são ameaçados, violados ou inexistentes. Acreditamos que a mudança social começa no nível local e se fortalece por meio de alianças entre pessoas e organizações que compartilham as mesmas necessidades, valores e experiências. Nosso trabalho é guiado pelos princípios de igualdade e diversidade e pelo objetivo de fazer mudanças estruturais sustentáveis de longo prazo.[/vc_column_text][vc_single_image image=&#8221;7278&#8243; img_size=&#8221;full&#8221;][/vc_column][vc_column width=&#8221;1/2&#8243; offset=&#8221;vc_col-lg-offset-1&#8243;][vc_column_text]</p>
<ul>
<li data-gc-list-depth="1" data-gc-list-style="unordered"><strong>Buscar justiça</strong> para as vítimas de abusos de direitos humanos.</li>
<li data-gc-list-depth="1" data-gc-list-style="unordered"><strong>Trabalhar para promover a igualdade racial, étnica</strong> e de gênero e para promover os direitos das pessoas que sofrem discriminação com base na orientação sexual ou identidade de gênero.</li>
<li data-gc-list-depth="1" data-gc-list-style="unordered"><strong>Ajudar a capacitar</strong> indivíduos e comunidades para realizar mudanças estruturais.</li>
<li data-gc-list-depth="1" data-gc-list-style="unordered"><strong>Fortalecer a capacidade de nossos parceiros de monitorar e documentar abusos de direitos humanos</strong> e de fazer recomendações em nível nacional, regional e internacional.</li>
</ul>
<p>Em nossa equipe, contamos com um grupo de advogados especializados em direitos humanos internacionais e com vasta experiência em litígios perante mecanismos de proteção de direitos humanos em nível regional e universal. Saiba mais sobre nosso <a title="Advocacy" href="https://raceandequality.org/pt-br/advocacia-juridica/">Programa Legal</a>.[/vc_column_text][/vc_column][/vc_row]</p>
</div>

<p>[vc_row full_width=&#8221;stretch_row&#8221; enable_elevation_custom_background_color=&#8221;yes&#8221; elevation_background_color_type=&#8221;bg-color05-color&#8221; el_class=&#8221;text-list-block padding-vertical&#8221;][vc_column width=&#8221;1/2&#8243; offset=&#8221;vc_col-lg-5 vc_col-md-6&#8243;][vc_column_text]A cultura dos direitos humanos é formada por indivíduos cujos direitos são ameaçados, violados ou inexistentes. Acreditamos que a mudança social começa [&hellip;]</p>
