{"id":12975,"date":"2020-05-17T14:15:08","date_gmt":"2020-05-17T14:15:08","guid":{"rendered":"http:\/\/race01.wp\/resources\/raca-e-igualdade-e-associacao-nacional-de-travestis-e-transexuais-do-brasil-antra-solicitam-a-comissao-interamericana-de-direitos-humanos-cidh-um-pronunciamento-publico-sobre-o-aumento-de-assassin\/"},"modified":"2023-08-04T18:11:40","modified_gmt":"2023-08-04T18:11:40","slug":"raca-e-igualdade-e-associacao-nacional-de-travestis-e-transexuais-do-brasil-antra-solicitam-a-comissao-interamericana-de-direitos-humanos-cidh-um-pronunciamento-publico-sobre-o-aumento-de-assassin","status":"publish","type":"resources","link":"https:\/\/raceandequality.org\/pt-br\/resources\/raca-e-igualdade-e-associacao-nacional-de-travestis-e-transexuais-do-brasil-antra-solicitam-a-comissao-interamericana-de-direitos-humanos-cidh-um-pronunciamento-publico-sobre-o-aumento-de-assassin\/","title":{"rendered":"Ra\u00e7a e Igualdade e Associa\u00e7\u00e3o Nacional de Travestis e Transexuais do Brasil (ANTRA) solicitam \u00e0 Comiss\u00e3o Interamericana de Direitos Humanos (CIDH) um pronunciamento p\u00fablico sobre o aumento de assassinatos de pessoas trans no Brasil em 2020"},"content":{"rendered":"<p style=\"text-align: justify;\">Washington, D.C. e Rio de Janeiro, Brasil. 13 de maio de 2020. O Instituto Internacional sobre Ra\u00e7a, Igualdade e Direitos Humanos (Ra\u00e7a e Igualdade) e a Associa\u00e7\u00e3o Nacional de Travestis e Transexuais do Brasil (ANTRA) nos dirigimos \u00e0 Honor\u00e1vel CIDH para expressar a profunda preocupa\u00e7\u00e3o pelo aumento de cerca de 48% nos casos de assassinatos de pessoas trans no Brasil em rela\u00e7\u00e3o ao ano de 2019, considerando os quatro primeiros meses do ano, mesmo durante a pandemia de COVID-19, <a href=\"https:\/\/raceandequality.org\/322\">conforme boletim publicado recentemente pela ANTRA.<\/a><\/p>\n<p style=\"text-align: justify;\">Em 2019, foram 43 ocorr\u00eancias. Em 2020, 64 casos. Isolando os meses de mar\u00e7o e abril, para comparar especificamente com o per\u00edodo inicial da pandemia, houve um aumento de 13%. Esse cen\u00e1rio demonstra o quanto a sociedade e o Estado brasileiro s\u00e3o violentos com as pessoas trans, que se tornam ainda mais desprotegidas nesse per\u00edodo, em um contexto em n\u00e3o houve nenhuma a\u00e7\u00e3o do Estado pensando no cuidado e aten\u00e7\u00e3o a essa popula\u00e7\u00e3o frente aos impactos socioecon\u00f4micos provocados pela crise sanit\u00e1ria.<\/p>\n<p style=\"text-align: justify;\">A situa\u00e7\u00e3o \u00e9 intensificada pela s\u00e9ria crise pol\u00edtica que o pa\u00eds atravessa nesse momento, agravada por um presidente que tem feito, constantemente, diversas amea\u00e7as \u00e0 democracia brasileira, chegando a participar, recentemente, de manifesta\u00e7\u00f5es<a href=\"#_ftn1\" name=\"_ftnref1\">[1]<\/a> que clamavam pelo fechamento do Congresso Nacional e do Supremo Tribunal Federal (STF). A participa\u00e7\u00e3o do presidente na referida manifesta\u00e7\u00e3o se torna ainda mais grave ao nos depararmos com a informa\u00e7\u00e3o de que um dos grupos que estiveram na linha de frente da organiza\u00e7\u00e3o se proclama como um grupo paramilitar, cuja l\u00edder declarou ter como objetivo \u201cfazer os ministros do STF entenderem, de maneira, se for preciso, coercitiva, que n\u00e3o s\u00e3o 11 semideuses\u201d <a href=\"#_ftn2\" name=\"_ftnref2\">[2]<\/a>.<\/p>\n<p style=\"text-align: justify;\">A crise pol\u00edtica ganha novos contornos ao ser atravessada pela pandemia provocada pelo coronav\u00edrus. O presidente Jair Bolsonaro tem se esquivado de sua responsabilidade enquanto chefe do Poder Executivo e incentivado o desrespeito ao isolamento, num movimento de inobserv\u00e2ncia das recomenda\u00e7\u00f5es da Organiza\u00e7\u00e3o Mundial da Sa\u00fade (OMS), da UNAIDS e da pr\u00f3pria CIDH. Enquanto isso, o n\u00famero de mortos n\u00e3o para de crescer, tendo chegado a 12.484<a href=\"#_ftn3\" name=\"_ftnref3\">[3]<\/a> mortes na contagem mais recente quando do envio deste comunicado. Ao mesmo tempo, num pa\u00eds extremamente desigual como o Brasil, os dados confirmam que as popula\u00e7\u00f5es mais vulner\u00e1veis s\u00e3o as mais afetadas nas taxas de letalidade do v\u00edrus, o que se expressa no preocupante aumento de mortes entre pessoas negras e pobres<a href=\"#_ftn4\" name=\"_ftnref4\">[4]<\/a>.<\/p>\n<p style=\"text-align: justify;\">Demonstramos grande preocupa\u00e7\u00e3o com o fato de que as vulnerabilidades sociais t\u00eam sido agravadas durante a pandemia do coronav\u00edrus, o que se torna n\u00edtido quando olhamos para a popula\u00e7\u00e3o travesti e transexual. Afinal, se cerca 90% das travestis e mulheres transexuais no Brasil utilizam o trabalho sexual como fonte prim\u00e1ria de renda<a href=\"#_ftn5\" name=\"_ftnref5\">[5]<\/a>, como esperar que essa popula\u00e7\u00e3o consiga concretizar o isolamento social sem abrir m\u00e3o de seu sustento para sobreviv\u00eancia? Houve diversos relatos de grupos que exploram essas profissionais que n\u00e3o permitiram a interrup\u00e7\u00e3o de suas atividades, exigindo que as prostitutas travestis e mulheres transexuais continuassem a trabalhar nas ruas<a href=\"#_ftn6\" name=\"_ftnref6\">[6]<\/a>.<\/p>\n<p style=\"text-align: justify;\">Nesse sentido, solicitamos que esta Honr\u00e1vel Comiss\u00e3o se pronuncie publicamente a respeito da situa\u00e7\u00e3o das pessoas trans no Brasil e fa\u00e7a um chamado ao Estado brasileiro, a fim de que confira a aten\u00e7\u00e3o necess\u00e1ria para garantir o direito \u00e0 vida, \u00e0 integridade e \u00e0 dignidade das pessoas travestis e transexuais do Brasil, em sua maioria negras, que, ainda em meio \u00e0 pandemia, seguem sendo as mais vulnerabilizadas e mais sujeitas a casos de viol\u00eancia f\u00edsica e letal.<\/p>\n<p style=\"text-align: justify;\"><a href=\"#_ftnref1\" name=\"_ftn1\">[1]<\/a> BBC. <em>Bolsonaro participa mais uma vez de ato com cr\u00edticas a STF e Congresso.<\/em> 3 de maio de 2020. Dispon\u00edvel em: <a href=\"https:\/\/raceandequality.org\/323\">https:\/\/www.bbc.com\/portuguese\/brasil-52518123<\/a><\/p>\n<p style=\"text-align: justify;\"><a href=\"#_ftnref2\" name=\"_ftn2\">[2]<\/a> Di\u00e1rio do Centro Mundo<em>. Grupo paramilitar criado por Sara Winter est\u00e1 na mira da PGR. 08 de maio de 2020.<\/em> Dispon\u00edvel em: <a href=\"https:\/\/raceandequality.org\/324\">https:\/\/www.diariodocentrodomundo.com.br\/essencial\/grupo-paramilitar-criado-por-sara-winter-esta-na-mira-da-pgr\/<\/a><\/p>\n<p style=\"text-align: justify;\"><a href=\"#_ftnref3\" name=\"_ftn3\">[3]<\/a> News Google. <em>Casos de coronav\u00edrus e n\u00famero de mortes no Brasil em 13 de maio<\/em>. 13 de maio de 2020. Dispon\u00edvel em: <a href=\"https:\/\/raceandequality.org\/325\">https:\/\/news.google.com\/covid19\/map?hl=pt-BR&amp;mid=%2Fm%2F015fr&amp;gl=BR&amp;ceid=BR%3Apt-419<\/a><\/p>\n<p style=\"text-align: justify;\"><a href=\"#_ftnref4\" name=\"_ftn4\">[4]<\/a> O Estado de S\u00e3o Paulo<em>. Em SP, risco de morte de negros por covid-19 \u00e9 62% maior em rela\u00e7\u00e3o aos brancos<\/em>. 04 de maio de 2020. Dispon\u00edvel em: <a href=\"https:\/\/raceandequality.org\/326\">https:\/\/saude.estadao.com.br\/noticias\/geral,em-sp-risco-de-morte-de-negros-por-covid-19-e-62-maior-em-relacao-aos-brancos,70003291431<\/a><\/p>\n<p style=\"text-align: justify;\"><a href=\"#_ftnref5\" name=\"_ftn5\">[5]<\/a> Associa\u00e7\u00e3o Nacional de Travestis e Transexuais (ANTRA). Dossi\u00ea assassinatos contra travestis brasileiras e viol\u00eancia e transexuais em 2019. 2020, p. 69. Dispon\u00edvel em: <a href=\"https:\/\/raceandequality.org\/49\">https:\/\/antrabrasil.files.wordpress.com\/2020\/01\/dossic3aa-dos-assassinatos-e-da-violc3aancia-contra-pessoas-trans-em-2019.pdf<\/a><\/p>\n<p style=\"text-align: justify;\"><a href=\"#_ftnref6\" name=\"_ftn6\">[6]<\/a> RD News. <em>Explora\u00e7\u00e3o das cafetinas obriga trans a descumprir quarentena e continuar na rua<\/em>. 22 de mar\u00e7o de 2020. <a href=\"https:\/\/raceandequality.org\/50\">https:\/\/www.rdnews.com.br\/cidades\/exploracao-das-cafetinas-obriga-trans-a-descumprir-quarentena-e-continuar-na-rua\/125737<\/a><\/p>\n","protected":false},"excerpt":{"rendered":"<p>Washington, D.C. e Rio de Janeiro, Brasil. 13 de maio de 2020. O Instituto Internacional sobre Ra\u00e7a, Igualdade e Direitos Humanos (Ra\u00e7a e Igualdade) e a Associa\u00e7\u00e3o Nacional de Travestis [&hellip;]<\/p>\n","protected":false},"author":8,"featured_media":10250,"parent":0,"menu_order":0,"template":"","format":"standard","categories":[],"resources_country":[1189,1190],"resources_language":[],"resources_audience":[],"resources_format":[],"resources_topic":[1099,1100],"resources_year":[],"class_list":["post-12975","resources","type-resources","status-publish","format-standard","has-post-thumbnail","hentry","resources_country-brasil","resources_country-brasil-pt-br","resources_topic-cidh-pt-br","resources_topic-cidh"],"acf":[],"aioseo_notices":[],"_links":{"self":[{"href":"https:\/\/raceandequality.org\/pt-br\/wp-json\/wp\/v2\/resources\/12975","targetHints":{"allow":["GET"]}}],"collection":[{"href":"https:\/\/raceandequality.org\/pt-br\/wp-json\/wp\/v2\/resources"}],"about":[{"href":"https:\/\/raceandequality.org\/pt-br\/wp-json\/wp\/v2\/types\/resources"}],"author":[{"embeddable":true,"href":"https:\/\/raceandequality.org\/pt-br\/wp-json\/wp\/v2\/users\/8"}],"wp:featuredmedia":[{"embeddable":true,"href":"https:\/\/raceandequality.org\/pt-br\/wp-json\/wp\/v2\/media\/10250"}],"wp:attachment":[{"href":"https:\/\/raceandequality.org\/pt-br\/wp-json\/wp\/v2\/media?parent=12975"}],"wp:term":[{"taxonomy":"category","embeddable":true,"href":"https:\/\/raceandequality.org\/pt-br\/wp-json\/wp\/v2\/categories?post=12975"},{"taxonomy":"resources_country","embeddable":true,"href":"https:\/\/raceandequality.org\/pt-br\/wp-json\/wp\/v2\/resources_country?post=12975"},{"taxonomy":"resources_language","embeddable":true,"href":"https:\/\/raceandequality.org\/pt-br\/wp-json\/wp\/v2\/resources_language?post=12975"},{"taxonomy":"resources_audience","embeddable":true,"href":"https:\/\/raceandequality.org\/pt-br\/wp-json\/wp\/v2\/resources_audience?post=12975"},{"taxonomy":"resources_format","embeddable":true,"href":"https:\/\/raceandequality.org\/pt-br\/wp-json\/wp\/v2\/resources_format?post=12975"},{"taxonomy":"resources_topic","embeddable":true,"href":"https:\/\/raceandequality.org\/pt-br\/wp-json\/wp\/v2\/resources_topic?post=12975"},{"taxonomy":"resources_year","embeddable":true,"href":"https:\/\/raceandequality.org\/pt-br\/wp-json\/wp\/v2\/resources_year?post=12975"}],"curies":[{"name":"wp","href":"https:\/\/api.w.org\/{rel}","templated":true}]}}

Raça e Igualdade e Associação Nacional de Travestis e Transexuais do Brasil (ANTRA) solicitam à Comissão Interamericana de Direitos Humanos (CIDH) um pronunciamento público sobre o aumento de assassinatos de pessoas trans no Brasil em 2020

<p style="text-align: justify;">Washington, D.C. e Rio de Janeiro, Brasil. 13 de maio de 2020. O Instituto Internacional sobre Raça, Igualdade e Direitos Humanos (Raça e Igualdade) e a Associação Nacional de Travestis e Transexuais do Brasil (ANTRA) nos dirigimos à Honorável CIDH para expressar a profunda preocupação pelo aumento de cerca de 48% nos casos de assassinatos de pessoas trans no Brasil em relação ao ano de 2019, considerando os quatro primeiros meses do ano, mesmo durante a pandemia de COVID-19, <a href="https://raceandequality.org/322">conforme boletim publicado recentemente pela ANTRA.</a></p>
<p style="text-align: justify;">Em 2019, foram 43 ocorrências. Em 2020, 64 casos. Isolando os meses de março e abril, para comparar especificamente com o período inicial da pandemia, houve um aumento de 13%. Esse cenário demonstra o quanto a sociedade e o Estado brasileiro são violentos com as pessoas trans, que se tornam ainda mais desprotegidas nesse período, em um contexto em não houve nenhuma ação do Estado pensando no cuidado e atenção a essa população frente aos impactos socioeconômicos provocados pela crise sanitária.</p>
<p style="text-align: justify;">A situação é intensificada pela séria crise política que o país atravessa nesse momento, agravada por um presidente que tem feito, constantemente, diversas ameaças à democracia brasileira, chegando a participar, recentemente, de manifestações<a href="#_ftn1" name="_ftnref1">[1]</a> que clamavam pelo fechamento do Congresso Nacional e do Supremo Tribunal Federal (STF). A participação do presidente na referida manifestação se torna ainda mais grave ao nos depararmos com a informação de que um dos grupos que estiveram na linha de frente da organização se proclama como um grupo paramilitar, cuja líder declarou ter como objetivo “fazer os ministros do STF entenderem, de maneira, se for preciso, coercitiva, que não são 11 semideuses” <a href="#_ftn2" name="_ftnref2">[2]</a>.</p>
<p style="text-align: justify;">A crise política ganha novos contornos ao ser atravessada pela pandemia provocada pelo coronavírus. O presidente Jair Bolsonaro tem se esquivado de sua responsabilidade enquanto chefe do Poder Executivo e incentivado o desrespeito ao isolamento, num movimento de inobservância das recomendações da Organização Mundial da Saúde (OMS), da UNAIDS e da própria CIDH. Enquanto isso, o número de mortos não para de crescer, tendo chegado a 12.484<a href="#_ftn3" name="_ftnref3">[3]</a> mortes na contagem mais recente quando do envio deste comunicado. Ao mesmo tempo, num país extremamente desigual como o Brasil, os dados confirmam que as populações mais vulneráveis são as mais afetadas nas taxas de letalidade do vírus, o que se expressa no preocupante aumento de mortes entre pessoas negras e pobres<a href="#_ftn4" name="_ftnref4">[4]</a>.</p>
<p style="text-align: justify;">Demonstramos grande preocupação com o fato de que as vulnerabilidades sociais têm sido agravadas durante a pandemia do coronavírus, o que se torna nítido quando olhamos para a população travesti e transexual. Afinal, se cerca 90% das travestis e mulheres transexuais no Brasil utilizam o trabalho sexual como fonte primária de renda<a href="#_ftn5" name="_ftnref5">[5]</a>, como esperar que essa população consiga concretizar o isolamento social sem abrir mão de seu sustento para sobrevivência? Houve diversos relatos de grupos que exploram essas profissionais que não permitiram a interrupção de suas atividades, exigindo que as prostitutas travestis e mulheres transexuais continuassem a trabalhar nas ruas<a href="#_ftn6" name="_ftnref6">[6]</a>.</p>
<p style="text-align: justify;">Nesse sentido, solicitamos que esta Honrável Comissão se pronuncie publicamente a respeito da situação das pessoas trans no Brasil e faça um chamado ao Estado brasileiro, a fim de que confira a atenção necessária para garantir o direito à vida, à integridade e à dignidade das pessoas travestis e transexuais do Brasil, em sua maioria negras, que, ainda em meio à pandemia, seguem sendo as mais vulnerabilizadas e mais sujeitas a casos de violência física e letal.</p>
<p style="text-align: justify;"><a href="#_ftnref1" name="_ftn1">[1]</a> BBC. <em>Bolsonaro participa mais uma vez de ato com críticas a STF e Congresso.</em> 3 de maio de 2020. Disponível em: <a href="https://raceandequality.org/323">https://www.bbc.com/portuguese/brasil-52518123</a></p>
<p style="text-align: justify;"><a href="#_ftnref2" name="_ftn2">[2]</a> Diário do Centro Mundo<em>. Grupo paramilitar criado por Sara Winter está na mira da PGR. 08 de maio de 2020.</em> Disponível em: <a href="https://raceandequality.org/324">https://www.diariodocentrodomundo.com.br/essencial/grupo-paramilitar-criado-por-sara-winter-esta-na-mira-da-pgr/</a></p>
<p style="text-align: justify;"><a href="#_ftnref3" name="_ftn3">[3]</a> News Google. <em>Casos de coronavírus e número de mortes no Brasil em 13 de maio</em>. 13 de maio de 2020. Disponível em: <a href="https://raceandequality.org/325">https://news.google.com/covid19/map?hl=pt-BR&amp;mid=%2Fm%2F015fr&amp;gl=BR&amp;ceid=BR%3Apt-419</a></p>
<p style="text-align: justify;"><a href="#_ftnref4" name="_ftn4">[4]</a> O Estado de São Paulo<em>. Em SP, risco de morte de negros por covid-19 é 62% maior em relação aos brancos</em>. 04 de maio de 2020. Disponível em: <a href="https://raceandequality.org/326">https://saude.estadao.com.br/noticias/geral,em-sp-risco-de-morte-de-negros-por-covid-19-e-62-maior-em-relacao-aos-brancos,70003291431</a></p>
<p style="text-align: justify;"><a href="#_ftnref5" name="_ftn5">[5]</a> Associação Nacional de Travestis e Transexuais (ANTRA). Dossiê assassinatos contra travestis brasileiras e violência e transexuais em 2019. 2020, p. 69. Disponível em: <a href="https://raceandequality.org/49">https://antrabrasil.files.wordpress.com/2020/01/dossic3aa-dos-assassinatos-e-da-violc3aancia-contra-pessoas-trans-em-2019.pdf</a></p>
<p style="text-align: justify;"><a href="#_ftnref6" name="_ftn6">[6]</a> RD News. <em>Exploração das cafetinas obriga trans a descumprir quarentena e continuar na rua</em>. 22 de março de 2020. <a href="https://raceandequality.org/50">https://www.rdnews.com.br/cidades/exploracao-das-cafetinas-obriga-trans-a-descumprir-quarentena-e-continuar-na-rua/125737</a></p>

<p>Washington, D.C. e Rio de Janeiro, Brasil. 13 de maio de 2020. O Instituto Internacional sobre Raça, Igualdade e Direitos Humanos (Raça e Igualdade) e a Associação Nacional de Travestis [&hellip;]</p>
