{"id":13084,"date":"2020-07-10T16:39:45","date_gmt":"2020-07-10T16:39:45","guid":{"rendered":"http:\/\/race01.wp\/resources\/webinar-movendo-as-estruturas-dialogos-sobre-raca-genero-e-sexualidade-durante-a-covid-19-no-brasil\/"},"modified":"2023-08-04T18:17:47","modified_gmt":"2023-08-04T18:17:47","slug":"webinar-movendo-as-estruturas-dialogos-sobre-raca-genero-e-sexualidade-durante-a-covid-19-no-brasil","status":"publish","type":"resources","link":"https:\/\/raceandequality.org\/pt-br\/resources\/webinar-movendo-as-estruturas-dialogos-sobre-raca-genero-e-sexualidade-durante-a-covid-19-no-brasil\/","title":{"rendered":"Webinar &#8220;Movendo as Estruturas: Di\u00e1logos sobre Ra\u00e7a, G\u00eanero e Sexualidade durante a COVID-19 no Brasil&#8221;"},"content":{"rendered":"<p style=\"text-align: justify;\">Com a presen\u00e7a de Miguel Mesquita, Coordenador da \u00e1rea de monitoramento da Comiss\u00e3o Interamericana de Direitos Humanos (CIDH), e com a participa\u00e7\u00e3o de lideran\u00e7as do movimento negro brasileiro e LGBTI, no pr\u00f3ximo dia 15 de julho, apresentaremos o semin\u00e1rio web \u201c<i>Movendo as Estruturas: Di\u00e1logos sobre Ra\u00e7a, G\u00eanero e Sexualidade durante a COVID-19 no Brasil\u201d.<\/i><\/p>\n<p style=\"text-align: justify;\">Atrav\u00e9s desta webinar, propomos um espa\u00e7o de reflex\u00e3o e debate sobre as respostas institucionais do Estado brasileiro diante do contexto da pandemia, considerando as hierarquias sociorraciais existentes e seus impactos sobre a popula\u00e7\u00e3o negra, incluindo pessoas LGBTI.<\/p>\n<p style=\"text-align: justify;\">Data: 15 de julho de 2020<\/p>\n<p style=\"text-align: justify;\">Hor\u00e1rio: 11h30 \u00e0s 13h (Hor\u00e1rio de Bras\u00edlia)<\/p>\n<p style=\"text-align: justify;\">Idioma: Portugu\u00eas<\/p>\n<p style=\"text-align: justify;\">Participe e se inscreva atrav\u00e9s do link: <a href=\"https:\/\/raceandequality.org\/951\" target=\"_blank\" rel=\"noopener noreferrer\" data-auth=\"NotApplicable\">bit.ly\/3205ZMN<\/a><\/p>\n<p style=\"text-align: justify;\">O semin\u00e1rio tamb\u00e9m ser\u00e1 transmitido ao vivo pelo nosso Facebook: <a href=\"https:\/\/raceandequality.org\/11\" target=\"_blank\" rel=\"noopener noreferrer\" data-auth=\"NotApplicable\">www.facebook.com\/raceandequality\/<\/a><\/p>\n<p style=\"text-align: justify;\">Para mais informa\u00e7\u00f5es, siga o nosso Twitter: <a href=\"https:\/\/raceandequality.org\/433\" target=\"_blank\" rel=\"noopener noreferrer\" data-auth=\"NotApplicable\">twitter.com\/raceandequality<\/a><\/p>\n","protected":false},"excerpt":{"rendered":"<p>Com a presen\u00e7a de Miguel Mesquita, Coordenador da \u00e1rea de monitoramento da Comiss\u00e3o Interamericana de Direitos Humanos (CIDH), e com a participa\u00e7\u00e3o de lideran\u00e7as do movimento negro brasileiro e LGBTI, [&hellip;]<\/p>\n","protected":false},"author":8,"featured_media":13085,"parent":0,"menu_order":0,"template":"","format":"standard","categories":[],"resources_country":[1189],"resources_language":[],"resources_audience":[],"resources_format":[],"resources_topic":[1100,1104],"resources_year":[],"class_list":["post-13084","resources","type-resources","status-publish","format-standard","has-post-thumbnail","hentry","resources_country-brasil","resources_topic-cidh","resources_topic-lgbti-es"],"acf":[],"aioseo_notices":[],"_links":{"self":[{"href":"https:\/\/raceandequality.org\/pt-br\/wp-json\/wp\/v2\/resources\/13084","targetHints":{"allow":["GET"]}}],"collection":[{"href":"https:\/\/raceandequality.org\/pt-br\/wp-json\/wp\/v2\/resources"}],"about":[{"href":"https:\/\/raceandequality.org\/pt-br\/wp-json\/wp\/v2\/types\/resources"}],"author":[{"embeddable":true,"href":"https:\/\/raceandequality.org\/pt-br\/wp-json\/wp\/v2\/users\/8"}],"wp:featuredmedia":[{"embeddable":true,"href":"https:\/\/raceandequality.org\/pt-br\/wp-json\/wp\/v2\/media\/13085"}],"wp:attachment":[{"href":"https:\/\/raceandequality.org\/pt-br\/wp-json\/wp\/v2\/media?parent=13084"}],"wp:term":[{"taxonomy":"category","embeddable":true,"href":"https:\/\/raceandequality.org\/pt-br\/wp-json\/wp\/v2\/categories?post=13084"},{"taxonomy":"resources_country","embeddable":true,"href":"https:\/\/raceandequality.org\/pt-br\/wp-json\/wp\/v2\/resources_country?post=13084"},{"taxonomy":"resources_language","embeddable":true,"href":"https:\/\/raceandequality.org\/pt-br\/wp-json\/wp\/v2\/resources_language?post=13084"},{"taxonomy":"resources_audience","embeddable":true,"href":"https:\/\/raceandequality.org\/pt-br\/wp-json\/wp\/v2\/resources_audience?post=13084"},{"taxonomy":"resources_format","embeddable":true,"href":"https:\/\/raceandequality.org\/pt-br\/wp-json\/wp\/v2\/resources_format?post=13084"},{"taxonomy":"resources_topic","embeddable":true,"href":"https:\/\/raceandequality.org\/pt-br\/wp-json\/wp\/v2\/resources_topic?post=13084"},{"taxonomy":"resources_year","embeddable":true,"href":"https:\/\/raceandequality.org\/pt-br\/wp-json\/wp\/v2\/resources_year?post=13084"}],"curies":[{"name":"wp","href":"https:\/\/api.w.org\/{rel}","templated":true}]}}

Webinar &#8220;Movendo as Estruturas: Diálogos sobre Raça, Gênero e Sexualidade durante a COVID-19 no Brasil&#8221;

<p style="text-align: justify;">Com a presença de Miguel Mesquita, Coordenador da área de monitoramento da Comissão Interamericana de Direitos Humanos (CIDH), e com a participação de lideranças do movimento negro brasileiro e LGBTI, no próximo dia 15 de julho, apresentaremos o seminário web “<i>Movendo as Estruturas: Diálogos sobre Raça, Gênero e Sexualidade durante a COVID-19 no Brasil”.</i></p>
<p style="text-align: justify;">Através desta webinar, propomos um espaço de reflexão e debate sobre as respostas institucionais do Estado brasileiro diante do contexto da pandemia, considerando as hierarquias sociorraciais existentes e seus impactos sobre a população negra, incluindo pessoas LGBTI.</p>
<p style="text-align: justify;">Data: 15 de julho de 2020</p>
<p style="text-align: justify;">Horário: 11h30 às 13h (Horário de Brasília)</p>
<p style="text-align: justify;">Idioma: Português</p>
<p style="text-align: justify;">Participe e se inscreva através do link: <a href="https://raceandequality.org/951" target="_blank" rel="noopener noreferrer" data-auth="NotApplicable">bit.ly/3205ZMN</a></p>
<p style="text-align: justify;">O seminário também será transmitido ao vivo pelo nosso Facebook: <a href="https://raceandequality.org/11" target="_blank" rel="noopener noreferrer" data-auth="NotApplicable">www.facebook.com/raceandequality/</a></p>
<p style="text-align: justify;">Para mais informações, siga o nosso Twitter: <a href="https://raceandequality.org/433" target="_blank" rel="noopener noreferrer" data-auth="NotApplicable">twitter.com/raceandequality</a></p>

<p>Com a presença de Miguel Mesquita, Coordenador da área de monitoramento da Comissão Interamericana de Direitos Humanos (CIDH), e com a participação de lideranças do movimento negro brasileiro e LGBTI, [&hellip;]</p>
