{"id":13123,"date":"2020-07-24T16:23:35","date_gmt":"2020-07-24T16:23:35","guid":{"rendered":"http:\/\/race01.wp\/resources\/mensagem-de-uniao-e-forca-para-o-dia-internacional-da-mulher-negra-latino-americana-e-caribenha\/"},"modified":"2023-08-04T18:05:38","modified_gmt":"2023-08-04T18:05:38","slug":"mensagem-de-uniao-e-forca-para-o-dia-internacional-da-mulher-negra-latino-americana-e-caribenha","status":"publish","type":"resources","link":"https:\/\/raceandequality.org\/pt-br\/resources\/mensagem-de-uniao-e-forca-para-o-dia-internacional-da-mulher-negra-latino-americana-e-caribenha\/","title":{"rendered":"Mensagem de Uni\u00e3o e For\u00e7a para o Dia Internacional da Mulher Negra Latino-Americana e Caribenha"},"content":{"rendered":"<p style=\"text-align: justify;\"><strong>Washington D. C. 24 de julho de 2020<\/strong> &#8211; Desde 1992, todo dia 25 de julho, \u00e9 comemorado o Dia Internacional das Mulheres Afro-Latino-Americanas, Afro-Caribenhas e da Di\u00e1spora, em comemora\u00e7\u00e3o ao Primeiro Encontro de Mulheres Afro-Latino e Afro-Caribenhas, realizado naquele ano na Rep\u00fablica Dominicana, e que foi o ponto de partida para a luta pela reivindica\u00e7\u00e3o e visibilidade das mulheres negras e toda a sua contribui\u00e7\u00e3o cultural e social na conforma\u00e7\u00e3o dos Estados.<\/p>\n<p style=\"text-align: justify;\">Por esse motivo, o Instituto Internacional sobre Ra\u00e7a, Igualdade e Direitos Humanos (Ra\u00e7a e Igualdade), de m\u00e3os dadas com nossos parceiros e com o apoio da Rede de Mulheres Afro-Latino-Americanas, Afro-Caribenhas e Di\u00e1spora (RMAAD), preparamos um cart\u00e3o postal * com a participa\u00e7\u00e3o de mulheres ativistas de ascend\u00eancia africana e l\u00edderes l\u00e9sbicas e trans, representando 11 pa\u00edses da Am\u00e9rica Latina. Assim, celebramos e reconhecemos o trabalho inestim\u00e1vel de mulheres de ascend\u00eancia africana nas Am\u00e9ricas em seu compromisso de preservar sua cultura, combater a discrimina\u00e7\u00e3o racial, de g\u00eanero e orienta\u00e7\u00e3o sexual, e por serem o pilar de suas casas e comunidades.<\/p>\n<p style=\"text-align: justify;\">Ra\u00e7a e Igualdade concorda com a premissa da RMAAD que descreve como as mulheres afrodescendentes sofrem uma discrimina\u00e7\u00e3o tripla causada por g\u00eanero, ra\u00e7a e pobreza. Raz\u00e3o pela qual, em 25 de julho, nos comprometemos a continuar tornando vis\u00edveis os desafios que enfrentam, al\u00e9m de revisar nossas a\u00e7\u00f5es para avaliar nossas contribui\u00e7\u00f5es na melhoria da qualidade de vida das mulheres negras na regi\u00e3o.<\/p>\n<p style=\"text-align: justify;\">Embora se calcule que a popula\u00e7\u00e3o de afrodescendentes nas Am\u00e9ricas seja de 30%, o que equivale a cerca de 300 milh\u00f5es de pessoas, o Banco Mundial considera que aproximadamente 133 milh\u00f5es de afrodescendentes vivem na Am\u00e9rica Latina e no Caribe. Reconhecendo que atualmente ainda existem lacunas nas estat\u00edsticas na condi\u00e7\u00e3o das mulheres negras, enfatizamos a necessidade de compromisso na coleta desses dados e, assim, poderemos contar com as ferramentas b\u00e1sicas para responder adequadamente \u00e0s principais demandas das mulheres negras na Am\u00e9rica Latina.<\/p>\n<p style=\"text-align: justify;\">Agora que a pandemia do COVID-19 aumentou as desigualdades e a vulnerabilidade das mulheres negras, queremos elevar suas vozes e transmitir uma mensagem de incentivo que motive muitas outras mulheres a superar suas duras realidades. Desse modo, recomendamos que os Estados criem e\/ou fortale\u00e7am os projetos, programas e mecanismos necess\u00e1rios para combater a viol\u00eancia e a discrimina\u00e7\u00e3o que afetam as mulheres afrodescendentes nas Am\u00e9ricas, porque somente trabalhando juntos podemos fechar as grandes lacunas enfrentadas pelas afrodescendentes em nosso continente.<\/p>\n<p style=\"text-align: justify;\">*Como homenagem p\u00f3stuma, inclu\u00edmos Marianita Minda, l\u00edder equatoriana e fundadora da Coordenadora Nacional de Mulheres Negras do Equador, falecida em maio passado.<\/p>\n","protected":false},"excerpt":{"rendered":"<p>Washington D. C. 24 de julho de 2020 &#8211; Desde 1992, todo dia 25 de julho, \u00e9 comemorado o Dia Internacional das Mulheres Afro-Latino-Americanas, Afro-Caribenhas e da Di\u00e1spora, em comemora\u00e7\u00e3o [&hellip;]<\/p>\n","protected":false},"author":8,"featured_media":13117,"parent":0,"menu_order":0,"template":"","format":"standard","categories":[],"resources_country":[1189],"resources_language":[],"resources_audience":[],"resources_format":[],"resources_topic":[],"resources_year":[],"class_list":["post-13123","resources","type-resources","status-publish","format-standard","has-post-thumbnail","hentry","resources_country-brasil"],"acf":[],"aioseo_notices":[],"_links":{"self":[{"href":"https:\/\/raceandequality.org\/pt-br\/wp-json\/wp\/v2\/resources\/13123","targetHints":{"allow":["GET"]}}],"collection":[{"href":"https:\/\/raceandequality.org\/pt-br\/wp-json\/wp\/v2\/resources"}],"about":[{"href":"https:\/\/raceandequality.org\/pt-br\/wp-json\/wp\/v2\/types\/resources"}],"author":[{"embeddable":true,"href":"https:\/\/raceandequality.org\/pt-br\/wp-json\/wp\/v2\/users\/8"}],"wp:featuredmedia":[{"embeddable":true,"href":"https:\/\/raceandequality.org\/pt-br\/wp-json\/wp\/v2\/media\/13117"}],"wp:attachment":[{"href":"https:\/\/raceandequality.org\/pt-br\/wp-json\/wp\/v2\/media?parent=13123"}],"wp:term":[{"taxonomy":"category","embeddable":true,"href":"https:\/\/raceandequality.org\/pt-br\/wp-json\/wp\/v2\/categories?post=13123"},{"taxonomy":"resources_country","embeddable":true,"href":"https:\/\/raceandequality.org\/pt-br\/wp-json\/wp\/v2\/resources_country?post=13123"},{"taxonomy":"resources_language","embeddable":true,"href":"https:\/\/raceandequality.org\/pt-br\/wp-json\/wp\/v2\/resources_language?post=13123"},{"taxonomy":"resources_audience","embeddable":true,"href":"https:\/\/raceandequality.org\/pt-br\/wp-json\/wp\/v2\/resources_audience?post=13123"},{"taxonomy":"resources_format","embeddable":true,"href":"https:\/\/raceandequality.org\/pt-br\/wp-json\/wp\/v2\/resources_format?post=13123"},{"taxonomy":"resources_topic","embeddable":true,"href":"https:\/\/raceandequality.org\/pt-br\/wp-json\/wp\/v2\/resources_topic?post=13123"},{"taxonomy":"resources_year","embeddable":true,"href":"https:\/\/raceandequality.org\/pt-br\/wp-json\/wp\/v2\/resources_year?post=13123"}],"curies":[{"name":"wp","href":"https:\/\/api.w.org\/{rel}","templated":true}]}}

Mensagem de União e Força para o Dia Internacional da Mulher Negra Latino-Americana e Caribenha

<p style="text-align: justify;"><strong>Washington D. C. 24 de julho de 2020</strong> &#8211; Desde 1992, todo dia 25 de julho, é comemorado o Dia Internacional das Mulheres Afro-Latino-Americanas, Afro-Caribenhas e da Diáspora, em comemoração ao Primeiro Encontro de Mulheres Afro-Latino e Afro-Caribenhas, realizado naquele ano na República Dominicana, e que foi o ponto de partida para a luta pela reivindicação e visibilidade das mulheres negras e toda a sua contribuição cultural e social na conformação dos Estados.</p>
<p style="text-align: justify;">Por esse motivo, o Instituto Internacional sobre Raça, Igualdade e Direitos Humanos (Raça e Igualdade), de mãos dadas com nossos parceiros e com o apoio da Rede de Mulheres Afro-Latino-Americanas, Afro-Caribenhas e Diáspora (RMAAD), preparamos um cartão postal * com a participação de mulheres ativistas de ascendência africana e líderes lésbicas e trans, representando 11 países da América Latina. Assim, celebramos e reconhecemos o trabalho inestimável de mulheres de ascendência africana nas Américas em seu compromisso de preservar sua cultura, combater a discriminação racial, de gênero e orientação sexual, e por serem o pilar de suas casas e comunidades.</p>
<p style="text-align: justify;">Raça e Igualdade concorda com a premissa da RMAAD que descreve como as mulheres afrodescendentes sofrem uma discriminação tripla causada por gênero, raça e pobreza. Razão pela qual, em 25 de julho, nos comprometemos a continuar tornando visíveis os desafios que enfrentam, além de revisar nossas ações para avaliar nossas contribuições na melhoria da qualidade de vida das mulheres negras na região.</p>
<p style="text-align: justify;">Embora se calcule que a população de afrodescendentes nas Américas seja de 30%, o que equivale a cerca de 300 milhões de pessoas, o Banco Mundial considera que aproximadamente 133 milhões de afrodescendentes vivem na América Latina e no Caribe. Reconhecendo que atualmente ainda existem lacunas nas estatísticas na condição das mulheres negras, enfatizamos a necessidade de compromisso na coleta desses dados e, assim, poderemos contar com as ferramentas básicas para responder adequadamente às principais demandas das mulheres negras na América Latina.</p>
<p style="text-align: justify;">Agora que a pandemia do COVID-19 aumentou as desigualdades e a vulnerabilidade das mulheres negras, queremos elevar suas vozes e transmitir uma mensagem de incentivo que motive muitas outras mulheres a superar suas duras realidades. Desse modo, recomendamos que os Estados criem e/ou fortaleçam os projetos, programas e mecanismos necessários para combater a violência e a discriminação que afetam as mulheres afrodescendentes nas Américas, porque somente trabalhando juntos podemos fechar as grandes lacunas enfrentadas pelas afrodescendentes em nosso continente.</p>
<p style="text-align: justify;">*Como homenagem póstuma, incluímos Marianita Minda, líder equatoriana e fundadora da Coordenadora Nacional de Mulheres Negras do Equador, falecida em maio passado.</p>

<p>Washington D. C. 24 de julho de 2020 &#8211; Desde 1992, todo dia 25 de julho, é comemorado o Dia Internacional das Mulheres Afro-Latino-Americanas, Afro-Caribenhas e da Diáspora, em comemoração [&hellip;]</p>
