{"id":13125,"date":"2020-07-30T16:12:10","date_gmt":"2020-07-30T16:12:10","guid":{"rendered":"http:\/\/race01.wp\/resources\/raca-e-igualdade-oferece-cursos-on-line-gratuitos-fortalecendo-alianca-com-organizacoes-e-movimentos-sociais\/"},"modified":"2023-08-04T18:11:45","modified_gmt":"2023-08-04T18:11:45","slug":"raca-e-igualdade-oferece-cursos-on-line-gratuitos-fortalecendo-alianca-com-organizacoes-e-movimentos-sociais","status":"publish","type":"resources","link":"https:\/\/raceandequality.org\/pt-br\/resources\/raca-e-igualdade-oferece-cursos-on-line-gratuitos-fortalecendo-alianca-com-organizacoes-e-movimentos-sociais\/","title":{"rendered":"Ra\u00e7a e Igualdade oferece cursos on-line gratuitos fortalecendo alian\u00e7a com organiza\u00e7\u00f5es e movimentos sociais"},"content":{"rendered":"<p style=\"text-align: justify;\">Reafirmando o compromisso de auxiliar e promover a capacita\u00e7\u00e3o das organiza\u00e7\u00f5es da sociedade civil (OSCs) aos mecanismos dos sistemas internacionais de prote\u00e7\u00e3o aos direitos humanos, o Instituto Internacional sobre Ra\u00e7a, Igualdade e Direitos Humanos (Ra\u00e7a e Igualdade), ao longo deste ano de 2020, vem desenvolvendo cursos on-line e webinars tem\u00e1ticos em parceria com lideran\u00e7as da Am\u00e9rica Latina. Diante do atual cen\u00e1rio mundial, gravemente afetado pela pandemia do coronav\u00edrus, Ra\u00e7a e Igualdade reconhece a urg\u00eancia em auxiliar os movimentos sociais e ativistas a denunciarem as situa\u00e7\u00f5es de amplas desigualdades e viol\u00eancias em que vivem as popula\u00e7\u00f5es vulnerabilizadas.<\/p>\n<p style=\"text-align: justify;\">Entre as a\u00e7\u00f5es fomentadas para o segundo semestre, durante o m\u00eas de junho, foi realizado o <em>workshop<\/em> \u201cUsos estrat\u00e9gicos dos mecanismos internacionais\u201d, direcionado \u00e0s organiza\u00e7\u00f5es LGBTI. Atrav\u00e9s de quatro m\u00f3dulos interativos, o curso visava oferecer um conhecimento estrat\u00e9gico sobre os mecanismos de direitos humanos das Na\u00e7\u00f5es Unidas (ONU) e, tamb\u00e9m, facilitar o acesso ao Sistema Interamericano de Direitos Humanos. O enfoque dos encontros se deu em apresentar informa\u00e7\u00f5es sobre os recursos necess\u00e1rios para o recolhimento de documenta\u00e7\u00f5es e, com isso, como aplicar os casos perante aos sistemas internacionais. Mediante apresenta\u00e7\u00e3o de casos reais e hipot\u00e9ticos, os participantes tiveram acesso aos processos necess\u00e1rios para requerimentos de medidas cautelares e meios de se obter uma maior incid\u00eancia perante aos \u00f3rg\u00e3os internacionais.<\/p>\n<p style=\"text-align: justify;\">Let\u00edcia Furtado, Defensora P\u00fablica do Estado do Rio de Janeiro, foi uma das participantes do <em>workshop<\/em> e considera que a did\u00e1tica e a vis\u00e3o pr\u00e1tica dos profissionais que ministraram as aulas foram muito estimulantes na apreens\u00e3o do curso que foi ministrado em espanhol, mas segundo a Defensora, as informa\u00e7\u00f5es foram claras e o usos de m\u00eddias foram eficazes para a compreens\u00e3o.<\/p>\n<blockquote>\n<p style=\"text-align: justify;\">\u201cCreio que o grande benef\u00edcio que obtive com o curso foi a apreens\u00e3o da vis\u00e3o pr\u00e1tica do Ra\u00e7a e Igualdade, que se dedica intensivamente \u00e0 incid\u00eancia voltada para a defesa dos direitos humanos com foco no combate \u00e0 discrimina\u00e7\u00e3o por motivo de ra\u00e7a e orienta\u00e7\u00e3o sexual ou identidade e\/ou express\u00e3o de g\u00eanero. Essa experi\u00eancia que nos foi passada no curso \u00e9 muito valiosa e ser\u00e1 um diferencial que irei ajustar para adotar na minha atua\u00e7\u00e3o da Defensoria P\u00fablica a partir de agora\u201d, afirma.<\/p>\n<\/blockquote>\n<p style=\"text-align: justify;\">Lideran\u00e7a da Associa\u00e7\u00e3o Brasileira de L\u00e9sbicas, Gays, Bissexuais, Travestis, Transexuais e Intersexos (ABGLT), Paulo Mariante, considera que as aulas ofereceram canais fundamentais para acessar os organismos multilaterais, como a Comiss\u00e3o Interamericana dos Direitos Humanos (CIDH) e o Conselho de Direitos Humanos da ONU. Devido a conjuntura pol\u00edtica atual do Brasil, Paulo considera que todo aprendizado ser\u00e1 muito eficaz na milit\u00e2ncia cotidiana das organiza\u00e7\u00f5es LGBTI.<\/p>\n<blockquote>\n<p style=\"text-align: justify;\">\u201cTodas as aulas e m\u00f3dulos foram muitos interessantes, mas eu destacaria o m\u00f3dulo com o Professor Manuel Canahui, que \u00e9 da relatoria LGBTI da CIDH. Porque, al\u00e9m de todo o conte\u00fado houve a oportunidade do trabalho com o caso hipot\u00e9tico e acho que foi muito interessante, e eu recomendaria, inclusive, que sempre que poss\u00edvel se adotasse essa experi\u00eancia. Para mim isso foi muito rico e n\u00f3s pudemos perceber o quanto n\u00f3s t\u00ednhamos avan\u00e7ado no dom\u00ednio daqueles conhecimentos e no quanto a gente ainda tinha que insistir em mais leitura e reflex\u00f5es sobre as quest\u00f5es que foram colocadas\u201d, avalia.<\/p>\n<\/blockquote>\n<p style=\"text-align: justify;\">Com o intuito de amplificar esse espa\u00e7o de facilita\u00e7\u00e3o e de compartilhamento de estrat\u00e9gias, no pr\u00f3ximo m\u00eas de agosto, Ra\u00e7a e Igualdade promover\u00e1 um curso on-line sobre os mecanismos internacionais de direitos humanos com foco nas organiza\u00e7\u00f5es e ativistas que atuem no tema de ra\u00e7a, g\u00eanero e sexualidade. Ser\u00e3o 9 encontros, uma vez por semana, que ser\u00e3o transmitidos pela plataforma zoom, \u00e0s 11h (hor\u00e1rio de Bras\u00edlia). Haver\u00e1 emiss\u00e3o de certificado de participa\u00e7\u00e3o aos que tiverem 75% de presen\u00e7a e ao final do curso, tamb\u00e9m ser\u00e1 oferecido a possibilidade de publica\u00e7\u00e3o de um artigo.<\/p>\n<p style=\"text-align: justify;\">Atrav\u00e9s de uma did\u00e1tica com foco interseccional, as aulas ser\u00e3o ministradas por profissionais que atuam nos \u00f3rg\u00e3os multilaterais e tamb\u00e9m por lideran\u00e7as de movimentos sociais que j\u00e1 tiveram acesso a esses organismos. Nesse sentido, Ra\u00e7a e Igualdade salienta a necessidade de uma capacita\u00e7\u00e3o pol\u00edtico-jur\u00eddica na den\u00fancia do racismo, sexismo e LGBTIfobia num pa\u00eds em que essas popula\u00e7\u00f5es s\u00e3o alvo da viol\u00eancia constante, al\u00e9m da nega\u00e7\u00e3o e invisibiliza\u00e7\u00e3o dos seus direitos pelo Estado.<\/p>\n<p style=\"text-align: justify;\">Em breve, disponibilizaremos o link de inscri\u00e7\u00e3o em nossas redes sociais e convidamos todes a participar e ampliar seus conhecimentos sobre direitos humanos. Lembrando que o curso \u00e9 gratuito!<\/p>\n","protected":false},"excerpt":{"rendered":"<p>Reafirmando o compromisso de auxiliar e promover a capacita\u00e7\u00e3o das organiza\u00e7\u00f5es da sociedade civil (OSCs) aos mecanismos dos sistemas internacionais de prote\u00e7\u00e3o aos direitos humanos, o Instituto Internacional sobre Ra\u00e7a, [&hellip;]<\/p>\n","protected":false},"author":8,"featured_media":13126,"parent":0,"menu_order":0,"template":"","format":"standard","categories":[],"resources_country":[1189],"resources_language":[],"resources_audience":[],"resources_format":[],"resources_topic":[1100,1104,1117],"resources_year":[],"class_list":["post-13125","resources","type-resources","status-publish","format-standard","has-post-thumbnail","hentry","resources_country-brasil","resources_topic-cidh","resources_topic-lgbti-es","resources_topic-onu"],"acf":[],"aioseo_notices":[],"_links":{"self":[{"href":"https:\/\/raceandequality.org\/pt-br\/wp-json\/wp\/v2\/resources\/13125","targetHints":{"allow":["GET"]}}],"collection":[{"href":"https:\/\/raceandequality.org\/pt-br\/wp-json\/wp\/v2\/resources"}],"about":[{"href":"https:\/\/raceandequality.org\/pt-br\/wp-json\/wp\/v2\/types\/resources"}],"author":[{"embeddable":true,"href":"https:\/\/raceandequality.org\/pt-br\/wp-json\/wp\/v2\/users\/8"}],"wp:featuredmedia":[{"embeddable":true,"href":"https:\/\/raceandequality.org\/pt-br\/wp-json\/wp\/v2\/media\/13126"}],"wp:attachment":[{"href":"https:\/\/raceandequality.org\/pt-br\/wp-json\/wp\/v2\/media?parent=13125"}],"wp:term":[{"taxonomy":"category","embeddable":true,"href":"https:\/\/raceandequality.org\/pt-br\/wp-json\/wp\/v2\/categories?post=13125"},{"taxonomy":"resources_country","embeddable":true,"href":"https:\/\/raceandequality.org\/pt-br\/wp-json\/wp\/v2\/resources_country?post=13125"},{"taxonomy":"resources_language","embeddable":true,"href":"https:\/\/raceandequality.org\/pt-br\/wp-json\/wp\/v2\/resources_language?post=13125"},{"taxonomy":"resources_audience","embeddable":true,"href":"https:\/\/raceandequality.org\/pt-br\/wp-json\/wp\/v2\/resources_audience?post=13125"},{"taxonomy":"resources_format","embeddable":true,"href":"https:\/\/raceandequality.org\/pt-br\/wp-json\/wp\/v2\/resources_format?post=13125"},{"taxonomy":"resources_topic","embeddable":true,"href":"https:\/\/raceandequality.org\/pt-br\/wp-json\/wp\/v2\/resources_topic?post=13125"},{"taxonomy":"resources_year","embeddable":true,"href":"https:\/\/raceandequality.org\/pt-br\/wp-json\/wp\/v2\/resources_year?post=13125"}],"curies":[{"name":"wp","href":"https:\/\/api.w.org\/{rel}","templated":true}]}}

Raça e Igualdade oferece cursos on-line gratuitos fortalecendo aliança com organizações e movimentos sociais

<p style="text-align: justify;">Reafirmando o compromisso de auxiliar e promover a capacitação das organizações da sociedade civil (OSCs) aos mecanismos dos sistemas internacionais de proteção aos direitos humanos, o Instituto Internacional sobre Raça, Igualdade e Direitos Humanos (Raça e Igualdade), ao longo deste ano de 2020, vem desenvolvendo cursos on-line e webinars temáticos em parceria com lideranças da América Latina. Diante do atual cenário mundial, gravemente afetado pela pandemia do coronavírus, Raça e Igualdade reconhece a urgência em auxiliar os movimentos sociais e ativistas a denunciarem as situações de amplas desigualdades e violências em que vivem as populações vulnerabilizadas.</p>
<p style="text-align: justify;">Entre as ações fomentadas para o segundo semestre, durante o mês de junho, foi realizado o <em>workshop</em> “Usos estratégicos dos mecanismos internacionais”, direcionado às organizações LGBTI. Através de quatro módulos interativos, o curso visava oferecer um conhecimento estratégico sobre os mecanismos de direitos humanos das Nações Unidas (ONU) e, também, facilitar o acesso ao Sistema Interamericano de Direitos Humanos. O enfoque dos encontros se deu em apresentar informações sobre os recursos necessários para o recolhimento de documentações e, com isso, como aplicar os casos perante aos sistemas internacionais. Mediante apresentação de casos reais e hipotéticos, os participantes tiveram acesso aos processos necessários para requerimentos de medidas cautelares e meios de se obter uma maior incidência perante aos órgãos internacionais.</p>
<p style="text-align: justify;">Letícia Furtado, Defensora Pública do Estado do Rio de Janeiro, foi uma das participantes do <em>workshop</em> e considera que a didática e a visão prática dos profissionais que ministraram as aulas foram muito estimulantes na apreensão do curso que foi ministrado em espanhol, mas segundo a Defensora, as informações foram claras e o usos de mídias foram eficazes para a compreensão.</p>
<blockquote>
<p style="text-align: justify;">“Creio que o grande benefício que obtive com o curso foi a apreensão da visão prática do Raça e Igualdade, que se dedica intensivamente à incidência voltada para a defesa dos direitos humanos com foco no combate à discriminação por motivo de raça e orientação sexual ou identidade e/ou expressão de gênero. Essa experiência que nos foi passada no curso é muito valiosa e será um diferencial que irei ajustar para adotar na minha atuação da Defensoria Pública a partir de agora”, afirma.</p>
</blockquote>
<p style="text-align: justify;">Liderança da Associação Brasileira de Lésbicas, Gays, Bissexuais, Travestis, Transexuais e Intersexos (ABGLT), Paulo Mariante, considera que as aulas ofereceram canais fundamentais para acessar os organismos multilaterais, como a Comissão Interamericana dos Direitos Humanos (CIDH) e o Conselho de Direitos Humanos da ONU. Devido a conjuntura política atual do Brasil, Paulo considera que todo aprendizado será muito eficaz na militância cotidiana das organizações LGBTI.</p>
<blockquote>
<p style="text-align: justify;">“Todas as aulas e módulos foram muitos interessantes, mas eu destacaria o módulo com o Professor Manuel Canahui, que é da relatoria LGBTI da CIDH. Porque, além de todo o conteúdo houve a oportunidade do trabalho com o caso hipotético e acho que foi muito interessante, e eu recomendaria, inclusive, que sempre que possível se adotasse essa experiência. Para mim isso foi muito rico e nós pudemos perceber o quanto nós tínhamos avançado no domínio daqueles conhecimentos e no quanto a gente ainda tinha que insistir em mais leitura e reflexões sobre as questões que foram colocadas”, avalia.</p>
</blockquote>
<p style="text-align: justify;">Com o intuito de amplificar esse espaço de facilitação e de compartilhamento de estratégias, no próximo mês de agosto, Raça e Igualdade promoverá um curso on-line sobre os mecanismos internacionais de direitos humanos com foco nas organizações e ativistas que atuem no tema de raça, gênero e sexualidade. Serão 9 encontros, uma vez por semana, que serão transmitidos pela plataforma zoom, às 11h (horário de Brasília). Haverá emissão de certificado de participação aos que tiverem 75% de presença e ao final do curso, também será oferecido a possibilidade de publicação de um artigo.</p>
<p style="text-align: justify;">Através de uma didática com foco interseccional, as aulas serão ministradas por profissionais que atuam nos órgãos multilaterais e também por lideranças de movimentos sociais que já tiveram acesso a esses organismos. Nesse sentido, Raça e Igualdade salienta a necessidade de uma capacitação político-jurídica na denúncia do racismo, sexismo e LGBTIfobia num país em que essas populações são alvo da violência constante, além da negação e invisibilização dos seus direitos pelo Estado.</p>
<p style="text-align: justify;">Em breve, disponibilizaremos o link de inscrição em nossas redes sociais e convidamos todes a participar e ampliar seus conhecimentos sobre direitos humanos. Lembrando que o curso é gratuito!</p>

<p>Reafirmando o compromisso de auxiliar e promover a capacitação das organizações da sociedade civil (OSCs) aos mecanismos dos sistemas internacionais de proteção aos direitos humanos, o Instituto Internacional sobre Raça, [&hellip;]</p>
