{"id":13409,"date":"2021-02-12T18:02:18","date_gmt":"2021-02-12T18:02:18","guid":{"rendered":"http:\/\/race01.wp\/resources\/raca-e-igualdade-comemora-a-ratificacao-da-convencao-interamericana-contra-o-racismo-pelo-estado-brasileiro\/"},"modified":"2023-08-04T18:08:38","modified_gmt":"2023-08-04T18:08:38","slug":"raca-e-igualdade-comemora-a-ratificacao-da-convencao-interamericana-contra-o-racismo-pelo-estado-brasileiro","status":"publish","type":"resources","link":"https:\/\/raceandequality.org\/pt-br\/resources\/raca-e-igualdade-comemora-a-ratificacao-da-convencao-interamericana-contra-o-racismo-pelo-estado-brasileiro\/","title":{"rendered":"Ra\u00e7a e Igualdade comemora a ratifica\u00e7\u00e3o da Conven\u00e7\u00e3o Interamericana contra o Racismo pelo Estado brasileiro"},"content":{"rendered":"<p style=\"text-align: justify;\">O Instituto Internacional sobre Ra\u00e7a, Igualdade e Direitos Humanos (Ra\u00e7a e Igualdade) parabeniza o Estado brasileiro pela ratifica\u00e7\u00e3o pelo Senado da Conven\u00e7\u00e3o Interamericana contra o Racismo, Discrimina\u00e7\u00e3o Racial e Formas Correlatas de Intoler\u00e2ncia [1] firmada pelos pa\u00edses membros da Organiza\u00e7\u00e3o dos Estados Americanos (OEA), na Guatemala, em 2013 [2]. Ademais, a ratifica\u00e7\u00e3o da Conven\u00e7\u00e3o tamb\u00e9m significa uma conquista do movimento negro brasileiro que vem participando do fortalecimento e da aprova\u00e7\u00e3o da Conven\u00e7\u00e3o desde o ano 2000. Desse modo, como um pa\u00eds signat\u00e1rio, o Brasil compromete-se a n\u00edvel internacional, a combater a intoler\u00e2ncia e o racismo, tendo assim, a oportunidade de romper com sua estrutura racista fundacional.<\/p>\n<p style=\"text-align: justify;\">Nesse sentido, uma vez ratificada, a Conven\u00e7\u00e3o ganha status de emenda constitucional, dando garantia para que leis infraconstitucionais possam ser contestadas, o que representa abertura de novos caminhos para o debate racial no pa\u00eds. Em mat\u00e9ria de direitos humanos, a possibilidade de mudan\u00e7as na legisla\u00e7\u00e3o interna \u00e9 de suma import\u00e2ncia para prevenir, eliminar e punir as viola\u00e7\u00f5es de cunhos racistas e discriminat\u00f3rios, provenientes de um contexto hist\u00f3rico no qual a popula\u00e7\u00e3o negra brasileira foi forjada atrav\u00e9s de pol\u00edticas de branqueamento e meritocr\u00e1ticas. Vale ressaltar que em seu artigo 5\u00ba, inciso 42, a Constitui\u00e7\u00e3o brasileira torna o racismo crime inafian\u00e7\u00e1vel e imprescrit\u00edvel e, em seu artigo 3\u00ba, inciso 4, repudia o preconceito e quaisquer outras formas de discrimina\u00e7\u00e3o.<\/p>\n<p style=\"text-align: justify;\">L\u00facia Xavier, Coordenadora Geral da ONG Criola, sa\u00fada a ratifica\u00e7\u00e3o deste acordo pelo Brasil, sobretudo porque se consolida como um instrumento fundamental para o movimento negro e de mulheres negras que est\u00e3o em constante luta contra os retrocessos, especialmente nesse momento da COVID19 no pa\u00eds. \u201cJustamente no momento em que os governos conservadores avan\u00e7am contra os direitos, a Conven\u00e7\u00e3o pode significar ter mais instrumentos e at\u00e9 mesmo vir a fortalecer o pr\u00f3prio sistema de direitos humanos regional. Ser\u00e1 um instrumento pol\u00edtico fundamental daqui para frente para o enfrentamento do racismo no Brasil e na regi\u00e3o\u201d, avalia.<\/p>\n<blockquote>\n<p style=\"text-align: justify;\"><strong>\u201cAo ser ratificado pelo Brasil e consolidado na nossa legisla\u00e7\u00e3o, potencializa o esfor\u00e7o que movimentos negros e de mulheres negras faz h\u00e1 anos para definitivamente erradicar o racismo. Sobretudo o racismo institucionalizado, aquele que n\u00e3o consta de leis, nem de regras nem de pol\u00edticas, mas \u00e9 implementado pelo Estado em todas as suas inst\u00e2ncias, todos os dias. Ent\u00e3o, a possibilidade de termos esse instrumento contra os ataques conservadores que o atual governo brasileiro faz \u00e0 popula\u00e7\u00e3o negra \u00e9 muito bom\u201d, L\u00facia Xavier, ONG Criola. <\/strong><\/p>\n<\/blockquote>\n<p style=\"text-align: justify;\">Para Carlos Quesada, Diretor Executivo de Ra\u00e7a e Igualdade, no Brasil h\u00e1 diversas formas de racismo, muitas vezes veladas, mas que diariamente s\u00e3o evidenciadas e comprovadas pelos altos n\u00edveis de viol\u00eancia, que s\u00e3o enfrentadas pela popula\u00e7\u00e3o negra no acesso desigual ao mercado de trabalho e \u00e0s pol\u00edticas p\u00fablicas habitacionais, de sa\u00fade e de educa\u00e7\u00e3o. <em>\u201cDadas as circunst\u00e2ncias hist\u00f3ricas brasileiras, a come\u00e7ar pelo fato de que o Brasil \u00e9 o pa\u00eds com mais afrodescendentes fora da \u00c1frica, cuja popula\u00e7\u00e3o negra enfrenta graves problemas discriminat\u00f3rios e de invisibilidade de direitos, a ratifica\u00e7\u00e3o do presente acordo consolida-se como mais uma possibilidade de repara\u00e7\u00e3o e de enfrentamento do racismo estrutural\u201d, <\/em>ressalta.<\/p>\n<p style=\"text-align: justify;\">Isto posto, \u00e9 importante mencionar que o racismo faz do povo negro brasileiro um constante n\u00famero estat\u00edstico do sistema carcer\u00e1rio, da pobreza e dos altos \u00edndices de suic\u00eddio, revelando assim, uma organiza\u00e7\u00e3o s\u00f3cio-jur\u00eddica-midi\u00e1tica estruturalmente e institucionalmente racista. Logo, o legado deste acordo tamb\u00e9m est\u00e1 em mover as estruturas que fundamentam os \u00f3rg\u00e3os de justi\u00e7a brasileiro e seus minist\u00e9rios, arraigadas em manuten\u00e7\u00e3o de privil\u00e9gios regidas por crit\u00e9rios excludentes e marginalizantes. Assim, a interven\u00e7\u00e3o do Estado atrav\u00e9s desta ratifica\u00e7\u00e3o, \u00e9 uma possibilidade de democratiza\u00e7\u00e3o dos direitos com a consolida\u00e7\u00e3o de pol\u00edticas de justi\u00e7a social.<\/p>\n<p style=\"text-align: justify;\">L\u00edvia Casseres, Defensora P\u00fablica do Estado do Rio de Janeiro, atuante na aprova\u00e7\u00e3o do acordo pelo Estado brasileiro, lembra que o Brasil foi uma lideran\u00e7a junto \u00e0 comunidade internacional para pactuar entre os pa\u00edses da OEA na constru\u00e7\u00e3o dessa Conven\u00e7\u00e3o. Para Casseres, \u00e9 um reconhecimento da luta hist\u00f3rica do movimento negro brasileiro, sendo um instrumento mais sofisticado e atual para o combate ao racismo. \u201c\u00c9 uma Conven\u00e7\u00e3o que ataca a discrimina\u00e7\u00e3o indireta e prev\u00ea a proibi\u00e7\u00e3o de pol\u00edticas p\u00fablicas com resultados racialmente discriminat\u00f3rios, como exemplo, temos as pol\u00edticas de seguran\u00e7a p\u00fablica\u201d, recorda.<\/p>\n<blockquote>\n<p style=\"text-align: justify;\"><strong>\u201cTemos pela primeira vez um diploma legal que tem a capacidade de enfrentar a complexidade do fen\u00f4meno do racismo. \u00c9 um grande ganho porque \u00e9 uma Conven\u00e7\u00e3o que tem instrumentos jur\u00eddicos muito mais sofisticados e refinados, capazes de dar conta das complexidades do racismo que a gente n\u00e3o conseguia enfrentar plenamente com o marco legal que havia antes da ratifica\u00e7\u00e3o desse acordo no Brasil\u201d. L\u00edvia Casseres, Defensoria P\u00fablica do Estado do Rio de Janeiro<\/strong>.<\/p>\n<\/blockquote>\n<p style=\"text-align: justify;\">Em vistas da publica\u00e7\u00e3o do acordo, Ra\u00e7a e Igualdade ressalta que para um efetivo combate ao racismo, a implementa\u00e7\u00e3o da Conven\u00e7\u00e3o deve acontecer em consulta com a sociedade civil. Em seu cap\u00edtulo IV, incisos 4 e 5, est\u00e1 previsto a nomea\u00e7\u00e3o de um perito por cada Estado Parte, com fun\u00e7\u00f5es independentes com a tarefa de monitorar os compromissos assumidos na Conven\u00e7\u00e3o. Al\u00e9m disso, ser\u00e1 criado um comit\u00ea para intercambiar ideias e experi\u00eancias e examinar o progresso alcan\u00e7ado pelos Estados Partes na sua implementa\u00e7\u00e3o [3]. Desse modo, a consulta \u00e0 sociedade civil \u00e9 um direito, reconhecimento e oportunidade de di\u00e1logo do Estado com diferentes setores da sociedade e, principalmente, com o movimento negro brasileiro, para que se elabore e se identifique os desafios no combate ao racismo.<\/p>\n<p style=\"text-align: justify;\">Diante desta nova conjuntura de possibilidades de combate ao racismo, Ra\u00e7a e Igualdade celebra o trabalho do movimento negro diante da luta pela aprova\u00e7\u00e3o e ratifica\u00e7\u00e3o desta Conven\u00e7\u00e3o e compromete-se em fortalecer e contribuir no avan\u00e7o da luta pelos direitos humanos e antirracista no Brasil. Reconhecemos a grande import\u00e2ncia deste acordo para a repara\u00e7\u00e3o da d\u00edvida social e da seguran\u00e7a da popula\u00e7\u00e3o negra que estruturalmente encontra-se em situa\u00e7\u00e3o de grande vulnerabilidade no pa\u00eds. Assim, recomendamos ao Estado brasileiro que:<\/p>\n<p style=\"text-align: justify;\">1 \u2013 Implemente as previs\u00f5es da Conven\u00e7\u00e3o Interamericana contra o Racismo, Discrimina\u00e7\u00e3o Racial e Formas Correlatas de Intoler\u00e2ncia em consulta com os diferentes setores da sociedade civil, e principalmente, em di\u00e1logo com o movimento negro brasileiro;<\/p>\n<p style=\"text-align: justify;\">2 \u2013 Defina estrat\u00e9gias de execu\u00e7\u00e3o para que os \u00f3rg\u00e3os normativos, executivos e judici\u00e1rios possam viabilizar a\u00e7\u00f5es de cumprimento imediato das medidas promulgadas pela Conven\u00e7\u00e3o;<\/p>\n<p style=\"text-align: justify;\">3 \u2013 Elabore pol\u00edticas p\u00fablicas que visem punir atos racistas e reparar o racismo estrutural com vistas a promo\u00e7\u00e3o e igualdade para que a popula\u00e7\u00e3o negra possa acessar pol\u00edticas afirmativas na \u00e1rea de sa\u00fade, trabalho, bem-estar, educa\u00e7\u00e3o e no sistema pol\u00edtico-eleitoral.<\/p>\n<p>&nbsp;<\/p>\n<p style=\"text-align: justify;\">[1] <a href=\"https:\/\/raceandequality.org\/443\">https:\/\/g1.globo.com\/politica\/noticia\/2021\/02\/10\/senado-aprova-projeto-que-ratifica-texto-da-convencao-interamericana-contra-o-racismo.ghtml<\/a><\/p>\n<p style=\"text-align: justify;\">[2] e [3] <a href=\"https:\/\/raceandequality.org\/444\">https:\/\/www.cut.org.br\/system\/uploads\/ck\/files\/interamericantreatiesA-68ConvencaoInteramericanaracismoPOR.pdf<\/a><\/p>\n<p style=\"text-align: justify;\">\n<p style=\"text-align: justify;\">\n<p>&nbsp;<\/p>\n<p>&nbsp;<\/p>\n","protected":false},"excerpt":{"rendered":"<p>O Instituto Internacional sobre Ra\u00e7a, Igualdade e Direitos Humanos (Ra\u00e7a e Igualdade) parabeniza o Estado brasileiro pela ratifica\u00e7\u00e3o pelo Senado da Conven\u00e7\u00e3o Interamericana contra o Racismo, Discrimina\u00e7\u00e3o Racial e Formas [&hellip;]<\/p>\n","protected":false},"author":8,"featured_media":13410,"parent":0,"menu_order":0,"template":"","format":"standard","categories":[],"resources_country":[1189],"resources_language":[],"resources_audience":[],"resources_format":[],"resources_topic":[1106,1117],"resources_year":[],"class_list":["post-13409","resources","type-resources","status-publish","format-standard","has-post-thumbnail","hentry","resources_country-brasil","resources_topic-oea-es","resources_topic-onu"],"acf":[],"aioseo_notices":[],"_links":{"self":[{"href":"https:\/\/raceandequality.org\/pt-br\/wp-json\/wp\/v2\/resources\/13409","targetHints":{"allow":["GET"]}}],"collection":[{"href":"https:\/\/raceandequality.org\/pt-br\/wp-json\/wp\/v2\/resources"}],"about":[{"href":"https:\/\/raceandequality.org\/pt-br\/wp-json\/wp\/v2\/types\/resources"}],"author":[{"embeddable":true,"href":"https:\/\/raceandequality.org\/pt-br\/wp-json\/wp\/v2\/users\/8"}],"wp:featuredmedia":[{"embeddable":true,"href":"https:\/\/raceandequality.org\/pt-br\/wp-json\/wp\/v2\/media\/13410"}],"wp:attachment":[{"href":"https:\/\/raceandequality.org\/pt-br\/wp-json\/wp\/v2\/media?parent=13409"}],"wp:term":[{"taxonomy":"category","embeddable":true,"href":"https:\/\/raceandequality.org\/pt-br\/wp-json\/wp\/v2\/categories?post=13409"},{"taxonomy":"resources_country","embeddable":true,"href":"https:\/\/raceandequality.org\/pt-br\/wp-json\/wp\/v2\/resources_country?post=13409"},{"taxonomy":"resources_language","embeddable":true,"href":"https:\/\/raceandequality.org\/pt-br\/wp-json\/wp\/v2\/resources_language?post=13409"},{"taxonomy":"resources_audience","embeddable":true,"href":"https:\/\/raceandequality.org\/pt-br\/wp-json\/wp\/v2\/resources_audience?post=13409"},{"taxonomy":"resources_format","embeddable":true,"href":"https:\/\/raceandequality.org\/pt-br\/wp-json\/wp\/v2\/resources_format?post=13409"},{"taxonomy":"resources_topic","embeddable":true,"href":"https:\/\/raceandequality.org\/pt-br\/wp-json\/wp\/v2\/resources_topic?post=13409"},{"taxonomy":"resources_year","embeddable":true,"href":"https:\/\/raceandequality.org\/pt-br\/wp-json\/wp\/v2\/resources_year?post=13409"}],"curies":[{"name":"wp","href":"https:\/\/api.w.org\/{rel}","templated":true}]}}

Raça e Igualdade comemora a ratificação da Convenção Interamericana contra o Racismo pelo Estado brasileiro

<p style="text-align: justify;">O Instituto Internacional sobre Raça, Igualdade e Direitos Humanos (Raça e Igualdade) parabeniza o Estado brasileiro pela ratificação pelo Senado da Convenção Interamericana contra o Racismo, Discriminação Racial e Formas Correlatas de Intolerância [1] firmada pelos países membros da Organização dos Estados Americanos (OEA), na Guatemala, em 2013 [2]. Ademais, a ratificação da Convenção também significa uma conquista do movimento negro brasileiro que vem participando do fortalecimento e da aprovação da Convenção desde o ano 2000. Desse modo, como um país signatário, o Brasil compromete-se a nível internacional, a combater a intolerância e o racismo, tendo assim, a oportunidade de romper com sua estrutura racista fundacional.</p>
<p style="text-align: justify;">Nesse sentido, uma vez ratificada, a Convenção ganha status de emenda constitucional, dando garantia para que leis infraconstitucionais possam ser contestadas, o que representa abertura de novos caminhos para o debate racial no país. Em matéria de direitos humanos, a possibilidade de mudanças na legislação interna é de suma importância para prevenir, eliminar e punir as violações de cunhos racistas e discriminatórios, provenientes de um contexto histórico no qual a população negra brasileira foi forjada através de políticas de branqueamento e meritocráticas. Vale ressaltar que em seu artigo 5º, inciso 42, a Constituição brasileira torna o racismo crime inafiançável e imprescritível e, em seu artigo 3º, inciso 4, repudia o preconceito e quaisquer outras formas de discriminação.</p>
<p style="text-align: justify;">Lúcia Xavier, Coordenadora Geral da ONG Criola, saúda a ratificação deste acordo pelo Brasil, sobretudo porque se consolida como um instrumento fundamental para o movimento negro e de mulheres negras que estão em constante luta contra os retrocessos, especialmente nesse momento da COVID19 no país. “Justamente no momento em que os governos conservadores avançam contra os direitos, a Convenção pode significar ter mais instrumentos e até mesmo vir a fortalecer o próprio sistema de direitos humanos regional. Será um instrumento político fundamental daqui para frente para o enfrentamento do racismo no Brasil e na região”, avalia.</p>
<blockquote>
<p style="text-align: justify;"><strong>“Ao ser ratificado pelo Brasil e consolidado na nossa legislação, potencializa o esforço que movimentos negros e de mulheres negras faz há anos para definitivamente erradicar o racismo. Sobretudo o racismo institucionalizado, aquele que não consta de leis, nem de regras nem de políticas, mas é implementado pelo Estado em todas as suas instâncias, todos os dias. Então, a possibilidade de termos esse instrumento contra os ataques conservadores que o atual governo brasileiro faz à população negra é muito bom”, Lúcia Xavier, ONG Criola. </strong></p>
</blockquote>
<p style="text-align: justify;">Para Carlos Quesada, Diretor Executivo de Raça e Igualdade, no Brasil há diversas formas de racismo, muitas vezes veladas, mas que diariamente são evidenciadas e comprovadas pelos altos níveis de violência, que são enfrentadas pela população negra no acesso desigual ao mercado de trabalho e às políticas públicas habitacionais, de saúde e de educação. <em>“Dadas as circunstâncias históricas brasileiras, a começar pelo fato de que o Brasil é o país com mais afrodescendentes fora da África, cuja população negra enfrenta graves problemas discriminatórios e de invisibilidade de direitos, a ratificação do presente acordo consolida-se como mais uma possibilidade de reparação e de enfrentamento do racismo estrutural”, </em>ressalta.</p>
<p style="text-align: justify;">Isto posto, é importante mencionar que o racismo faz do povo negro brasileiro um constante número estatístico do sistema carcerário, da pobreza e dos altos índices de suicídio, revelando assim, uma organização sócio-jurídica-midiática estruturalmente e institucionalmente racista. Logo, o legado deste acordo também está em mover as estruturas que fundamentam os órgãos de justiça brasileiro e seus ministérios, arraigadas em manutenção de privilégios regidas por critérios excludentes e marginalizantes. Assim, a intervenção do Estado através desta ratificação, é uma possibilidade de democratização dos direitos com a consolidação de políticas de justiça social.</p>
<p style="text-align: justify;">Lívia Casseres, Defensora Pública do Estado do Rio de Janeiro, atuante na aprovação do acordo pelo Estado brasileiro, lembra que o Brasil foi uma liderança junto à comunidade internacional para pactuar entre os países da OEA na construção dessa Convenção. Para Casseres, é um reconhecimento da luta histórica do movimento negro brasileiro, sendo um instrumento mais sofisticado e atual para o combate ao racismo. “É uma Convenção que ataca a discriminação indireta e prevê a proibição de políticas públicas com resultados racialmente discriminatórios, como exemplo, temos as políticas de segurança pública”, recorda.</p>
<blockquote>
<p style="text-align: justify;"><strong>“Temos pela primeira vez um diploma legal que tem a capacidade de enfrentar a complexidade do fenômeno do racismo. É um grande ganho porque é uma Convenção que tem instrumentos jurídicos muito mais sofisticados e refinados, capazes de dar conta das complexidades do racismo que a gente não conseguia enfrentar plenamente com o marco legal que havia antes da ratificação desse acordo no Brasil”. Lívia Casseres, Defensoria Pública do Estado do Rio de Janeiro</strong>.</p>
</blockquote>
<p style="text-align: justify;">Em vistas da publicação do acordo, Raça e Igualdade ressalta que para um efetivo combate ao racismo, a implementação da Convenção deve acontecer em consulta com a sociedade civil. Em seu capítulo IV, incisos 4 e 5, está previsto a nomeação de um perito por cada Estado Parte, com funções independentes com a tarefa de monitorar os compromissos assumidos na Convenção. Além disso, será criado um comitê para intercambiar ideias e experiências e examinar o progresso alcançado pelos Estados Partes na sua implementação [3]. Desse modo, a consulta à sociedade civil é um direito, reconhecimento e oportunidade de diálogo do Estado com diferentes setores da sociedade e, principalmente, com o movimento negro brasileiro, para que se elabore e se identifique os desafios no combate ao racismo.</p>
<p style="text-align: justify;">Diante desta nova conjuntura de possibilidades de combate ao racismo, Raça e Igualdade celebra o trabalho do movimento negro diante da luta pela aprovação e ratificação desta Convenção e compromete-se em fortalecer e contribuir no avanço da luta pelos direitos humanos e antirracista no Brasil. Reconhecemos a grande importância deste acordo para a reparação da dívida social e da segurança da população negra que estruturalmente encontra-se em situação de grande vulnerabilidade no país. Assim, recomendamos ao Estado brasileiro que:</p>
<p style="text-align: justify;">1 – Implemente as previsões da Convenção Interamericana contra o Racismo, Discriminação Racial e Formas Correlatas de Intolerância em consulta com os diferentes setores da sociedade civil, e principalmente, em diálogo com o movimento negro brasileiro;</p>
<p style="text-align: justify;">2 – Defina estratégias de execução para que os órgãos normativos, executivos e judiciários possam viabilizar ações de cumprimento imediato das medidas promulgadas pela Convenção;</p>
<p style="text-align: justify;">3 – Elabore políticas públicas que visem punir atos racistas e reparar o racismo estrutural com vistas a promoção e igualdade para que a população negra possa acessar políticas afirmativas na área de saúde, trabalho, bem-estar, educação e no sistema político-eleitoral.</p>
<p>&nbsp;</p>
<p style="text-align: justify;">[1] <a href="https://raceandequality.org/443">https://g1.globo.com/politica/noticia/2021/02/10/senado-aprova-projeto-que-ratifica-texto-da-convencao-interamericana-contra-o-racismo.ghtml</a></p>
<p style="text-align: justify;">[2] e [3] <a href="https://raceandequality.org/444">https://www.cut.org.br/system/uploads/ck/files/interamericantreatiesA-68ConvencaoInteramericanaracismoPOR.pdf</a></p>
<p style="text-align: justify;">
<p style="text-align: justify;">
<p>&nbsp;</p>
<p>&nbsp;</p>

<p>O Instituto Internacional sobre Raça, Igualdade e Direitos Humanos (Raça e Igualdade) parabeniza o Estado brasileiro pela ratificação pelo Senado da Convenção Interamericana contra o Racismo, Discriminação Racial e Formas [&hellip;]</p>
