{"id":13831,"date":"2021-10-01T16:12:13","date_gmt":"2021-10-01T16:12:13","guid":{"rendered":"http:\/\/race01.wp\/resources\/primeiro-relatorio-sobre-transmasculinidades-e-pessoas-nao-binarias-no-peru-um-passo-fundamental-para-o-reconhecimento-e-protecao-das-diversas-identidades-no-pais-e-na-regiao\/"},"modified":"2023-08-04T18:08:37","modified_gmt":"2023-08-04T18:08:37","slug":"primeiro-relatorio-sobre-transmasculinidades-e-pessoas-nao-binarias-no-peru-um-passo-fundamental-para-o-reconhecimento-e-protecao-das-diversas-identidades-no-pais-e-na-regiao","status":"publish","type":"resources","link":"https:\/\/raceandequality.org\/pt-br\/resources\/primeiro-relatorio-sobre-transmasculinidades-e-pessoas-nao-binarias-no-peru-um-passo-fundamental-para-o-reconhecimento-e-protecao-das-diversas-identidades-no-pais-e-na-regiao\/","title":{"rendered":"Primeiro relat\u00f3rio sobre transmasculinidades e pessoas n\u00e3o bin\u00e1rias no Peru: um passo fundamental para o reconhecimento e prote\u00e7\u00e3o das diversas identidades no pa\u00eds e na regi\u00e3o"},"content":{"rendered":"<p style=\"text-align: justify;\"><strong>Washington D.C., 29 de setembro de 2021 <\/strong>&#8211; Com o objetivo de contribuir para a promo\u00e7\u00e3o e prote\u00e7\u00e3o dos direitos das pessoas transmasculinas e de g\u00eanero n\u00e3o bin\u00e1rio no Peru, o Instituto sobre Ra\u00e7a, Igualdade e Direitos Humanos (Ra\u00e7a e Igualdade) lan\u00e7ou em 24 de setembro de 2021, o <a href=\"https:\/\/raceandequality.org\/550\"><strong>primeiro relat\u00f3rio<\/strong><\/a> que mostra a situa\u00e7\u00e3o dessa popula\u00e7\u00e3o no pa\u00eds com recomenda\u00e7\u00f5es ao Estado,\u00a0 \u00e0 Comiss\u00e3o Interamericana de Direitos Humanos (CIDH) e \u00e0s Na\u00e7\u00f5es Unidas visando a garantia dos seus direitos humanos.<\/p>\n<p style=\"text-align: justify;\">O relat\u00f3rio, intitulado <strong>&#8220;Corpos e Resist\u00eancias que TRANSgreden a pandemia: Transmasculinidades e pessoas de g\u00eanero n\u00e3o bin\u00e1rio no Peru&#8221;, <\/strong>foi lan\u00e7ado atrav\u00e9s de um <a href=\"https:\/\/raceandequality.org\/1259\"><strong>evento<\/strong><\/a> virtual, que contou com a participa\u00e7\u00e3o de representantes do movimento transmasculino e n\u00e3o-bin\u00e1rio no Peru \u2013 incluindo duas pessoas que fizeram o relat\u00f3rio \u2013 e do Especialista Independente das Na\u00e7\u00f5es Unidas sobre Orienta\u00e7\u00e3o Sexual e Identidade de G\u00eanero (IESOGI),\u00a0 Victor Madrigal-Borloz.<\/p>\n<p style=\"text-align: justify;\">&#8220;No Peru, os direitos das pessoas trans ainda n\u00e3o s\u00e3o reconhecidos, a come\u00e7ar pelas limita\u00e7\u00f5es dispon\u00edveis para acessar o direito \u00e0 identidade, o que significa que outros direitos fundamentais n\u00e3o podem ser acessados&#8221;, observou o Diretor Executivo de Ra\u00e7a e Igualdade, Carlos Quesada, que tamb\u00e9m afirmou que, <strong>ao falar sobre a popula\u00e7\u00e3o trans, geralmente pensamos apenas <\/strong>em mulheres trans, o que significa que as experi\u00eancias e demandas de pessoas transmasculinas e de g\u00eanero n\u00e3o bin\u00e1rio, n\u00e3o se refletem em pol\u00edticas p\u00fablicas e, em determinadas ocasi\u00f5es, n\u00e3o est\u00e3o presentes na agenda do movimento LGBTI+.<\/p>\n<p style=\"text-align: justify;\">Zuleika Rivera, Diretora do Programa LGBTI+ de Ra\u00e7a e Igualdade, declarou que com a realiza\u00e7\u00e3o deste relat\u00f3rio, buscou-se compreender qual \u00e9 a situa\u00e7\u00e3o da popula\u00e7\u00e3o transmasculina e de g\u00eanero n\u00e3o bin\u00e1rio no Peru, sendo uma das revela\u00e7\u00f5es mais importantes o fato de que <strong>a discrimina\u00e7\u00e3o e a viol\u00eancia enfrentadas por essa popula\u00e7\u00e3o come\u00e7a no n\u00facleo familiar,<\/strong>\u00a0\u00a0 algo que, segundo Rivera, \u00e9 determinado pela falta de informa\u00e7\u00e3o e pelo estigma que predomina na sociedade em rela\u00e7\u00e3o \u00e0 pessoas com orienta\u00e7\u00e3o sexual e identidade de g\u00eanero diversas.<\/p>\n<p style=\"text-align: justify;\"><strong>A situa\u00e7\u00e3o<\/strong><\/p>\n<p style=\"text-align: justify;\">Ressalta-se que a realiza\u00e7\u00e3o deste relat\u00f3rio incluiu revis\u00e3o documental, processamento de dados sobre transmasculinidades e pessoas de g\u00eanero n\u00e3o bin\u00e1rio que participaram da primeira pesquisa para pessoas LGBTI+, realizada pelo Instituto Nacional de Estat\u00edstica (INEI) em 2017; uma entrevista virtual auto-aplicada\u00a0 que foi chamada de &#8220;<em>Situa\u00e7\u00e3o de <\/em><em>transmasculinos, homens<\/em> <em>trans, \u00a0transmasculines trans n\u00e3o bin\u00e1rias e trans n\u00e3o bin\u00e1rie antes e durante a conjuntura do COVID-19 no Peru&#8221;, <\/em>al\u00e9m de \u00a0oito entrevistas semiestruturadas.<\/p>\n<p style=\"text-align: justify;\">A apresenta\u00e7\u00e3o do relat\u00f3rio ficou a cargo de <strong>Alithu Bazan Talavera, <\/strong>parte da equipe de pesquisa do relat\u00f3rio, ativista trans n\u00e3o bin\u00e1rie e pesquisador; e <strong>Santiago<\/strong> <strong>Balvin Guti\u00e9rrez, <\/strong>tamb\u00e9m integrante da equipe de pesquisa, ativista transmasculine n\u00e3o bin\u00e1rie e membre da organiza\u00e7\u00e3o <em>Rosa Rabiosa<\/em>. A terceira pessoa que comp\u00f5em a equipe de pesquisa \u00e9 a ativista, pesquisadora e professora <strong>Denisse Castillo Matos, <\/strong>que faz parte da organiza\u00e7\u00e3o <em>M\u00e1s Igualdad Per\u00fa<\/em>.<\/p>\n<p style=\"text-align: justify;\">Em sua apresenta\u00e7\u00e3o, Bazan Talavera mencionou que a maioria das pessoas entrevistadas (181) para a realiza\u00e7\u00e3o deste relat\u00f3rio relatou que come\u00e7aram a experimentar suas <strong>identidades a partir dos 22 anos, <\/strong>devido a pouca ou nenhuma informa\u00e7\u00e3o sobre o espectro trans e n\u00e3o bin\u00e1rio. A ativista e pesquisadora apontou que o n\u00e3o reconhecimento no ambiente familiar leva a uma s\u00e9rie de viola\u00e7\u00f5es e a uma exclus\u00e3o sistem\u00e1tica de pessoas transmasculinas e de g\u00eanero n\u00e3o bin\u00e1rio.<\/p>\n<p style=\"text-align: justify;\">Balvin Guti\u00e9rrez incluiu em sua apresenta\u00e7\u00e3o que, no caso de homens trans e transmasculinos, 85,44% possuem documentos de identidade nos quais o nome que os representa n\u00e3o aparece, e no caso de pessoas n\u00e3o bin\u00e1rias, essa situa\u00e7\u00e3o foi referida por 48,57%. Al\u00e9m disso, entre as duas popula\u00e7\u00f5es, 70% relataram dificuldades ao exercer seu direito de voto devido a essa particularidade em seus documentos de identidade e medo de sofrer viol\u00eancia.<\/p>\n<p style=\"text-align: justify;\"><strong>Significado do relat\u00f3rio<\/strong><\/p>\n<p style=\"text-align: justify;\">Enquanto isso, Bruno Montenegro, Coordenador Nacional da Fraternidade Transmasculina-Peru, descreveu o relat\u00f3rio como &#8220;hist\u00f3rico&#8221; e garantiu <strong>que contribuir\u00e1 para gerar grandes avan\u00e7os na luta da popula\u00e7\u00e3o transmasculina e de g\u00eanero n\u00e3o bin\u00e1rio.<\/strong>\u00a0 Montenegro afirmou ainda que todas as informa\u00e7\u00f5es e evid\u00eancias coletadas neste relat\u00f3rio servir\u00e3o para desmistificar a cren\u00e7a de que homens trans e pessoas transmasculinas t\u00eam privil\u00e9gios apenas por serem masculinos ou por se identificarem com a masculinidade.<\/p>\n<p style=\"text-align: justify;\">&#8220;As transmasculinidades sofrem viol\u00eancia mesmo que nos identifiquemos com a masculinidade (&#8230;) Este relat\u00f3rio \u00e9 importante para desmistificar muito mais coisas sobre transmasculinidades e colocar nossas realidades na ordem do dia. Homens trans tamb\u00e9m abortam, homens trans tamb\u00e9m decidem gestar, homens trans tamb\u00e9m sofrem os chamados estupros corretivos&#8221;, enfatizou.<\/p>\n<p style=\"text-align: justify;\">O Especialista Independente das Na\u00e7\u00f5es Unidas sobre Orienta\u00e7\u00e3o Sexual e Identidade de G\u00eanero (IESOGI), V\u00edctor Madrigal-Borloz, destacou a relev\u00e2ncia e transcend\u00eancia do <strong>relat\u00f3rio.<\/strong>\u00a0 &#8220;Este relat\u00f3rio tem um impacto particular sobre o Peru, mas essas informa\u00e7\u00f5es tamb\u00e9m podem ser elevadas a uma teoria de trabalho \u00e0 n\u00edvel regional e global. Para mim tem sido realmente revelador em v\u00e1rios n\u00edveis, perspectivas e consci\u00eancias que n\u00e3o eram de todo vis\u00edveis no meu mandato&#8221;, afirmou.<\/p>\n<p style=\"text-align: justify;\">&#8220;H\u00e1 dados que, al\u00e9m disso, em sua profunda personaliza\u00e7\u00e3o nos chamam \u00e0 reflex\u00e3o; o testemunho \u00e9 de grande valor e este estudo \u00e9 extraordin\u00e1rio nesse sentido&#8221;, acrescentou Madrigal-Borloz.<\/p>\n<p style=\"text-align: justify;\"><strong>\u00a0Recomenda\u00e7\u00f5es<\/strong><\/p>\n<p style=\"text-align: justify;\">O relat\u00f3rio &#8220;Corpos e Resist\u00eancias que TRANSgreden a pandemia: Transmasculinidades e pessoas de g\u00eanero n\u00e3o bin\u00e1rio no Peru&#8221; cont\u00e9m recomenda\u00e7\u00f5es ao Estado, \u00e0 CIDH e \u00e0 ONU, com o objetivo de contribuir para a ado\u00e7\u00e3o de pol\u00edticas p\u00fablicas e\/ou medidas em favor dos direitos humanos das pessoas transasmasculinas e de g\u00eanero n\u00e3o bin\u00e1rio.\u00a0 No caso do Estado, recomenda-se a <strong>aprova\u00e7\u00e3o urgente de uma Lei de Identidade de G\u00eanero.<\/strong><\/p>\n<p style=\"text-align: justify;\">Em rela\u00e7\u00e3o \u00e0 CIDH, uma das recomenda\u00e7\u00f5es \u00e9 que a entidade crie di\u00e1logos com organiza\u00e7\u00f5es da<strong> sociedade civil e ativistas independentes<\/strong> relacionados \u00e0 popula\u00e7\u00e3o transmasculinas e de pessoas de g\u00eanero n\u00e3o bin\u00e1rio; enquanto \u00e0 ONU recomenda-se que o Especialista Independente em Orienta\u00e7\u00e3o Sexual e Identidade de G\u00eanero (IESOGI) fa\u00e7a uma visita oficial <strong>ao Peru<\/strong> e publique um relat\u00f3rio com recomenda\u00e7\u00f5es espec\u00edficas para para a prote\u00e7\u00e3o dessa popula\u00e7\u00e3o.<\/p>\n<p style=\"text-align: justify;\"><strong>Acesse e baixe o relat\u00f3rio em espanhol: <a href=\"https:\/\/raceandequality.org\/550\">https:\/\/bit.ly\/3uxtklx<\/a>\u00a0<\/strong><\/p>\n<p style=\"text-align: justify;\"><strong>Resumo Executivo em Ingl\u00eas: <a href=\"https:\/\/raceandequality.org\/552\">https:\/\/bit.ly\/3o5oZ7S<\/a><\/strong><\/p>\n","protected":false},"excerpt":{"rendered":"<p>Washington D.C., 29 de setembro de 2021 &#8211; Com o objetivo de contribuir para a promo\u00e7\u00e3o e prote\u00e7\u00e3o dos direitos das pessoas transmasculinas e de g\u00eanero n\u00e3o bin\u00e1rio no Peru, [&hellip;]<\/p>\n","protected":false},"author":8,"featured_media":10783,"parent":0,"menu_order":0,"template":"","format":"standard","categories":[],"resources_country":[],"resources_language":[],"resources_audience":[],"resources_format":[],"resources_topic":[],"resources_year":[],"class_list":["post-13831","resources","type-resources","status-publish","format-standard","has-post-thumbnail","hentry"],"acf":[],"aioseo_notices":[],"_links":{"self":[{"href":"https:\/\/raceandequality.org\/pt-br\/wp-json\/wp\/v2\/resources\/13831","targetHints":{"allow":["GET"]}}],"collection":[{"href":"https:\/\/raceandequality.org\/pt-br\/wp-json\/wp\/v2\/resources"}],"about":[{"href":"https:\/\/raceandequality.org\/pt-br\/wp-json\/wp\/v2\/types\/resources"}],"author":[{"embeddable":true,"href":"https:\/\/raceandequality.org\/pt-br\/wp-json\/wp\/v2\/users\/8"}],"wp:featuredmedia":[{"embeddable":true,"href":"https:\/\/raceandequality.org\/pt-br\/wp-json\/wp\/v2\/media\/10783"}],"wp:attachment":[{"href":"https:\/\/raceandequality.org\/pt-br\/wp-json\/wp\/v2\/media?parent=13831"}],"wp:term":[{"taxonomy":"category","embeddable":true,"href":"https:\/\/raceandequality.org\/pt-br\/wp-json\/wp\/v2\/categories?post=13831"},{"taxonomy":"resources_country","embeddable":true,"href":"https:\/\/raceandequality.org\/pt-br\/wp-json\/wp\/v2\/resources_country?post=13831"},{"taxonomy":"resources_language","embeddable":true,"href":"https:\/\/raceandequality.org\/pt-br\/wp-json\/wp\/v2\/resources_language?post=13831"},{"taxonomy":"resources_audience","embeddable":true,"href":"https:\/\/raceandequality.org\/pt-br\/wp-json\/wp\/v2\/resources_audience?post=13831"},{"taxonomy":"resources_format","embeddable":true,"href":"https:\/\/raceandequality.org\/pt-br\/wp-json\/wp\/v2\/resources_format?post=13831"},{"taxonomy":"resources_topic","embeddable":true,"href":"https:\/\/raceandequality.org\/pt-br\/wp-json\/wp\/v2\/resources_topic?post=13831"},{"taxonomy":"resources_year","embeddable":true,"href":"https:\/\/raceandequality.org\/pt-br\/wp-json\/wp\/v2\/resources_year?post=13831"}],"curies":[{"name":"wp","href":"https:\/\/api.w.org\/{rel}","templated":true}]}}

Primeiro relatório sobre transmasculinidades e pessoas não binárias no Peru: um passo fundamental para o reconhecimento e proteção das diversas identidades no país e na região

<p style="text-align: justify;"><strong>Washington D.C., 29 de setembro de 2021 </strong>&#8211; Com o objetivo de contribuir para a promoção e proteção dos direitos das pessoas transmasculinas e de gênero não binário no Peru, o Instituto sobre Raça, Igualdade e Direitos Humanos (Raça e Igualdade) lançou em 24 de setembro de 2021, o <a href="https://raceandequality.org/550"><strong>primeiro relatório</strong></a> que mostra a situação dessa população no país com recomendações ao Estado,  à Comissão Interamericana de Direitos Humanos (CIDH) e às Nações Unidas visando a garantia dos seus direitos humanos.</p>
<p style="text-align: justify;">O relatório, intitulado <strong>&#8220;Corpos e Resistências que TRANSgreden a pandemia: Transmasculinidades e pessoas de gênero não binário no Peru&#8221;, </strong>foi lançado através de um <a href="https://raceandequality.org/1259"><strong>evento</strong></a> virtual, que contou com a participação de representantes do movimento transmasculino e não-binário no Peru – incluindo duas pessoas que fizeram o relatório – e do Especialista Independente das Nações Unidas sobre Orientação Sexual e Identidade de Gênero (IESOGI),  Victor Madrigal-Borloz.</p>
<p style="text-align: justify;">&#8220;No Peru, os direitos das pessoas trans ainda não são reconhecidos, a começar pelas limitações disponíveis para acessar o direito à identidade, o que significa que outros direitos fundamentais não podem ser acessados&#8221;, observou o Diretor Executivo de Raça e Igualdade, Carlos Quesada, que também afirmou que, <strong>ao falar sobre a população trans, geralmente pensamos apenas </strong>em mulheres trans, o que significa que as experiências e demandas de pessoas transmasculinas e de gênero não binário, não se refletem em políticas públicas e, em determinadas ocasiões, não estão presentes na agenda do movimento LGBTI+.</p>
<p style="text-align: justify;">Zuleika Rivera, Diretora do Programa LGBTI+ de Raça e Igualdade, declarou que com a realização deste relatório, buscou-se compreender qual é a situação da população transmasculina e de gênero não binário no Peru, sendo uma das revelações mais importantes o fato de que <strong>a discriminação e a violência enfrentadas por essa população começa no núcleo familiar,</strong>   algo que, segundo Rivera, é determinado pela falta de informação e pelo estigma que predomina na sociedade em relação à pessoas com orientação sexual e identidade de gênero diversas.</p>
<p style="text-align: justify;"><strong>A situação</strong></p>
<p style="text-align: justify;">Ressalta-se que a realização deste relatório incluiu revisão documental, processamento de dados sobre transmasculinidades e pessoas de gênero não binário que participaram da primeira pesquisa para pessoas LGBTI+, realizada pelo Instituto Nacional de Estatística (INEI) em 2017; uma entrevista virtual auto-aplicada  que foi chamada de &#8220;<em>Situação de </em><em>transmasculinos, homens</em> <em>trans,  transmasculines trans não binárias e trans não binárie antes e durante a conjuntura do COVID-19 no Peru&#8221;, </em>além de  oito entrevistas semiestruturadas.</p>
<p style="text-align: justify;">A apresentação do relatório ficou a cargo de <strong>Alithu Bazan Talavera, </strong>parte da equipe de pesquisa do relatório, ativista trans não binárie e pesquisador; e <strong>Santiago</strong> <strong>Balvin Gutiérrez, </strong>também integrante da equipe de pesquisa, ativista transmasculine não binárie e membre da organização <em>Rosa Rabiosa</em>. A terceira pessoa que compõem a equipe de pesquisa é a ativista, pesquisadora e professora <strong>Denisse Castillo Matos, </strong>que faz parte da organização <em>Más Igualdad Perú</em>.</p>
<p style="text-align: justify;">Em sua apresentação, Bazan Talavera mencionou que a maioria das pessoas entrevistadas (181) para a realização deste relatório relatou que começaram a experimentar suas <strong>identidades a partir dos 22 anos, </strong>devido a pouca ou nenhuma informação sobre o espectro trans e não binário. A ativista e pesquisadora apontou que o não reconhecimento no ambiente familiar leva a uma série de violações e a uma exclusão sistemática de pessoas transmasculinas e de gênero não binário.</p>
<p style="text-align: justify;">Balvin Gutiérrez incluiu em sua apresentação que, no caso de homens trans e transmasculinos, 85,44% possuem documentos de identidade nos quais o nome que os representa não aparece, e no caso de pessoas não binárias, essa situação foi referida por 48,57%. Além disso, entre as duas populações, 70% relataram dificuldades ao exercer seu direito de voto devido a essa particularidade em seus documentos de identidade e medo de sofrer violência.</p>
<p style="text-align: justify;"><strong>Significado do relatório</strong></p>
<p style="text-align: justify;">Enquanto isso, Bruno Montenegro, Coordenador Nacional da Fraternidade Transmasculina-Peru, descreveu o relatório como &#8220;histórico&#8221; e garantiu <strong>que contribuirá para gerar grandes avanços na luta da população transmasculina e de gênero não binário.</strong>  Montenegro afirmou ainda que todas as informações e evidências coletadas neste relatório servirão para desmistificar a crença de que homens trans e pessoas transmasculinas têm privilégios apenas por serem masculinos ou por se identificarem com a masculinidade.</p>
<p style="text-align: justify;">&#8220;As transmasculinidades sofrem violência mesmo que nos identifiquemos com a masculinidade (&#8230;) Este relatório é importante para desmistificar muito mais coisas sobre transmasculinidades e colocar nossas realidades na ordem do dia. Homens trans também abortam, homens trans também decidem gestar, homens trans também sofrem os chamados estupros corretivos&#8221;, enfatizou.</p>
<p style="text-align: justify;">O Especialista Independente das Nações Unidas sobre Orientação Sexual e Identidade de Gênero (IESOGI), Víctor Madrigal-Borloz, destacou a relevância e transcendência do <strong>relatório.</strong>  &#8220;Este relatório tem um impacto particular sobre o Peru, mas essas informações também podem ser elevadas a uma teoria de trabalho à nível regional e global. Para mim tem sido realmente revelador em vários níveis, perspectivas e consciências que não eram de todo visíveis no meu mandato&#8221;, afirmou.</p>
<p style="text-align: justify;">&#8220;Há dados que, além disso, em sua profunda personalização nos chamam à reflexão; o testemunho é de grande valor e este estudo é extraordinário nesse sentido&#8221;, acrescentou Madrigal-Borloz.</p>
<p style="text-align: justify;"><strong> Recomendações</strong></p>
<p style="text-align: justify;">O relatório &#8220;Corpos e Resistências que TRANSgreden a pandemia: Transmasculinidades e pessoas de gênero não binário no Peru&#8221; contém recomendações ao Estado, à CIDH e à ONU, com o objetivo de contribuir para a adoção de políticas públicas e/ou medidas em favor dos direitos humanos das pessoas transasmasculinas e de gênero não binário.  No caso do Estado, recomenda-se a <strong>aprovação urgente de uma Lei de Identidade de Gênero.</strong></p>
<p style="text-align: justify;">Em relação à CIDH, uma das recomendações é que a entidade crie diálogos com organizações da<strong> sociedade civil e ativistas independentes</strong> relacionados à população transmasculinas e de pessoas de gênero não binário; enquanto à ONU recomenda-se que o Especialista Independente em Orientação Sexual e Identidade de Gênero (IESOGI) faça uma visita oficial <strong>ao Peru</strong> e publique um relatório com recomendações específicas para para a proteção dessa população.</p>
<p style="text-align: justify;"><strong>Acesse e baixe o relatório em espanhol: <a href="https://raceandequality.org/550">https://bit.ly/3uxtklx</a> </strong></p>
<p style="text-align: justify;"><strong>Resumo Executivo em Inglês: <a href="https://raceandequality.org/552">https://bit.ly/3o5oZ7S</a></strong></p>

<p>Washington D.C., 29 de setembro de 2021 &#8211; Com o objetivo de contribuir para a promoção e proteção dos direitos das pessoas transmasculinas e de gênero não binário no Peru, [&hellip;]</p>
