{"id":13967,"date":"2021-11-30T17:32:08","date_gmt":"2021-11-30T17:32:08","guid":{"rendered":"http:\/\/race01.wp\/resources\/sociedade-civil-do-uruguai-debate-sobre-como-incidir-para-a-efetiva-implementacao-da-convencao-interamericana-contra-o-racismo\/"},"modified":"2023-08-04T18:15:23","modified_gmt":"2023-08-04T18:15:23","slug":"sociedade-civil-do-uruguai-debate-sobre-como-incidir-para-a-efetiva-implementacao-da-convencao-interamericana-contra-o-racismo","status":"publish","type":"resources","link":"https:\/\/raceandequality.org\/pt-br\/resources\/sociedade-civil-do-uruguai-debate-sobre-como-incidir-para-a-efetiva-implementacao-da-convencao-interamericana-contra-o-racismo\/","title":{"rendered":"Sociedade civil do Uruguai debate sobre como incidir para a efetiva implementa\u00e7\u00e3o da Conven\u00e7\u00e3o Interamericana contra o Racismo"},"content":{"rendered":"<p style=\"text-align: justify;\"><strong>Washington D.C., 29 de novembro de 2021 &#8211; <\/strong>No dia 24 de novembro, o Instituto Internacional sobre Ra\u00e7a, Igualdade e Direitos Humanos (Ra\u00e7a e Igualdade), realizou o semin\u00e1rio semipresencial <strong><a href=\"https:\/\/raceandequality.org\/1309\">Implementa\u00e7\u00e3o efetiva da CIRDI: Ferramentas para a defesa pol\u00edtica da sociedade civil no Uruguai<\/a>.<\/strong> Durante o evento, representantes de diferentes grupos populacionais junto \u00e0 autoridades nacionais e regionais, discutiram os diversos fatores para que a Conven\u00e7\u00e3o Interamericana contra o Racismo, Discrimina\u00e7\u00e3o Racial e Formas Correlatas de Intoler\u00e2ncia (CIRDI) se torne uma realidade no pa\u00eds, que ratificou esse instrumento em 2017.<\/p>\n<p style=\"text-align: justify;\">O semin\u00e1rio foi realizado nas instala\u00e7\u00f5es do Centro de Treinamento da Ag\u00eancia Espanhola de Coopera\u00e7\u00e3o para o Desenvolvimento Internacional (AECID), e contou com a presen\u00e7a de representantes da sociedade civil afro-uruguaia e ind\u00edgena, com destaque para o trabalho da ativista <strong>Noelia Maciel<\/strong>, representante da Coordena\u00e7\u00e3o Nacional Afro-Uruguaia. Ademais, participaram do debate: <strong>Javier D\u00edaz<\/strong>, da Unidade \u00c9tnico-Racial do Minist\u00e9rio das Rela\u00e7\u00f5es Exteriores do Uruguai; <strong>Claudia Barrientos<\/strong>, representante da OEA no Uruguai; e <strong>Elvia Duque<\/strong>, Diretora do Programa para Am\u00e9rica Latina de Ra\u00e7a e Igualdade, que apresentou a campanha e os progressos necess\u00e1rios para superar as lacunas de desigualdade e discrimina\u00e7\u00e3o racial na Am\u00e9rica Latina.<\/p>\n<p style=\"text-align: justify;\">Javier D\u00edaz, da Unidade \u00c9tnico-Racial do Minist\u00e9rio das Rela\u00e7\u00f5es Exteriores do Uruguai, ressaltou a import\u00e2ncia da campanha para os governos, visto que a Conven\u00e7\u00e3o <strong>eleva o conceito de racismo \u00e0 uma defini\u00e7\u00e3o jur\u00eddica<\/strong> para, a partir da\u00ed, tomar decis\u00f5es dentro do quadro normativo e legal. Claudia Barrientos, representante da OEA no Uruguai, enfatizou a import\u00e2ncia da CIRDI para os pa\u00edses da regi\u00e3o, indicando que &#8220;a elimina\u00e7\u00e3o do racismo \u00e9 um imperativo que n\u00e3o se pode esperar e que a CIRDI prop\u00f5e um \u00f3rg\u00e3o de prote\u00e7\u00e3o internacional mais pr\u00f3ximo do contexto local, respondendo \u00e0s realidades da regi\u00e3o&#8221;.<\/p>\n<p style=\"text-align: justify;\">A Diretora do Programa para Am\u00e9rica Latina de Ra\u00e7a e Igualdade, Elvia Duque, apresentou os detalhes da campanha e convidou os participantes para conhecerem e se apropriarem do <strong>conte\u00fado da CIRDI<\/strong>, a fim de viabilizar a implementa\u00e7\u00e3o da Conven\u00e7\u00e3o a partir do governo nacional e das organiza\u00e7\u00f5es da sociedade civil. Duque tomou conhecimento das recomenda\u00e7\u00f5es dadas pelos participantes e lembrou que, at\u00e9 agora, apenas Ant\u00edgua e Barbuda, Costa Rica, Uruguai, M\u00e9xico, Equador e Brasil ratificaram a CIRDI, e espera-se que mais pa\u00edses da regi\u00e3o se unam pela ratifica\u00e7\u00e3o, a fim de superar as pr\u00e1ticas racistas e discriminat\u00f3rias que est\u00e3o avan\u00e7ando nas Am\u00e9ricas.<\/p>\n<p style=\"text-align: justify;\">Ra\u00e7a e Igualdade continuar\u00e1 promovendo a CIRDI no Uruguai, com o qual busca promover a ratifica\u00e7\u00e3o e implementa\u00e7\u00e3o universal da Conven\u00e7\u00e3o Interamericana contra o Racismo, Discrimina\u00e7\u00e3o Racial e Formas Correlatas de Intoler\u00e2ncia <a href=\"https:\/\/raceandequality.org\/1311\"><strong>(CIRDI) at\u00e9 o ano 2024<\/strong><\/a>. Um trabalho que esperamos ser realizado em conjunto com ag\u00eancias governamentais e a sociedade civil, para ajudar sua efetiva implementa\u00e7\u00e3o e, assim, alcan\u00e7ar uma regi\u00e3o livre de discrimina\u00e7\u00e3o racial.<\/p>\n<p><iframe style=\"border: none; overflow: hidden;\" data-src=\"https:\/\/www.facebook.com\/plugins\/video.php?height=314&amp;href=https%3A%2F%2Fwww.facebook.com%2Fraceandequality%2Fvideos%2F1028157847764806%2F&amp;show_text=false&amp;width=560&amp;t=0\" width=\"560\" height=\"314\" frameborder=\"0\" scrolling=\"no\" allowfullscreen=\"allowfullscreen\" src=\"data:image\/svg+xml;base64,PHN2ZyB3aWR0aD0iMSIgaGVpZ2h0PSIxIiB4bWxucz0iaHR0cDovL3d3dy53My5vcmcvMjAwMC9zdmciPjwvc3ZnPg==\" class=\"lazyload\" data-load-mode=\"1\"><\/iframe><\/p>\n","protected":false},"excerpt":{"rendered":"<p>Washington D.C., 29 de novembro de 2021 &#8211; No dia 24 de novembro, o Instituto Internacional sobre Ra\u00e7a, Igualdade e Direitos Humanos (Ra\u00e7a e Igualdade), realizou o semin\u00e1rio semipresencial Implementa\u00e7\u00e3o [&hellip;]<\/p>\n","protected":false},"author":8,"featured_media":13964,"parent":0,"menu_order":0,"template":"","format":"standard","categories":[],"resources_country":[],"resources_language":[],"resources_audience":[],"resources_format":[],"resources_topic":[],"resources_year":[],"class_list":["post-13967","resources","type-resources","status-publish","format-standard","has-post-thumbnail","hentry"],"acf":[],"aioseo_notices":[],"_links":{"self":[{"href":"https:\/\/raceandequality.org\/pt-br\/wp-json\/wp\/v2\/resources\/13967","targetHints":{"allow":["GET"]}}],"collection":[{"href":"https:\/\/raceandequality.org\/pt-br\/wp-json\/wp\/v2\/resources"}],"about":[{"href":"https:\/\/raceandequality.org\/pt-br\/wp-json\/wp\/v2\/types\/resources"}],"author":[{"embeddable":true,"href":"https:\/\/raceandequality.org\/pt-br\/wp-json\/wp\/v2\/users\/8"}],"wp:featuredmedia":[{"embeddable":true,"href":"https:\/\/raceandequality.org\/pt-br\/wp-json\/wp\/v2\/media\/13964"}],"wp:attachment":[{"href":"https:\/\/raceandequality.org\/pt-br\/wp-json\/wp\/v2\/media?parent=13967"}],"wp:term":[{"taxonomy":"category","embeddable":true,"href":"https:\/\/raceandequality.org\/pt-br\/wp-json\/wp\/v2\/categories?post=13967"},{"taxonomy":"resources_country","embeddable":true,"href":"https:\/\/raceandequality.org\/pt-br\/wp-json\/wp\/v2\/resources_country?post=13967"},{"taxonomy":"resources_language","embeddable":true,"href":"https:\/\/raceandequality.org\/pt-br\/wp-json\/wp\/v2\/resources_language?post=13967"},{"taxonomy":"resources_audience","embeddable":true,"href":"https:\/\/raceandequality.org\/pt-br\/wp-json\/wp\/v2\/resources_audience?post=13967"},{"taxonomy":"resources_format","embeddable":true,"href":"https:\/\/raceandequality.org\/pt-br\/wp-json\/wp\/v2\/resources_format?post=13967"},{"taxonomy":"resources_topic","embeddable":true,"href":"https:\/\/raceandequality.org\/pt-br\/wp-json\/wp\/v2\/resources_topic?post=13967"},{"taxonomy":"resources_year","embeddable":true,"href":"https:\/\/raceandequality.org\/pt-br\/wp-json\/wp\/v2\/resources_year?post=13967"}],"curies":[{"name":"wp","href":"https:\/\/api.w.org\/{rel}","templated":true}]}}

Sociedade civil do Uruguai debate sobre como incidir para a efetiva implementação da Convenção Interamericana contra o Racismo

<p style="text-align: justify;"><strong>Washington D.C., 29 de novembro de 2021 &#8211; </strong>No dia 24 de novembro, o Instituto Internacional sobre Raça, Igualdade e Direitos Humanos (Raça e Igualdade), realizou o seminário semipresencial <strong><a href="https://raceandequality.org/1309">Implementação efetiva da CIRDI: Ferramentas para a defesa política da sociedade civil no Uruguai</a>.</strong> Durante o evento, representantes de diferentes grupos populacionais junto à autoridades nacionais e regionais, discutiram os diversos fatores para que a Convenção Interamericana contra o Racismo, Discriminação Racial e Formas Correlatas de Intolerância (CIRDI) se torne uma realidade no país, que ratificou esse instrumento em 2017.</p>
<p style="text-align: justify;">O seminário foi realizado nas instalações do Centro de Treinamento da Agência Espanhola de Cooperação para o Desenvolvimento Internacional (AECID), e contou com a presença de representantes da sociedade civil afro-uruguaia e indígena, com destaque para o trabalho da ativista <strong>Noelia Maciel</strong>, representante da Coordenação Nacional Afro-Uruguaia. Ademais, participaram do debate: <strong>Javier Díaz</strong>, da Unidade Étnico-Racial do Ministério das Relações Exteriores do Uruguai; <strong>Claudia Barrientos</strong>, representante da OEA no Uruguai; e <strong>Elvia Duque</strong>, Diretora do Programa para América Latina de Raça e Igualdade, que apresentou a campanha e os progressos necessários para superar as lacunas de desigualdade e discriminação racial na América Latina.</p>
<p style="text-align: justify;">Javier Díaz, da Unidade Étnico-Racial do Ministério das Relações Exteriores do Uruguai, ressaltou a importância da campanha para os governos, visto que a Convenção <strong>eleva o conceito de racismo à uma definição jurídica</strong> para, a partir daí, tomar decisões dentro do quadro normativo e legal. Claudia Barrientos, representante da OEA no Uruguai, enfatizou a importância da CIRDI para os países da região, indicando que &#8220;a eliminação do racismo é um imperativo que não se pode esperar e que a CIRDI propõe um órgão de proteção internacional mais próximo do contexto local, respondendo às realidades da região&#8221;.</p>
<p style="text-align: justify;">A Diretora do Programa para América Latina de Raça e Igualdade, Elvia Duque, apresentou os detalhes da campanha e convidou os participantes para conhecerem e se apropriarem do <strong>conteúdo da CIRDI</strong>, a fim de viabilizar a implementação da Convenção a partir do governo nacional e das organizações da sociedade civil. Duque tomou conhecimento das recomendações dadas pelos participantes e lembrou que, até agora, apenas Antígua e Barbuda, Costa Rica, Uruguai, México, Equador e Brasil ratificaram a CIRDI, e espera-se que mais países da região se unam pela ratificação, a fim de superar as práticas racistas e discriminatórias que estão avançando nas Américas.</p>
<p style="text-align: justify;">Raça e Igualdade continuará promovendo a CIRDI no Uruguai, com o qual busca promover a ratificação e implementação universal da Convenção Interamericana contra o Racismo, Discriminação Racial e Formas Correlatas de Intolerância <a href="https://raceandequality.org/1311"><strong>(CIRDI) até o ano 2024</strong></a>. Um trabalho que esperamos ser realizado em conjunto com agências governamentais e a sociedade civil, para ajudar sua efetiva implementação e, assim, alcançar uma região livre de discriminação racial.</p>
<p><iframe style="border: none; overflow: hidden;" data-src="https://www.facebook.com/plugins/video.php?height=314&amp;href=https%3A%2F%2Fwww.facebook.com%2Fraceandequality%2Fvideos%2F1028157847764806%2F&amp;show_text=false&amp;width=560&amp;t=0" width="560" height="314" frameborder="0" scrolling="no" allowfullscreen="allowfullscreen" src="data:image/svg+xml;base64,PHN2ZyB3aWR0aD0iMSIgaGVpZ2h0PSIxIiB4bWxucz0iaHR0cDovL3d3dy53My5vcmcvMjAwMC9zdmciPjwvc3ZnPg==" class="lazyload" data-load-mode="1"></iframe></p>

<p>Washington D.C., 29 de novembro de 2021 &#8211; No dia 24 de novembro, o Instituto Internacional sobre Raça, Igualdade e Direitos Humanos (Raça e Igualdade), realizou o seminário semipresencial Implementação [&hellip;]</p>
