{"id":14361,"date":"2022-07-08T18:25:19","date_gmt":"2022-07-08T18:25:19","guid":{"rendered":"http:\/\/race01.wp\/resources\/onu-renova-mandato-crucial-de-direitos-humanos-do-especialista-sobre-orientacao-sexual-e-identidade-de-genero\/"},"modified":"2023-08-04T18:08:33","modified_gmt":"2023-08-04T18:08:33","slug":"onu-renova-mandato-crucial-de-direitos-humanos-do-especialista-sobre-orientacao-sexual-e-identidade-de-genero","status":"publish","type":"resources","link":"https:\/\/raceandequality.org\/pt-br\/resources\/onu-renova-mandato-crucial-de-direitos-humanos-do-especialista-sobre-orientacao-sexual-e-identidade-de-genero\/","title":{"rendered":"ONU renova mandato crucial de direitos humanos do especialista sobre orienta\u00e7\u00e3o sexual e identidade de g\u00eanero"},"content":{"rendered":"<h4><em><span style=\"font-weight: 400;\">O Conselho de Direitos Humanos da ONU reafirma mais uma vez seu compromisso de combater a discrimina\u00e7\u00e3o e a viol\u00eancia com base em OSIG, e lembra a todos os Estados suas obriga\u00e7\u00f5es para com os LGBT e as pessoas com g\u00eaneros diversos.<\/span><\/em><\/h4>\n<p style=\"text-align: justify;\"><span style=\"font-weight: 400;\">(Genebra, 7 de julho de 2022) &#8211; O Conselho de Direitos Humanos das Na\u00e7\u00f5es Unidas adotou uma resolu\u00e7\u00e3o para renovar o mandato do especialista independente em prote\u00e7\u00e3o contra a viol\u00eancia e a discrimina\u00e7\u00e3o com base na orienta\u00e7\u00e3o sexual e identidade de g\u00eanero (OSIG) por mais tr\u00eas anos. Em uma vota\u00e7\u00e3o cr\u00edtica, a resolu\u00e7\u00e3o foi adotada por um voto a favor da 23, com o voto contra da 17 e a absten\u00e7\u00e3o da 7.<\/span><\/p>\n<p style=\"text-align: justify;\"><span style=\"font-weight: 400;\">As 1256 organiza\u00e7\u00f5es n\u00e3o governamentais dos 149 Estados e territ\u00f3rios de todas as regi\u00f5es apoiaram uma campanha para renovar o mandato.<\/span><\/p>\n<p style=\"text-align: justify;\"><span style=\"font-weight: 400;\">A vota\u00e7\u00e3o de hoje foi a primeira vez que o Conselho de Direitos Humanos adoptou uma resolu\u00e7\u00e3o condenando explicitamente a legisla\u00e7\u00e3o que criminaliza condutas consensuais do mesmo sexo e identidades de g\u00e9nero diversas, e apelou aos Estados para que alterassem a legisla\u00e7\u00e3o discriminat\u00f3ria e combatessem a viol\u00eancia com base na OSIG.\u00a0<\/span><\/p>\n<p style=\"text-align: justify;\"><span style=\"font-weight: 400;\">&#8220;Bilh\u00f5es de pessoas continuam a viver com leis e atitudes sociais que as colocam em perigo&#8221;, disse Manisha Dhakal da Blue Diamond Society no Nepal, em nome de uma coaliz\u00e3o global de organiza\u00e7\u00f5es da sociedade civil. &#8220;Reconhecendo que ainda h\u00e1 muito trabalho a ser feito, o Conselho mais uma vez reafirmou seu compromisso de combater a discrimina\u00e7\u00e3o e a viol\u00eancia com base em OSIG, lembrando a todos os Estados suas obriga\u00e7\u00f5es para com essas comunidades&#8221;.<\/span><\/p>\n<p style=\"text-align: justify;\"><span style=\"font-weight: 400;\">&#8220;A exist\u00eancia de um mecanismo espec\u00edfico de direitos humanos da ONU sobre viol\u00eancia e discrimina\u00e7\u00e3o com base em OSIG \u00e9 crucial para que nossas comunidades sejam ouvidas em n\u00edvel global&#8221;, acrescentou Carlos Idibouo da Fiert\u00e9 Afrique Francophone (FAF) na Cote d&#8217;Ivoire. &#8220;Se o mundo est\u00e1 verdadeiramente empenhado em n\u00e3o deixar ningu\u00e9m para tr\u00e1s, n\u00e3o pode se esquivar de enfrentar a viol\u00eancia e a discrimina\u00e7\u00e3o que enfrentamos. As leis que criminalizam nossas identidades e a\u00e7\u00f5es s\u00e3o injustas e n\u00e3o devem mais ser toleradas&#8221;.<\/span><\/p>\n<p style=\"text-align: justify;\"><span style=\"font-weight: 400;\">Criado em 2016, e renovado pela primeira vez em 2019, o Especialista Independente tem sido apoiado por um n\u00famero crescente de Estados de todas as regi\u00f5es. A resolu\u00e7\u00e3o de criar e renovar o mandato foi apresentada por um Grupo Central de sete pa\u00edses latino-americanos &#8211; Argentina, Brasil, Chile, Col\u00f4mbia, Costa Rica, M\u00e9xico e Uruguai &#8211; e foi co-patrocinado por 60 pa\u00edses de todas as regi\u00f5es.\u00a0<\/span><\/p>\n<p style=\"text-align: justify;\"><span style=\"font-weight: 400;\">&#8220;Tendo assegurado uma renova\u00e7\u00e3o por mais tr\u00eas anos, este mandato agora continuar\u00e1 a apoiar iniciativas em pa\u00edses de todo o mundo garantindo que as pessoas LGBT e de g\u00eanero diverso vivam livres de desigualdade, e para ampliar suas vozes e testemunhos em f\u00f3runs internacionais de direitos humanos&#8221;, acrescentou Aleh Ord\u00f3\u00f1ez Rodr\u00edguez de Ledeser no M\u00e9xico.<\/span><\/p>\n<p style=\"text-align: justify;\"><span style=\"font-weight: 400;\">N\u00e3o s\u00f3 o processo de renova\u00e7\u00e3o superou com sucesso 12 das 13 altera\u00e7\u00f5es hostis, como tamb\u00e9m o n\u00facleo da resolu\u00e7\u00e3o que afirma a natureza universal do direito internacional dos direitos humanos se mant\u00e9m firme.<\/span><\/p>\n<p style=\"text-align: justify;\"><span style=\"font-weight: 400;\">O Especialista Independente avalia a implementa\u00e7\u00e3o da lei internacional de direitos humanos, conversando com os Estados e trabalhando em colabora\u00e7\u00e3o com outros mecanismos da ONU e regionais para enfrentar a viol\u00eancia e a discrimina\u00e7\u00e3o. Desde 2016 o mundo tem ouvido mais sobre o impacto da criminaliza\u00e7\u00e3o das rela\u00e7\u00f5es entre adultos do mesmo sexo, a necessidade de reconhecer legalmente o sexo de uma pessoa, as barreiras \u00e0 inclus\u00e3o social e a import\u00e2ncia da coleta de dados relacionados \u00e0s vidas LGBT, os danos causados pela chamada &#8220;terapia de convers\u00e3o&#8221;, e muito mais. O especialista tamb\u00e9m lan\u00e7ou uma luz sobre boas pr\u00e1ticas para prevenir a discrimina\u00e7\u00e3o, e recentemente conduziu visitas \u00e0 Argentina, Ge\u00f3rgia, Mo\u00e7ambique, Tun\u00edsia e Ucr\u00e2nia.<\/span><\/p>\n<p style=\"text-align: justify;\"><span style=\"font-weight: 400;\">Esperamos que todos os governos cooperem plenamente com o Especialista Independente neste importante trabalho de criar um mundo livre de viol\u00eancia e discrimina\u00e7\u00e3o para todas as pessoas, independentemente da orienta\u00e7\u00e3o sexual e identidade de g\u00eanero.<\/span><\/p>\n<p style=\"text-align: justify;\"><span style=\"font-weight: 400;\">** FIM **<\/span><span style=\"font-weight: 400;\">\u00a0<\/span><\/p>\n<p style=\"text-align: justify;\"><span style=\"font-weight: 400;\">Nota aos editores:<\/span><\/p>\n<ol style=\"text-align: justify;\">\n<li><span style=\"font-weight: 400;\">O especialista independente em prote\u00e7\u00e3o contra viol\u00eancia e discrimina\u00e7\u00e3o com base na orienta\u00e7\u00e3o sexual e identidade de g\u00eanero \u00e9 nomeado pelo Conselho de Direitos Humanos da ONU. O mandato foi estabelecido em 2016 e foi exercido por Vitit Muntarbhorn (2016-2017) da Tail\u00e2ndia, e V\u00edctor Madrigal-Borloz (2018-atualmente) da Costa Rica.<\/span><\/li>\n<\/ol>\n<ol style=\"text-align: justify;\" start=\"2\">\n<li><span style=\"font-weight: 400;\">O comunicado \u00e0 imprensa refere-se a &#8220;pessoas de diversas orienta\u00e7\u00f5es sexuais e identidades de g\u00eanero&#8221; ou a &#8220;LGBT&#8221; &#8211; ao inv\u00e9s de &#8220;LGBTI&#8221; &#8211; uma vez que o mandato \u00e9 especificamente encarregado de tratar de viola\u00e7\u00f5es de direitos humanos sobre orienta\u00e7\u00e3o sexual e identidade de g\u00eanero.<\/span><\/li>\n<\/ol>\n<p style=\"text-align: justify;\"><span style=\"font-weight: 400;\">\u00a0<\/span><\/p>\n","protected":false},"excerpt":{"rendered":"<p>O Conselho de Direitos Humanos da ONU reafirma mais uma vez seu compromisso de combater a discrimina\u00e7\u00e3o e a viol\u00eancia com base em OSIG, e lembra a todos os Estados [&hellip;]<\/p>\n","protected":false},"author":8,"featured_media":11037,"parent":0,"menu_order":0,"template":"","format":"standard","categories":[],"resources_country":[1190],"resources_language":[],"resources_audience":[],"resources_format":[],"resources_topic":[],"resources_year":[],"class_list":["post-14361","resources","type-resources","status-publish","format-standard","has-post-thumbnail","hentry","resources_country-brasil-pt-br"],"acf":[],"aioseo_notices":[],"_links":{"self":[{"href":"https:\/\/raceandequality.org\/pt-br\/wp-json\/wp\/v2\/resources\/14361","targetHints":{"allow":["GET"]}}],"collection":[{"href":"https:\/\/raceandequality.org\/pt-br\/wp-json\/wp\/v2\/resources"}],"about":[{"href":"https:\/\/raceandequality.org\/pt-br\/wp-json\/wp\/v2\/types\/resources"}],"author":[{"embeddable":true,"href":"https:\/\/raceandequality.org\/pt-br\/wp-json\/wp\/v2\/users\/8"}],"wp:featuredmedia":[{"embeddable":true,"href":"https:\/\/raceandequality.org\/pt-br\/wp-json\/wp\/v2\/media\/11037"}],"wp:attachment":[{"href":"https:\/\/raceandequality.org\/pt-br\/wp-json\/wp\/v2\/media?parent=14361"}],"wp:term":[{"taxonomy":"category","embeddable":true,"href":"https:\/\/raceandequality.org\/pt-br\/wp-json\/wp\/v2\/categories?post=14361"},{"taxonomy":"resources_country","embeddable":true,"href":"https:\/\/raceandequality.org\/pt-br\/wp-json\/wp\/v2\/resources_country?post=14361"},{"taxonomy":"resources_language","embeddable":true,"href":"https:\/\/raceandequality.org\/pt-br\/wp-json\/wp\/v2\/resources_language?post=14361"},{"taxonomy":"resources_audience","embeddable":true,"href":"https:\/\/raceandequality.org\/pt-br\/wp-json\/wp\/v2\/resources_audience?post=14361"},{"taxonomy":"resources_format","embeddable":true,"href":"https:\/\/raceandequality.org\/pt-br\/wp-json\/wp\/v2\/resources_format?post=14361"},{"taxonomy":"resources_topic","embeddable":true,"href":"https:\/\/raceandequality.org\/pt-br\/wp-json\/wp\/v2\/resources_topic?post=14361"},{"taxonomy":"resources_year","embeddable":true,"href":"https:\/\/raceandequality.org\/pt-br\/wp-json\/wp\/v2\/resources_year?post=14361"}],"curies":[{"name":"wp","href":"https:\/\/api.w.org\/{rel}","templated":true}]}}

ONU renova mandato crucial de direitos humanos do especialista sobre orientação sexual e identidade de gênero

<h4><em><span style="font-weight: 400;">O Conselho de Direitos Humanos da ONU reafirma mais uma vez seu compromisso de combater a discriminação e a violência com base em OSIG, e lembra a todos os Estados suas obrigações para com os LGBT e as pessoas com gêneros diversos.</span></em></h4>
<p style="text-align: justify;"><span style="font-weight: 400;">(Genebra, 7 de julho de 2022) &#8211; O Conselho de Direitos Humanos das Nações Unidas adotou uma resolução para renovar o mandato do especialista independente em proteção contra a violência e a discriminação com base na orientação sexual e identidade de gênero (OSIG) por mais três anos. Em uma votação crítica, a resolução foi adotada por um voto a favor da 23, com o voto contra da 17 e a abstenção da 7.</span></p>
<p style="text-align: justify;"><span style="font-weight: 400;">As 1256 organizações não governamentais dos 149 Estados e territórios de todas as regiões apoiaram uma campanha para renovar o mandato.</span></p>
<p style="text-align: justify;"><span style="font-weight: 400;">A votação de hoje foi a primeira vez que o Conselho de Direitos Humanos adoptou uma resolução condenando explicitamente a legislação que criminaliza condutas consensuais do mesmo sexo e identidades de género diversas, e apelou aos Estados para que alterassem a legislação discriminatória e combatessem a violência com base na OSIG. </span></p>
<p style="text-align: justify;"><span style="font-weight: 400;">&#8220;Bilhões de pessoas continuam a viver com leis e atitudes sociais que as colocam em perigo&#8221;, disse Manisha Dhakal da Blue Diamond Society no Nepal, em nome de uma coalizão global de organizações da sociedade civil. &#8220;Reconhecendo que ainda há muito trabalho a ser feito, o Conselho mais uma vez reafirmou seu compromisso de combater a discriminação e a violência com base em OSIG, lembrando a todos os Estados suas obrigações para com essas comunidades&#8221;.</span></p>
<p style="text-align: justify;"><span style="font-weight: 400;">&#8220;A existência de um mecanismo específico de direitos humanos da ONU sobre violência e discriminação com base em OSIG é crucial para que nossas comunidades sejam ouvidas em nível global&#8221;, acrescentou Carlos Idibouo da Fierté Afrique Francophone (FAF) na Cote d&#8217;Ivoire. &#8220;Se o mundo está verdadeiramente empenhado em não deixar ninguém para trás, não pode se esquivar de enfrentar a violência e a discriminação que enfrentamos. As leis que criminalizam nossas identidades e ações são injustas e não devem mais ser toleradas&#8221;.</span></p>
<p style="text-align: justify;"><span style="font-weight: 400;">Criado em 2016, e renovado pela primeira vez em 2019, o Especialista Independente tem sido apoiado por um número crescente de Estados de todas as regiões. A resolução de criar e renovar o mandato foi apresentada por um Grupo Central de sete países latino-americanos &#8211; Argentina, Brasil, Chile, Colômbia, Costa Rica, México e Uruguai &#8211; e foi co-patrocinado por 60 países de todas as regiões. </span></p>
<p style="text-align: justify;"><span style="font-weight: 400;">&#8220;Tendo assegurado uma renovação por mais três anos, este mandato agora continuará a apoiar iniciativas em países de todo o mundo garantindo que as pessoas LGBT e de gênero diverso vivam livres de desigualdade, e para ampliar suas vozes e testemunhos em fóruns internacionais de direitos humanos&#8221;, acrescentou Aleh Ordóñez Rodríguez de Ledeser no México.</span></p>
<p style="text-align: justify;"><span style="font-weight: 400;">Não só o processo de renovação superou com sucesso 12 das 13 alterações hostis, como também o núcleo da resolução que afirma a natureza universal do direito internacional dos direitos humanos se mantém firme.</span></p>
<p style="text-align: justify;"><span style="font-weight: 400;">O Especialista Independente avalia a implementação da lei internacional de direitos humanos, conversando com os Estados e trabalhando em colaboração com outros mecanismos da ONU e regionais para enfrentar a violência e a discriminação. Desde 2016 o mundo tem ouvido mais sobre o impacto da criminalização das relações entre adultos do mesmo sexo, a necessidade de reconhecer legalmente o sexo de uma pessoa, as barreiras à inclusão social e a importância da coleta de dados relacionados às vidas LGBT, os danos causados pela chamada &#8220;terapia de conversão&#8221;, e muito mais. O especialista também lançou uma luz sobre boas práticas para prevenir a discriminação, e recentemente conduziu visitas à Argentina, Geórgia, Moçambique, Tunísia e Ucrânia.</span></p>
<p style="text-align: justify;"><span style="font-weight: 400;">Esperamos que todos os governos cooperem plenamente com o Especialista Independente neste importante trabalho de criar um mundo livre de violência e discriminação para todas as pessoas, independentemente da orientação sexual e identidade de gênero.</span></p>
<p style="text-align: justify;"><span style="font-weight: 400;">** FIM **</span><span style="font-weight: 400;"> </span></p>
<p style="text-align: justify;"><span style="font-weight: 400;">Nota aos editores:</span></p>
<ol style="text-align: justify;">
<li><span style="font-weight: 400;">O especialista independente em proteção contra violência e discriminação com base na orientação sexual e identidade de gênero é nomeado pelo Conselho de Direitos Humanos da ONU. O mandato foi estabelecido em 2016 e foi exercido por Vitit Muntarbhorn (2016-2017) da Tailândia, e Víctor Madrigal-Borloz (2018-atualmente) da Costa Rica.</span></li>
</ol>
<ol style="text-align: justify;" start="2">
<li><span style="font-weight: 400;">O comunicado à imprensa refere-se a &#8220;pessoas de diversas orientações sexuais e identidades de gênero&#8221; ou a &#8220;LGBT&#8221; &#8211; ao invés de &#8220;LGBTI&#8221; &#8211; uma vez que o mandato é especificamente encarregado de tratar de violações de direitos humanos sobre orientação sexual e identidade de gênero.</span></li>
</ol>
<p style="text-align: justify;"><span style="font-weight: 400;"> </span></p>

<p>O Conselho de Direitos Humanos da ONU reafirma mais uma vez seu compromisso de combater a discriminação e a violência com base em OSIG, e lembra a todos os Estados [&hellip;]</p>
