{"id":17285,"date":"2023-08-11T18:33:42","date_gmt":"2023-08-11T18:33:42","guid":{"rendered":"https:\/\/racenadequapro.wpengine.com\/?post_type=resources&#038;p=17285"},"modified":"2023-08-11T18:38:10","modified_gmt":"2023-08-11T18:38:10","slug":"raca-e-igualdade-reconhece-o-papel-da-juventude-indigena-na-america-latina-e-no-caribe-como-agentes-de-mudanca-em-direcao-a-autodeterminacao","status":"publish","type":"resources","link":"https:\/\/raceandequality.org\/pt-br\/resources\/raca-e-igualdade-reconhece-o-papel-da-juventude-indigena-na-america-latina-e-no-caribe-como-agentes-de-mudanca-em-direcao-a-autodeterminacao\/","title":{"rendered":"Ra\u00e7a e Igualdade reconhece o papel da juventude ind\u00edgena na Am\u00e9rica Latina e no Caribe como agentes de mudan\u00e7a em dire\u00e7\u00e3o \u00e0 autodetermina\u00e7\u00e3o"},"content":{"rendered":"<p><b>Washington D.C., 9 de agosto de 2023 &#8211; <\/b><span style=\"font-weight: 400\">Na Am\u00e9rica Latina e no Caribe, h\u00e1 um contexto de viol\u00eancia generalizada em que persistem desafios importantes no reconhecimento e pleno gozo da autodetermina\u00e7\u00e3o e dos direitos correlatos. Diante disso, a <\/span><b>juventude ind\u00edgena, consciente de seu papel como agente de mudan\u00e7a, <\/b><span style=\"font-weight: 400\">promove processos de reivindica\u00e7\u00e3o e de incid\u00eancia pol\u00edtica para a defesa dos direitos humanos e promo\u00e7\u00e3o da justi\u00e7a, responsabiliza\u00e7\u00e3o e repara\u00e7\u00e3o.<\/span><\/p>\n<p><span style=\"font-weight: 400\">Neste<\/span><i><span style=\"font-weight: 400\"> Dia Internacional dos Povos Ind\u00edgenas<\/span><\/i><span style=\"font-weight: 400\">, o Instituto sobre Ra\u00e7a, Igualdade e Direitos Humanos (Ra\u00e7a e Igualdade) <\/span><b>se une ao chamado feito pelas Na\u00e7\u00f5es Unidas sob o lema <\/b><span style=\"font-weight: 400\">&#8220;Juventude ind\u00edgena, agentes de mudan\u00e7a para a autodetermina\u00e7\u00e3o&#8221;,<\/span> <span style=\"font-weight: 400\">que reconhece os esfor\u00e7os, mas tamb\u00e9m os desafios enfrentados pela juventude ind\u00edgena na regi\u00e3o perante a preserva\u00e7\u00e3o de suas terras, territ\u00f3rios, lugares sagrados e a revitaliz\u00e7\u00e3o de suas tradi\u00e7\u00f5es e manifesta\u00e7\u00f5es identit\u00e1rias.<\/span><\/p>\n<p><span style=\"font-weight: 400\">\u00a0<\/span><b>Contexto<\/b><\/p>\n<p><span style=\"font-weight: 400\">Estima-se que a Am\u00e9rica Latina e o Caribe abrigam aproximadamente 58 milh\u00f5es de pessoas pertencentes a 800 povos ind\u00edgenas, representando 9,8% da popula\u00e7\u00e3o regional. Em v\u00e1rios Estados da regi\u00e3o, h\u00e1<\/span><a href=\"https:\/\/www.oas.org\/es\/cidh\/informes\/pdfs\/LibreDeterminacionES.pdf\"> <span style=\"font-weight: 400\">lacunas significativas no cumprimento de marcos normativos e pol\u00edticos favor\u00e1veis aos direitos desses povos<\/span><\/a><span style=\"font-weight: 400\">, assim como de padr\u00f5es internacionais e interamericanos sobre os direitos dos povos ind\u00edgenas e tribais.<\/span><\/p>\n<p><span style=\"font-weight: 400\">A situa\u00e7\u00e3o de viol\u00eancia que enfrentam em decorr\u00eancia da presen\u00e7a e invas\u00e3o de suas terras por pessoas n\u00e3o ind\u00edgenas, sejam estas envolvidas com extra\u00e7\u00e3o de madeira, minera\u00e7\u00e3o, pecu\u00e1ria ou tr\u00e1fico de drogas; ou por situa\u00e7\u00f5es de conflito armado, que deixam consequ\u00eancias de grave risco e amea\u00e7a \u00e0 sobreviv\u00eancia f\u00edsica e cultural desses povos. Da mesma forma, ocorrem com frequ\u00eancia situa\u00e7\u00f5es de criminaliza\u00e7\u00e3o, estigmatiza\u00e7\u00e3o, amea\u00e7as contra lideran\u00e7as ind\u00edgenas e at\u00e9 assassinatos.<\/span><\/p>\n<p><b><i>Juventude ind\u00edgena, agentes de mudan\u00e7a do presente e do futuro<\/i><\/b><\/p>\n<p><span style=\"font-weight: 400\">H\u00e1 algumas d\u00e9cadas, o movimento ind\u00edgena latino-americano reconhece a gest\u00e3o de um movimento de sua pr\u00f3pria juventude, que se articula de forma regional e constr\u00f3i a\u00e7\u00f5es espec\u00edficas para o atendimento de suas demandas, entre as quais o reconhecimento de suas diversidades.<\/span><\/p>\n<p><span style=\"font-weight: 400\">Os jovens ind\u00edgenas t\u00eam uma abertura ao di\u00e1logo interseccional em suas comunidades, o que contribui para a valida\u00e7\u00e3o de suas identidades e compromisso com o legado de seus ancestrais. O fato de possu\u00edrem uma vis\u00e3o de mundo plural e interseccional, fortalece as estrat\u00e9gias de <\/span><i><span style=\"font-weight: 400\">advocacy <\/span><\/i><span style=\"font-weight: 400\">perante \u00f3rg\u00e3os de prote\u00e7\u00e3o dos direitos humanos, como o F\u00f3rum Permanente das Na\u00e7\u00f5es Unidas sobre Quest\u00f5es Ind\u00edgenas; No entanto, h\u00e1 tamb\u00e9m desafios a enfrentar como a segrega\u00e7\u00e3o et\u00e1ria, o desemprego, a discrimina\u00e7\u00e3o de identidade de g\u00eanero, as amea\u00e7as, entre outros.<\/span><span style=\"font-weight: 400\">\u00a0<\/span><\/p>\n<p><span style=\"font-weight: 400\">Para<\/span><b> Tha\u00eds Diakarap\u00f3<\/b><span style=\"font-weight: 400\">, lideran\u00e7a jovem do povo Dessana e Coordenadora do Departamento de Adolescentes e Juventude Ind\u00edgena da Rede Makira E&#8217;ta, o principal desafio da juventude ind\u00edgena \u00e9<\/span><i><span style=\"font-weight: 400\"> &#8220;ressignificar que a juventude n\u00e3o \u00e9 s\u00f3 o futuro, somos tamb\u00e9m agentes de transforma\u00e7\u00e3o do presente, do agora, e de que temos a capacidade de liderar e estar \u00e0 frente de nossas lutas com o desejo de realizar nossas demandas&#8221;.<\/span><\/i><\/p>\n<p><span style=\"font-weight: 400\">Diakarap\u00f3 reconhece que o trabalho da juventude &#8220;est\u00e1 sendo estruturado a cada dia e formando lideran\u00e7as dentro de sua rede de luta&#8221;, no entanto, suas demandas atuais, discuss\u00f5es e debates est\u00e3o sendo feitos apenas &#8220;<\/span><i><span style=\"font-weight: 400\">de jovens<\/span><\/i> <i><span style=\"font-weight: 400\">para jovens<\/span><\/i><span style=\"font-weight: 400\">&#8221; ind\u00edgenas, sendo de grande import\u00e2ncia que esses di\u00e1logos sejam tamb\u00e9m intergeracionais, com as autoridades e outros agentes de maior poder na implementa\u00e7\u00e3o de pol\u00edticas de transforma\u00e7\u00e3o.<\/span><\/p>\n<p><span style=\"font-weight: 400\">J\u00e1 da comunidade Muxhe, no istmo de Tehuantepec Oaxaca, no M\u00e9xico, Dayanna Gallegos Castillejos, <\/span><b>mulher trans e ativista<\/b><span style=\"font-weight: 400\">,\u00a0 considera que o maior desafio enfrentado pelos jovens ind\u00edgenas s\u00e3o os atos de discrimina\u00e7\u00e3o \u00e9tnica, principalmente quando pertencem a identidades de g\u00eanero ind\u00edgenas.\u00a0\u00a0<\/span><\/p>\n<p><span style=\"font-weight: 400\">&#8220;<\/span><i><span style=\"font-weight: 400\">A juventude ind\u00edgena precisa de visibilidade&#8230; Precisamos estar na agenda global para fortalecer a luta por nossas identidades ind\u00edgenas&#8221;,<\/span><\/i><span style=\"font-weight: 400\"> acrescenta.<\/span><span style=\"font-weight: 400\">\u00a0<\/span><\/p>\n<p><span style=\"font-weight: 400\">A partir de Ra\u00e7a e Igualdade, <\/span><b>reafirmamos nosso compromisso com a prote\u00e7\u00e3o e promo\u00e7\u00e3o dos direitos dos povos ind\u00edgenas. <\/b><span style=\"font-weight: 400\">Reconhecemos<\/span><b> o\u00a0 papel fundamental da juventude ind\u00edgena<\/b><span style=\"font-weight: 400\"> que\u00a0 levanta a voz na busca por justi\u00e7a para seus povos e cria conex\u00f5es intergeracionais para manter vivas suas culturas e tradi\u00e7\u00f5es, sem interfer\u00eancias externas.<\/span><\/p>\n<p><span style=\"font-weight: 400\">Instamos aos Estados para que implementem leis e pol\u00edticas que garantam o direito \u00e0 autodetermina\u00e7\u00e3o, \u00e0 autonomia e ao livre consentimento, pr\u00e9vio e informado; al\u00e9m de combater problemas estruturais, desigualdades hist\u00f3ricas, discrimina\u00e7\u00e3o e racismo, que colocam em risco o bem-estar social dos povos ind\u00edgenas.<\/span><\/p>\n","protected":false},"excerpt":{"rendered":"<p>Washington D.C., 9 de agosto de 2023 &#8211; Na Am\u00e9rica Latina e no Caribe, h\u00e1 um contexto de viol\u00eancia generalizada em que persistem desafios importantes no reconhecimento e pleno gozo [&hellip;]<\/p>\n","protected":false},"author":11,"featured_media":17286,"parent":0,"menu_order":0,"template":"","format":"standard","categories":[],"resources_country":[],"resources_language":[],"resources_audience":[],"resources_format":[],"resources_topic":[1101],"resources_year":[],"class_list":["post-17285","resources","type-resources","status-publish","format-standard","has-post-thumbnail","hentry","resources_topic-aldeias-indigenas"],"acf":[],"aioseo_notices":[],"_links":{"self":[{"href":"https:\/\/raceandequality.org\/pt-br\/wp-json\/wp\/v2\/resources\/17285","targetHints":{"allow":["GET"]}}],"collection":[{"href":"https:\/\/raceandequality.org\/pt-br\/wp-json\/wp\/v2\/resources"}],"about":[{"href":"https:\/\/raceandequality.org\/pt-br\/wp-json\/wp\/v2\/types\/resources"}],"author":[{"embeddable":true,"href":"https:\/\/raceandequality.org\/pt-br\/wp-json\/wp\/v2\/users\/11"}],"wp:featuredmedia":[{"embeddable":true,"href":"https:\/\/raceandequality.org\/pt-br\/wp-json\/wp\/v2\/media\/17286"}],"wp:attachment":[{"href":"https:\/\/raceandequality.org\/pt-br\/wp-json\/wp\/v2\/media?parent=17285"}],"wp:term":[{"taxonomy":"category","embeddable":true,"href":"https:\/\/raceandequality.org\/pt-br\/wp-json\/wp\/v2\/categories?post=17285"},{"taxonomy":"resources_country","embeddable":true,"href":"https:\/\/raceandequality.org\/pt-br\/wp-json\/wp\/v2\/resources_country?post=17285"},{"taxonomy":"resources_language","embeddable":true,"href":"https:\/\/raceandequality.org\/pt-br\/wp-json\/wp\/v2\/resources_language?post=17285"},{"taxonomy":"resources_audience","embeddable":true,"href":"https:\/\/raceandequality.org\/pt-br\/wp-json\/wp\/v2\/resources_audience?post=17285"},{"taxonomy":"resources_format","embeddable":true,"href":"https:\/\/raceandequality.org\/pt-br\/wp-json\/wp\/v2\/resources_format?post=17285"},{"taxonomy":"resources_topic","embeddable":true,"href":"https:\/\/raceandequality.org\/pt-br\/wp-json\/wp\/v2\/resources_topic?post=17285"},{"taxonomy":"resources_year","embeddable":true,"href":"https:\/\/raceandequality.org\/pt-br\/wp-json\/wp\/v2\/resources_year?post=17285"}],"curies":[{"name":"wp","href":"https:\/\/api.w.org\/{rel}","templated":true}]}}

Raça e Igualdade reconhece o papel da juventude indígena na América Latina e no Caribe como agentes de mudança em direção à autodeterminação

<p><b>Washington D.C., 9 de agosto de 2023 &#8211; </b><span style="font-weight: 400">Na América Latina e no Caribe, há um contexto de violência generalizada em que persistem desafios importantes no reconhecimento e pleno gozo da autodeterminação e dos direitos correlatos. Diante disso, a </span><b>juventude indígena, consciente de seu papel como agente de mudança, </b><span style="font-weight: 400">promove processos de reivindicação e de incidência política para a defesa dos direitos humanos e promoção da justiça, responsabilização e reparação.</span></p>
<p><span style="font-weight: 400">Neste</span><i><span style="font-weight: 400"> Dia Internacional dos Povos Indígenas</span></i><span style="font-weight: 400">, o Instituto sobre Raça, Igualdade e Direitos Humanos (Raça e Igualdade) </span><b>se une ao chamado feito pelas Nações Unidas sob o lema </b><span style="font-weight: 400">&#8220;Juventude indígena, agentes de mudança para a autodeterminação&#8221;,</span> <span style="font-weight: 400">que reconhece os esforços, mas também os desafios enfrentados pela juventude indígena na região perante a preservação de suas terras, territórios, lugares sagrados e a revitalizção de suas tradições e manifestações identitárias.</span></p>
<p><span style="font-weight: 400"> </span><b>Contexto</b></p>
<p><span style="font-weight: 400">Estima-se que a América Latina e o Caribe abrigam aproximadamente 58 milhões de pessoas pertencentes a 800 povos indígenas, representando 9,8% da população regional. Em vários Estados da região, há</span><a href="https://www.oas.org/es/cidh/informes/pdfs/LibreDeterminacionES.pdf"> <span style="font-weight: 400">lacunas significativas no cumprimento de marcos normativos e políticos favoráveis aos direitos desses povos</span></a><span style="font-weight: 400">, assim como de padrões internacionais e interamericanos sobre os direitos dos povos indígenas e tribais.</span></p>
<p><span style="font-weight: 400">A situação de violência que enfrentam em decorrência da presença e invasão de suas terras por pessoas não indígenas, sejam estas envolvidas com extração de madeira, mineração, pecuária ou tráfico de drogas; ou por situações de conflito armado, que deixam consequências de grave risco e ameaça à sobrevivência física e cultural desses povos. Da mesma forma, ocorrem com frequência situações de criminalização, estigmatização, ameaças contra lideranças indígenas e até assassinatos.</span></p>
<p><b><i>Juventude indígena, agentes de mudança do presente e do futuro</i></b></p>
<p><span style="font-weight: 400">Há algumas décadas, o movimento indígena latino-americano reconhece a gestão de um movimento de sua própria juventude, que se articula de forma regional e constrói ações específicas para o atendimento de suas demandas, entre as quais o reconhecimento de suas diversidades.</span></p>
<p><span style="font-weight: 400">Os jovens indígenas têm uma abertura ao diálogo interseccional em suas comunidades, o que contribui para a validação de suas identidades e compromisso com o legado de seus ancestrais. O fato de possuírem uma visão de mundo plural e interseccional, fortalece as estratégias de </span><i><span style="font-weight: 400">advocacy </span></i><span style="font-weight: 400">perante órgãos de proteção dos direitos humanos, como o Fórum Permanente das Nações Unidas sobre Questões Indígenas; No entanto, há também desafios a enfrentar como a segregação etária, o desemprego, a discriminação de identidade de gênero, as ameaças, entre outros.</span><span style="font-weight: 400"> </span></p>
<p><span style="font-weight: 400">Para</span><b> Thaís Diakarapó</b><span style="font-weight: 400">, liderança jovem do povo Dessana e Coordenadora do Departamento de Adolescentes e Juventude Indígena da Rede Makira E&#8217;ta, o principal desafio da juventude indígena é</span><i><span style="font-weight: 400"> &#8220;ressignificar que a juventude não é só o futuro, somos também agentes de transformação do presente, do agora, e de que temos a capacidade de liderar e estar à frente de nossas lutas com o desejo de realizar nossas demandas&#8221;.</span></i></p>
<p><span style="font-weight: 400">Diakarapó reconhece que o trabalho da juventude &#8220;está sendo estruturado a cada dia e formando lideranças dentro de sua rede de luta&#8221;, no entanto, suas demandas atuais, discussões e debates estão sendo feitos apenas &#8220;</span><i><span style="font-weight: 400">de jovens</span></i> <i><span style="font-weight: 400">para jovens</span></i><span style="font-weight: 400">&#8221; indígenas, sendo de grande importância que esses diálogos sejam também intergeracionais, com as autoridades e outros agentes de maior poder na implementação de políticas de transformação.</span></p>
<p><span style="font-weight: 400">Já da comunidade Muxhe, no istmo de Tehuantepec Oaxaca, no México, Dayanna Gallegos Castillejos, </span><b>mulher trans e ativista</b><span style="font-weight: 400">,  considera que o maior desafio enfrentado pelos jovens indígenas são os atos de discriminação étnica, principalmente quando pertencem a identidades de gênero indígenas.  </span></p>
<p><span style="font-weight: 400">&#8220;</span><i><span style="font-weight: 400">A juventude indígena precisa de visibilidade&#8230; Precisamos estar na agenda global para fortalecer a luta por nossas identidades indígenas&#8221;,</span></i><span style="font-weight: 400"> acrescenta.</span><span style="font-weight: 400"> </span></p>
<p><span style="font-weight: 400">A partir de Raça e Igualdade, </span><b>reafirmamos nosso compromisso com a proteção e promoção dos direitos dos povos indígenas. </b><span style="font-weight: 400">Reconhecemos</span><b> o  papel fundamental da juventude indígena</b><span style="font-weight: 400"> que  levanta a voz na busca por justiça para seus povos e cria conexões intergeracionais para manter vivas suas culturas e tradições, sem interferências externas.</span></p>
<p><span style="font-weight: 400">Instamos aos Estados para que implementem leis e políticas que garantam o direito à autodeterminação, à autonomia e ao livre consentimento, prévio e informado; além de combater problemas estruturais, desigualdades históricas, discriminação e racismo, que colocam em risco o bem-estar social dos povos indígenas.</span></p>

<p>Washington D.C., 9 de agosto de 2023 &#8211; Na América Latina e no Caribe, há um contexto de violência generalizada em que persistem desafios importantes no reconhecimento e pleno gozo [&hellip;]</p>
