{"id":18917,"date":"2024-08-30T15:49:30","date_gmt":"2024-08-30T15:49:30","guid":{"rendered":"https:\/\/raceandequality.org\/?post_type=resources&#038;p=18917"},"modified":"2024-08-30T18:17:35","modified_gmt":"2024-08-30T18:17:35","slug":"representacao-politica-pessoas-afrodescendentes-luta-contra-o-racismo-sistemico","status":"publish","type":"resources","link":"https:\/\/raceandequality.org\/pt-br\/resources\/representacao-politica-pessoas-afrodescendentes-luta-contra-o-racismo-sistemico\/","title":{"rendered":"Representa\u00e7\u00e3o pol\u00edtica das pessoas afrodescendentes, um passo fundamental na luta contra o racismo sist\u00eamico"},"content":{"rendered":"<p><strong>Washington, DC; 31 de agosto de 2024 <\/strong>&#8211; Promover os direitos humanos e as liberdades fundamentais das pessoas afrodescendentes, assim como combater o <a href=\"https:\/\/raceandequality.org\/pt-br\/resources\/o-combate-ao-racismo-e-a-discriminacao-racial-uma-tarefa-permanente-e-em-crescimento-de-raca-e-igualdade\/\"><strong>racismo sist\u00eamico<\/strong><\/a>, tamb\u00e9m implica enfrentar a crise de representa\u00e7\u00e3o pol\u00edtica e trabalhar por uma democracia mais inclusiva. Sob essa premissa, o Instituto sobre Ra\u00e7a, Igualdade e Direitos Humanos (Ra\u00e7a e Igualdade) comemora este <strong>Dia Internacional das Pessoas Afrodescendentes<\/strong>, exaltando seu direito \u00e0 participa\u00e7\u00e3o pol\u00edtica, especialmente das mulheres afrodescendentes. Para isso, neste artigo, vamos visibilizar as recomenda\u00e7\u00f5es de ativistas do Brasil, Chile, Col\u00f4mbia e Honduras.<\/p>\n<p>O Dia Internacional das Pessoas Afrodescendentes se prop\u00f5e a celebrar as contribui\u00e7\u00f5es da di\u00e1spora africana, em n\u00edvel global, e na erradica\u00e7\u00e3o de todas as formas de discrimina\u00e7\u00e3o contra as pessoas afrodescendentes. Esta efem\u00e9ride foi declarada por meio da <a href=\"https:\/\/raceandequality.org\/resources\/international-day-for-the-elimination-of-racial-discrimination-the-new-international-standards-on-the-rights-of-people-of-african-descent-and-racial-justice-and-the-inter-american-convention-against\/\"><strong>Resolu\u00e7\u00e3o 75\/170 das Na\u00e7\u00f5es Unidas<\/strong><\/a>, em 16 de dezembro de 2020, e promovida pela ent\u00e3o Vice-Presidente da Costa Rica, Epsy Campbell Barr, por meio da Miss\u00e3o Permanente da Costa Rica em Nova York.<\/p>\n<p>Defender o direito \u00e0 participa\u00e7\u00e3o pol\u00edtica das pessoas afrodescendentes n\u00e3o inclui apenas garantir seu acesso aos espa\u00e7os de poder, mas tamb\u00e9m combater a <a href=\"https:\/\/raceandequality.org\/pt-br\/resources\/visita-relatora-da-onu-sobre-racismo\/\"><strong>viol\u00eancia pol\u00edtica<\/strong><\/a> que atinge as pessoas afrodescendentes, especialmente as mulheres negras e LBT. Por isso, Ra\u00e7a e Igualdade destaca o trabalho de organiza\u00e7\u00f5es parceiras que lutam por uma democracia mais inclusiva e com maior representatividade da popula\u00e7\u00e3o afrodescendente. A participa\u00e7\u00e3o pol\u00edtica \u00e9, afinal, um direito humano inalien\u00e1vel.<\/p>\n<p><strong>Atribui\u00e7\u00e3o de cotas<\/strong><\/p>\n<p><strong>Lins Robalo<\/strong>, travesti, assistente social e ativista afrodescendente da <strong>Associa\u00e7\u00e3o Nacional de Travestis e Transexuais (ANTRA)<\/strong>, no Brasil, exp\u00f5es a import\u00e2ncia de os partidos pol\u00edticos atribu\u00edrem cotas para candidaturas de pessoas negras, o que ela acredita que deve andar de m\u00e3os dadas com a aloca\u00e7\u00e3o de recursos para promover suas candidaturas. &#8220;O racismo afeta diretamente a renda das pessoas negras. Com isso, os candidatos negros t\u00eam menos dinheiro para concorrer \u00e0s elei\u00e7\u00f5es, o que refor\u00e7a a desigualdade racial&#8221;, afirma.<\/p>\n<p>&#8220;Para melhorar a representa\u00e7\u00e3o pol\u00edtica das pessoas afrodescendentes, precisamos ter uma democracia parit\u00e1ria e intercultural&#8221;, afirma <strong>Milene Molina Arancibia<\/strong>, presidente da organiza\u00e7\u00e3o <strong>Coletiva de Mulheres Afrodescendentes de Luanda<\/strong>, do Chile. Para ela, a atribui\u00e7\u00e3o de cotas tamb\u00e9m deve ser no n\u00edvel de cargos no Poder Legislativo e em entidades p\u00fablicas a partir dos quais se possa influenciar para melhorar a vida da popula\u00e7\u00e3o.<\/p>\n<p>Para a proposta de garantir a representa\u00e7\u00e3o das pessoas afrodescendentes nas candidaturas e nas entidades p\u00fablicas, <strong>Bicky Boh\u00f3rquez<\/strong>, da organiza\u00e7\u00e3o <strong>Somos Identidade<\/strong>, da Col\u00f4mbia, acrescenta a responsabilidade da renova\u00e7\u00e3o geracional, como forma de dar espa\u00e7o aos jovens afrodescendentes que nutrem novas ideias tanto em seus coletivos quanto nos espa\u00e7os onde alcan\u00e7am representatividade. &#8220;Para que a diversidade que temos como popula\u00e7\u00e3o seja evidente&#8221;, diz.<\/p>\n<p>Por sua vez, <strong>Nedelka Lacayo<\/strong>, da <strong>Liga das Mulheres Negras de Honduras<\/strong> (ENMUEH \u2013 sigla em espanhol), destaca que, acima de tudo, os Estados devem oferecer garantias de democracia representativa e garantir que as pessoas afrodescendentes exer\u00e7am plenamente seus direitos de cidadania, com igualdade de oportunidades.<\/p>\n<p><strong>Muito al\u00e9m de ocupar cargos<\/strong><\/p>\n<p>O racismo sist\u00eamico se manifesta de m\u00faltiplas formas e, no caso da esfera pol\u00edtica, a ocupa\u00e7\u00e3o de cargos p\u00fablicos por pessoas afrodescendentes n\u00e3o \u00e9 suficiente para combat\u00ea-lo, pois deve ser acompanhado de <strong>processos de descoloniza\u00e7\u00e3o e conscientiza\u00e7\u00e3o<\/strong> para que as necessidades e demandas dessa popula\u00e7\u00e3o sejam levadas em considera\u00e7\u00e3o.<\/p>\n<p>O racismo e os legados do racismo existem na medida em que beneficiam uma parte da popula\u00e7\u00e3o e ajudam a construir o privil\u00e9gio branco. Em outras palavras, eles permitem que uma parte da popula\u00e7\u00e3o tenha acesso \u00e0 terra, \u00e0 educa\u00e7\u00e3o e contribuem para consolidar as diferen\u00e7as econ\u00f4micas e pol\u00edticas dentro de uma na\u00e7\u00e3o.<\/p>\n<p>&#8220;Quando se \u00e9 uma pessoa negra e trans, todo o conhecimento e hist\u00f3rico de trabalho ainda \u00e9 visto como de forma inferior se comparado a de uma pessoa branca e cisg\u00eanero, com os mesmos conhecimentos \u2013 ou com uma forma\u00e7\u00e3o ainda inferior. Por isso, \u00e9 necess\u00e1rio sempre oferecer oportunidades de capacita\u00e7\u00f5es direcionadas especificamente para pessoas negras e trans, para contribuir com o arsenal te\u00f3rico dos grupos minorit\u00e1rios&#8221;, afirma a ativista brasileira Lins Robalo.<\/p>\n<p>Para a ativista chilena Milene Molina Arancibia, enquanto as pessoas afrodescendentes n\u00e3o ocuparem espa\u00e7os de tomada de decis\u00e3o, continuar\u00e1 faltando pol\u00edticas p\u00fablicas voltadas para a melhoria de vida dessa popula\u00e7\u00e3o e, portanto, a desigualdade e a discrimina\u00e7\u00e3o racial continuar\u00e3o presentes nas sociedades.<\/p>\n<p>Deve-se reconhecer que em alguns pa\u00edses latino-americanos houve <strong>esfor\u00e7os para avan\u00e7ar na representa\u00e7\u00e3o pol\u00edtica de pessoas afrodescendentes<\/strong>; no entanto, em muitos casos, eles n\u00e3o s\u00e3o proporcionais ao tamanho da popula\u00e7\u00e3o negra ou n\u00e3o v\u00e3o al\u00e9m do n\u00edvel discursivo.<\/p>\n<p>No <strong>Uruguai<\/strong>, por exemplo, apesar de ser considerada uma das democracias mais avan\u00e7adas da Am\u00e9rica Latina, a inclus\u00e3o de pessoas afrodescendentes em cargos p\u00fablicos permanece limitada. Embora o pa\u00eds tenha aprovado uma lei de cotas h\u00e1 mais de uma d\u00e9cada, a representa\u00e7\u00e3o das mulheres negras no parlamento e nos cargos executivos permanece baixa. Isso reflete os desafios estruturais que as mulheres negras enfrentam no acesso a posi\u00e7\u00f5es de poder.<\/p>\n<p>Na <strong>Col\u00f4mbia<\/strong>, a situa\u00e7\u00e3o \u00e9 semelhante. A centraliza\u00e7\u00e3o do poder e as barreiras estruturais deixaram muitas mulheres negras, especialmente aquelas em regi\u00f5es rurais, fora do sistema pol\u00edtico. A representa\u00e7\u00e3o de mulheres negras em cargos eletivos \u00e9 m\u00ednima, constituindo menos de 1%. Foi somente com a elei\u00e7\u00e3o de Francia M\u00e1rquez que as quest\u00f5es das comunidades negras, e em particular das mulheres negras, come\u00e7aram a ser reconhecidas e abordadas na agenda pol\u00edtica.<\/p>\n<p>Por \u00faltimo, fazemos eco das normas internacionais sobre o direito de todas as pessoas a participarem nos assuntos p\u00fablicos sem discrimina\u00e7\u00e3o. O <strong>Comit\u00ea de Direitos Humanos das Na\u00e7\u00f5es Unidas (CCPR)<\/strong> enfatizou que os Estados devem:<\/p>\n<p>&#8211; Proteger os candidatos pol\u00edticos, especialmente mulheres, afrodescendentes, ind\u00edgenas e pessoas LGBTI+, da viol\u00eancia, ass\u00e9dio e intimida\u00e7\u00e3o. Isso inclui investigar e processar esses casos, garantir que os respons\u00e1veis sejam responsabilizados, como no caso de Marielle Franco, e fornecer recursos adequados \u00e0s v\u00edtimas.<\/p>\n<p>&#8211; Intensificar os esfor\u00e7os para alcan\u00e7ar a participa\u00e7\u00e3o plena e igualit\u00e1ria desses grupos na vida pol\u00edtica e p\u00fablica, especialmente em cargos de tomada de decis\u00e3o.<\/p>\n<p>Enquanto isso, o <strong>Comit\u00ea para a Elimina\u00e7\u00e3o da Discrimina\u00e7\u00e3o Racial (CERD)<\/strong> tamb\u00e9m recomenda que os Estados adotem medidas para combater o analfabetismo e garantir que todos os cidad\u00e3os desfrutem de seus direitos pol\u00edticos, incluindo o direito de serem eleitos para cargos p\u00fablicos.<\/p>\n<p>&nbsp;<\/p>\n","protected":false},"excerpt":{"rendered":"<p>Washington, DC; 31 de agosto de 2024 &#8211; Promover os direitos humanos e as liberdades fundamentais das pessoas afrodescendentes, assim como combater o racismo sist\u00eamico, tamb\u00e9m implica enfrentar a crise [&hellip;]<\/p>\n","protected":false},"author":8,"featured_media":18918,"parent":0,"menu_order":0,"template":"","format":"standard","categories":[],"resources_country":[],"resources_language":[],"resources_audience":[],"resources_format":[],"resources_topic":[1092],"resources_year":[],"class_list":["post-18917","resources","type-resources","status-publish","format-standard","has-post-thumbnail","hentry","resources_topic-afrodescendentes"],"acf":[],"aioseo_notices":[],"_links":{"self":[{"href":"https:\/\/raceandequality.org\/pt-br\/wp-json\/wp\/v2\/resources\/18917","targetHints":{"allow":["GET"]}}],"collection":[{"href":"https:\/\/raceandequality.org\/pt-br\/wp-json\/wp\/v2\/resources"}],"about":[{"href":"https:\/\/raceandequality.org\/pt-br\/wp-json\/wp\/v2\/types\/resources"}],"author":[{"embeddable":true,"href":"https:\/\/raceandequality.org\/pt-br\/wp-json\/wp\/v2\/users\/8"}],"wp:featuredmedia":[{"embeddable":true,"href":"https:\/\/raceandequality.org\/pt-br\/wp-json\/wp\/v2\/media\/18918"}],"wp:attachment":[{"href":"https:\/\/raceandequality.org\/pt-br\/wp-json\/wp\/v2\/media?parent=18917"}],"wp:term":[{"taxonomy":"category","embeddable":true,"href":"https:\/\/raceandequality.org\/pt-br\/wp-json\/wp\/v2\/categories?post=18917"},{"taxonomy":"resources_country","embeddable":true,"href":"https:\/\/raceandequality.org\/pt-br\/wp-json\/wp\/v2\/resources_country?post=18917"},{"taxonomy":"resources_language","embeddable":true,"href":"https:\/\/raceandequality.org\/pt-br\/wp-json\/wp\/v2\/resources_language?post=18917"},{"taxonomy":"resources_audience","embeddable":true,"href":"https:\/\/raceandequality.org\/pt-br\/wp-json\/wp\/v2\/resources_audience?post=18917"},{"taxonomy":"resources_format","embeddable":true,"href":"https:\/\/raceandequality.org\/pt-br\/wp-json\/wp\/v2\/resources_format?post=18917"},{"taxonomy":"resources_topic","embeddable":true,"href":"https:\/\/raceandequality.org\/pt-br\/wp-json\/wp\/v2\/resources_topic?post=18917"},{"taxonomy":"resources_year","embeddable":true,"href":"https:\/\/raceandequality.org\/pt-br\/wp-json\/wp\/v2\/resources_year?post=18917"}],"curies":[{"name":"wp","href":"https:\/\/api.w.org\/{rel}","templated":true}]}}

Representação política das pessoas afrodescendentes, um passo fundamental na luta contra o racismo sistêmico

<p><strong>Washington, DC; 31 de agosto de 2024 </strong>&#8211; Promover os direitos humanos e as liberdades fundamentais das pessoas afrodescendentes, assim como combater o <a href="https://raceandequality.org/pt-br/resources/o-combate-ao-racismo-e-a-discriminacao-racial-uma-tarefa-permanente-e-em-crescimento-de-raca-e-igualdade/"><strong>racismo sistêmico</strong></a>, também implica enfrentar a crise de representação política e trabalhar por uma democracia mais inclusiva. Sob essa premissa, o Instituto sobre Raça, Igualdade e Direitos Humanos (Raça e Igualdade) comemora este <strong>Dia Internacional das Pessoas Afrodescendentes</strong>, exaltando seu direito à participação política, especialmente das mulheres afrodescendentes. Para isso, neste artigo, vamos visibilizar as recomendações de ativistas do Brasil, Chile, Colômbia e Honduras.</p>
<p>O Dia Internacional das Pessoas Afrodescendentes se propõe a celebrar as contribuições da diáspora africana, em nível global, e na erradicação de todas as formas de discriminação contra as pessoas afrodescendentes. Esta efeméride foi declarada por meio da <a href="https://raceandequality.org/resources/international-day-for-the-elimination-of-racial-discrimination-the-new-international-standards-on-the-rights-of-people-of-african-descent-and-racial-justice-and-the-inter-american-convention-against/"><strong>Resolução 75/170 das Nações Unidas</strong></a>, em 16 de dezembro de 2020, e promovida pela então Vice-Presidente da Costa Rica, Epsy Campbell Barr, por meio da Missão Permanente da Costa Rica em Nova York.</p>
<p>Defender o direito à participação política das pessoas afrodescendentes não inclui apenas garantir seu acesso aos espaços de poder, mas também combater a <a href="https://raceandequality.org/pt-br/resources/visita-relatora-da-onu-sobre-racismo/"><strong>violência política</strong></a> que atinge as pessoas afrodescendentes, especialmente as mulheres negras e LBT. Por isso, Raça e Igualdade destaca o trabalho de organizações parceiras que lutam por uma democracia mais inclusiva e com maior representatividade da população afrodescendente. A participação política é, afinal, um direito humano inalienável.</p>
<p><strong>Atribuição de cotas</strong></p>
<p><strong>Lins Robalo</strong>, travesti, assistente social e ativista afrodescendente da <strong>Associação Nacional de Travestis e Transexuais (ANTRA)</strong>, no Brasil, expões a importância de os partidos políticos atribuírem cotas para candidaturas de pessoas negras, o que ela acredita que deve andar de mãos dadas com a alocação de recursos para promover suas candidaturas. &#8220;O racismo afeta diretamente a renda das pessoas negras. Com isso, os candidatos negros têm menos dinheiro para concorrer às eleições, o que reforça a desigualdade racial&#8221;, afirma.</p>
<p>&#8220;Para melhorar a representação política das pessoas afrodescendentes, precisamos ter uma democracia paritária e intercultural&#8221;, afirma <strong>Milene Molina Arancibia</strong>, presidente da organização <strong>Coletiva de Mulheres Afrodescendentes de Luanda</strong>, do Chile. Para ela, a atribuição de cotas também deve ser no nível de cargos no Poder Legislativo e em entidades públicas a partir dos quais se possa influenciar para melhorar a vida da população.</p>
<p>Para a proposta de garantir a representação das pessoas afrodescendentes nas candidaturas e nas entidades públicas, <strong>Bicky Bohórquez</strong>, da organização <strong>Somos Identidade</strong>, da Colômbia, acrescenta a responsabilidade da renovação geracional, como forma de dar espaço aos jovens afrodescendentes que nutrem novas ideias tanto em seus coletivos quanto nos espaços onde alcançam representatividade. &#8220;Para que a diversidade que temos como população seja evidente&#8221;, diz.</p>
<p>Por sua vez, <strong>Nedelka Lacayo</strong>, da <strong>Liga das Mulheres Negras de Honduras</strong> (ENMUEH – sigla em espanhol), destaca que, acima de tudo, os Estados devem oferecer garantias de democracia representativa e garantir que as pessoas afrodescendentes exerçam plenamente seus direitos de cidadania, com igualdade de oportunidades.</p>
<p><strong>Muito além de ocupar cargos</strong></p>
<p>O racismo sistêmico se manifesta de múltiplas formas e, no caso da esfera política, a ocupação de cargos públicos por pessoas afrodescendentes não é suficiente para combatê-lo, pois deve ser acompanhado de <strong>processos de descolonização e conscientização</strong> para que as necessidades e demandas dessa população sejam levadas em consideração.</p>
<p>O racismo e os legados do racismo existem na medida em que beneficiam uma parte da população e ajudam a construir o privilégio branco. Em outras palavras, eles permitem que uma parte da população tenha acesso à terra, à educação e contribuem para consolidar as diferenças econômicas e políticas dentro de uma nação.</p>
<p>&#8220;Quando se é uma pessoa negra e trans, todo o conhecimento e histórico de trabalho ainda é visto como de forma inferior se comparado a de uma pessoa branca e cisgênero, com os mesmos conhecimentos – ou com uma formação ainda inferior. Por isso, é necessário sempre oferecer oportunidades de capacitações direcionadas especificamente para pessoas negras e trans, para contribuir com o arsenal teórico dos grupos minoritários&#8221;, afirma a ativista brasileira Lins Robalo.</p>
<p>Para a ativista chilena Milene Molina Arancibia, enquanto as pessoas afrodescendentes não ocuparem espaços de tomada de decisão, continuará faltando políticas públicas voltadas para a melhoria de vida dessa população e, portanto, a desigualdade e a discriminação racial continuarão presentes nas sociedades.</p>
<p>Deve-se reconhecer que em alguns países latino-americanos houve <strong>esforços para avançar na representação política de pessoas afrodescendentes</strong>; no entanto, em muitos casos, eles não são proporcionais ao tamanho da população negra ou não vão além do nível discursivo.</p>
<p>No <strong>Uruguai</strong>, por exemplo, apesar de ser considerada uma das democracias mais avançadas da América Latina, a inclusão de pessoas afrodescendentes em cargos públicos permanece limitada. Embora o país tenha aprovado uma lei de cotas há mais de uma década, a representação das mulheres negras no parlamento e nos cargos executivos permanece baixa. Isso reflete os desafios estruturais que as mulheres negras enfrentam no acesso a posições de poder.</p>
<p>Na <strong>Colômbia</strong>, a situação é semelhante. A centralização do poder e as barreiras estruturais deixaram muitas mulheres negras, especialmente aquelas em regiões rurais, fora do sistema político. A representação de mulheres negras em cargos eletivos é mínima, constituindo menos de 1%. Foi somente com a eleição de Francia Márquez que as questões das comunidades negras, e em particular das mulheres negras, começaram a ser reconhecidas e abordadas na agenda política.</p>
<p>Por último, fazemos eco das normas internacionais sobre o direito de todas as pessoas a participarem nos assuntos públicos sem discriminação. O <strong>Comitê de Direitos Humanos das Nações Unidas (CCPR)</strong> enfatizou que os Estados devem:</p>
<p>&#8211; Proteger os candidatos políticos, especialmente mulheres, afrodescendentes, indígenas e pessoas LGBTI+, da violência, assédio e intimidação. Isso inclui investigar e processar esses casos, garantir que os responsáveis sejam responsabilizados, como no caso de Marielle Franco, e fornecer recursos adequados às vítimas.</p>
<p>&#8211; Intensificar os esforços para alcançar a participação plena e igualitária desses grupos na vida política e pública, especialmente em cargos de tomada de decisão.</p>
<p>Enquanto isso, o <strong>Comitê para a Eliminação da Discriminação Racial (CERD)</strong> também recomenda que os Estados adotem medidas para combater o analfabetismo e garantir que todos os cidadãos desfrutem de seus direitos políticos, incluindo o direito de serem eleitos para cargos públicos.</p>
<p>&nbsp;</p>

<p>Washington, DC; 31 de agosto de 2024 &#8211; Promover os direitos humanos e as liberdades fundamentais das pessoas afrodescendentes, assim como combater o racismo sistêmico, também implica enfrentar a crise [&hellip;]</p>
