{"id":19778,"date":"2025-03-07T20:33:55","date_gmt":"2025-03-07T20:33:55","guid":{"rendered":"https:\/\/raceandequality.org\/?post_type=resources&#038;p=19778"},"modified":"2025-03-08T06:22:21","modified_gmt":"2025-03-08T06:22:21","slug":"csw69-um-espaco-fundamental-para-os-direitos-das-mulheres-na-america-latina-e-no-caribe","status":"publish","type":"resources","link":"https:\/\/raceandequality.org\/pt-br\/resources\/csw69-um-espaco-fundamental-para-os-direitos-das-mulheres-na-america-latina-e-no-caribe\/","title":{"rendered":"CSW69: Um espa\u00e7o fundamental para os direitos das mulheres na Am\u00e9rica Latina e no Caribe"},"content":{"rendered":"<p><strong>Washington, D.C., 7 de mar\u00e7o de 2025<\/strong> &#8211; Em 2025, o mundo comemora o 30\u00ba anivers\u00e1rio da Quarta Confer\u00eancia Mundial sobre a Mulher e a ado\u00e7\u00e3o da <strong>Plataforma de A\u00e7\u00e3o de Pequim<\/strong>, um marco fundamental na luta pela igualdade de g\u00eanero. Nesse contexto, a 69\u00aa sess\u00e3o da Comiss\u00e3o da ONU sobre a Situa\u00e7\u00e3o da Mulher (<strong>CSW69<\/strong>) das Na\u00e7\u00f5es Unidas, a ser realizada de 10 a 21 de mar\u00e7o em Nova York, representa uma oportunidade crucial para avaliar o progresso, identificar os desafios persistentes e renovar os compromissos para a plena realiza\u00e7\u00e3o dos direitos das mulheres.<\/p>\n<p>No marco deste <a href=\"https:\/\/raceandequality.org\/pt-br\/resources\/8m-a-forca-antirracista-na-luta-pelos-direitos-de-todas-as-mulheres\/\"><strong>8 de mar\u00e7o, Dia Internacional da Mulher<\/strong><\/a>, o Instituto Ra\u00e7a, Igualdade e Direitos Humanos (Ra\u00e7a e Igualdade) reconhece a import\u00e2ncia desse espa\u00e7o para promover avan\u00e7os na promo\u00e7\u00e3o, prote\u00e7\u00e3o e garantia dos direitos das mulheres, especialmente das mulheres afrodescendentes, ind\u00edgenas e LBT (l\u00e9sbicas, bissexuais e trans), que continuam sendo marginalizadas nos espa\u00e7os de tomada de decis\u00e3o e enfrentam formas espec\u00edficas de viol\u00eancia que as invisibilizam ainda mais e limitam seu acesso aos direitos fundamentais.<\/p>\n<p>Nesse cen\u00e1rio, a participa\u00e7\u00e3o da sociedade civil \u00e9 fundamental para <strong>garantir que as vozes das mulheres da regi\u00e3o sejam ouvidas e levadas em conta<\/strong> na agenda global. Como Ra\u00e7a e Igualdade, reafirmamos nosso compromisso com a promo\u00e7\u00e3o e a defesa dos direitos das mulheres na Am\u00e9rica Latina e no Caribe, e \u00e9 por isso que acompanharemos a participa\u00e7\u00e3o na CSW69 de representantes do Enlace Continental de Mujeres Ind\u00edgenas de las Am\u00e9ricas (ECMIA).<\/p>\n<p>Este \u00e9 o segundo ano consecutivo em que estamos acompanhando a <a href=\"https:\/\/www.instagram.com\/p\/C4gVw7qpRCR\/\"><strong>participa\u00e7\u00e3o da ECMIA<\/strong><\/a>. Em 2024, na 68\u00aa sess\u00e3o da Comiss\u00e3o sobre a Situa\u00e7\u00e3o da Mulher (CSW68), estivemos presentes em uma extensa programa\u00e7\u00e3o de atividades oficiais e eventos paralelos. Naquela ocasi\u00e3o, as discuss\u00f5es se concentraram na economia e no impacto da pobreza na vida das mulheres ind\u00edgenas, abordadas a partir de uma perspectiva intergeracional, intercultural, de igualdade de g\u00eanero e de direitos individuais e coletivos.<\/p>\n<p><strong>Um panorama desafiador<\/strong><\/p>\n<p>Na Am\u00e9rica Latina e no Caribe, a lacuna entre os compromissos internacionais e a realidade continua profunda. Apesar dos avan\u00e7os normativos, as mulheres &#8211; especialmente aquelas que enfrentam m\u00faltiplas formas de discrimina\u00e7\u00e3o, como as <strong>afrodescendentes, ind\u00edgenas, LBT e defensoras dos direitos humanos<\/strong> &#8211; continuam sofrendo altos n\u00edveis de viol\u00eancia, desigualdade econ\u00f4mica e restri\u00e7\u00f5es \u00e0 sua participa\u00e7\u00e3o pol\u00edtica. A regi\u00e3o tamb\u00e9m continua sendo <a href=\"https:\/\/www.oas.org\/pt\/cidh\/jsForm\/?File=\/pt\/cidh\/prensa\/notas\/2024\/045.asp\"><strong>uma das mais perigosas para as mulheres defensoras dos direitos humanos<\/strong><\/a>, com assassinatos, criminaliza\u00e7\u00e3o e persegui\u00e7\u00e3o em resposta ao seu ativismo.<\/p>\n<p>Esses desafios s\u00e3o intensificados pelo <strong>avan\u00e7o de grupos contr\u00e1rios aos direitos humanos<\/strong> que buscam reverter os ganhos obtidos no \u00e2mbito da igualdade de g\u00eanero. De campanhas de desinforma\u00e7\u00e3o a reformas legais regressivas, esses grupos promovem narrativas que deslegitimam a luta feminista e amea\u00e7am os direitos fundamentais. A crescente influ\u00eancia desses grupos nos espa\u00e7os pol\u00edticos e midi\u00e1ticos representa um s\u00e9rio obst\u00e1culo \u00e0 constru\u00e7\u00e3o de sociedades mais justas e equitativas.<\/p>\n<p>Os Estados precisam urgentemente fortalecer seus compromissos com a Plataforma de A\u00e7\u00e3o de Pequim e a <strong>Agenda 2030<\/strong>, adotando pol\u00edticas eficazes que abordem as desigualdades estruturais e garantam ambientes seguros para todas as mulheres. A CSW69 n\u00e3o deve ser apenas um espa\u00e7o de avalia\u00e7\u00e3o, mas deve tamb\u00e9m ser um ponto de inflex\u00e3o para mudan\u00e7as concretas.<\/p>\n<p>Em um momento de retrocessos nos direitos humanos em v\u00e1rios pa\u00edses da regi\u00e3o, levantamos nossas vozes para exigir <strong>que a igualdade de g\u00eanero seja uma prioridade real e n\u00e3o apenas um compromisso no papel<\/strong>. A luta pelos direitos das mulheres na Am\u00e9rica Latina e no Caribe n\u00e3o pode esperar.<\/p>\n","protected":false},"excerpt":{"rendered":"<p>Washington, D.C., 7 de mar\u00e7o de 2025 &#8211; Em 2025, o mundo comemora o 30\u00ba anivers\u00e1rio da Quarta Confer\u00eancia Mundial sobre a Mulher e a ado\u00e7\u00e3o da Plataforma de A\u00e7\u00e3o [&hellip;]<\/p>\n","protected":false},"author":8,"featured_media":19779,"parent":0,"menu_order":0,"template":"","format":"standard","categories":[],"resources_country":[],"resources_language":[],"resources_audience":[],"resources_format":[],"resources_topic":[1120,1110],"resources_year":[],"class_list":["post-19778","resources","type-resources","status-publish","format-standard","has-post-thumbnail","hentry","resources_topic-mulheres","resources_topic-raca-e-igualdade"],"acf":[],"aioseo_notices":[],"_links":{"self":[{"href":"https:\/\/raceandequality.org\/pt-br\/wp-json\/wp\/v2\/resources\/19778","targetHints":{"allow":["GET"]}}],"collection":[{"href":"https:\/\/raceandequality.org\/pt-br\/wp-json\/wp\/v2\/resources"}],"about":[{"href":"https:\/\/raceandequality.org\/pt-br\/wp-json\/wp\/v2\/types\/resources"}],"author":[{"embeddable":true,"href":"https:\/\/raceandequality.org\/pt-br\/wp-json\/wp\/v2\/users\/8"}],"wp:featuredmedia":[{"embeddable":true,"href":"https:\/\/raceandequality.org\/pt-br\/wp-json\/wp\/v2\/media\/19779"}],"wp:attachment":[{"href":"https:\/\/raceandequality.org\/pt-br\/wp-json\/wp\/v2\/media?parent=19778"}],"wp:term":[{"taxonomy":"category","embeddable":true,"href":"https:\/\/raceandequality.org\/pt-br\/wp-json\/wp\/v2\/categories?post=19778"},{"taxonomy":"resources_country","embeddable":true,"href":"https:\/\/raceandequality.org\/pt-br\/wp-json\/wp\/v2\/resources_country?post=19778"},{"taxonomy":"resources_language","embeddable":true,"href":"https:\/\/raceandequality.org\/pt-br\/wp-json\/wp\/v2\/resources_language?post=19778"},{"taxonomy":"resources_audience","embeddable":true,"href":"https:\/\/raceandequality.org\/pt-br\/wp-json\/wp\/v2\/resources_audience?post=19778"},{"taxonomy":"resources_format","embeddable":true,"href":"https:\/\/raceandequality.org\/pt-br\/wp-json\/wp\/v2\/resources_format?post=19778"},{"taxonomy":"resources_topic","embeddable":true,"href":"https:\/\/raceandequality.org\/pt-br\/wp-json\/wp\/v2\/resources_topic?post=19778"},{"taxonomy":"resources_year","embeddable":true,"href":"https:\/\/raceandequality.org\/pt-br\/wp-json\/wp\/v2\/resources_year?post=19778"}],"curies":[{"name":"wp","href":"https:\/\/api.w.org\/{rel}","templated":true}]}}

CSW69: Um espaço fundamental para os direitos das mulheres na América Latina e no Caribe

<p><strong>Washington, D.C., 7 de março de 2025</strong> &#8211; Em 2025, o mundo comemora o 30º aniversário da Quarta Conferência Mundial sobre a Mulher e a adoção da <strong>Plataforma de Ação de Pequim</strong>, um marco fundamental na luta pela igualdade de gênero. Nesse contexto, a 69ª sessão da Comissão da ONU sobre a Situação da Mulher (<strong>CSW69</strong>) das Nações Unidas, a ser realizada de 10 a 21 de março em Nova York, representa uma oportunidade crucial para avaliar o progresso, identificar os desafios persistentes e renovar os compromissos para a plena realização dos direitos das mulheres.</p>
<p>No marco deste <a href="https://raceandequality.org/pt-br/resources/8m-a-forca-antirracista-na-luta-pelos-direitos-de-todas-as-mulheres/"><strong>8 de março, Dia Internacional da Mulher</strong></a>, o Instituto Raça, Igualdade e Direitos Humanos (Raça e Igualdade) reconhece a importância desse espaço para promover avanços na promoção, proteção e garantia dos direitos das mulheres, especialmente das mulheres afrodescendentes, indígenas e LBT (lésbicas, bissexuais e trans), que continuam sendo marginalizadas nos espaços de tomada de decisão e enfrentam formas específicas de violência que as invisibilizam ainda mais e limitam seu acesso aos direitos fundamentais.</p>
<p>Nesse cenário, a participação da sociedade civil é fundamental para <strong>garantir que as vozes das mulheres da região sejam ouvidas e levadas em conta</strong> na agenda global. Como Raça e Igualdade, reafirmamos nosso compromisso com a promoção e a defesa dos direitos das mulheres na América Latina e no Caribe, e é por isso que acompanharemos a participação na CSW69 de representantes do Enlace Continental de Mujeres Indígenas de las Américas (ECMIA).</p>
<p>Este é o segundo ano consecutivo em que estamos acompanhando a <a href="https://www.instagram.com/p/C4gVw7qpRCR/"><strong>participação da ECMIA</strong></a>. Em 2024, na 68ª sessão da Comissão sobre a Situação da Mulher (CSW68), estivemos presentes em uma extensa programação de atividades oficiais e eventos paralelos. Naquela ocasião, as discussões se concentraram na economia e no impacto da pobreza na vida das mulheres indígenas, abordadas a partir de uma perspectiva intergeracional, intercultural, de igualdade de gênero e de direitos individuais e coletivos.</p>
<p><strong>Um panorama desafiador</strong></p>
<p>Na América Latina e no Caribe, a lacuna entre os compromissos internacionais e a realidade continua profunda. Apesar dos avanços normativos, as mulheres &#8211; especialmente aquelas que enfrentam múltiplas formas de discriminação, como as <strong>afrodescendentes, indígenas, LBT e defensoras dos direitos humanos</strong> &#8211; continuam sofrendo altos níveis de violência, desigualdade econômica e restrições à sua participação política. A região também continua sendo <a href="https://www.oas.org/pt/cidh/jsForm/?File=/pt/cidh/prensa/notas/2024/045.asp"><strong>uma das mais perigosas para as mulheres defensoras dos direitos humanos</strong></a>, com assassinatos, criminalização e perseguição em resposta ao seu ativismo.</p>
<p>Esses desafios são intensificados pelo <strong>avanço de grupos contrários aos direitos humanos</strong> que buscam reverter os ganhos obtidos no âmbito da igualdade de gênero. De campanhas de desinformação a reformas legais regressivas, esses grupos promovem narrativas que deslegitimam a luta feminista e ameaçam os direitos fundamentais. A crescente influência desses grupos nos espaços políticos e midiáticos representa um sério obstáculo à construção de sociedades mais justas e equitativas.</p>
<p>Os Estados precisam urgentemente fortalecer seus compromissos com a Plataforma de Ação de Pequim e a <strong>Agenda 2030</strong>, adotando políticas eficazes que abordem as desigualdades estruturais e garantam ambientes seguros para todas as mulheres. A CSW69 não deve ser apenas um espaço de avaliação, mas deve também ser um ponto de inflexão para mudanças concretas.</p>
<p>Em um momento de retrocessos nos direitos humanos em vários países da região, levantamos nossas vozes para exigir <strong>que a igualdade de gênero seja uma prioridade real e não apenas um compromisso no papel</strong>. A luta pelos direitos das mulheres na América Latina e no Caribe não pode esperar.</p>

<p>Washington, D.C., 7 de março de 2025 &#8211; Em 2025, o mundo comemora o 30º aniversário da Quarta Conferência Mundial sobre a Mulher e a adoção da Plataforma de Ação [&hellip;]</p>
